NOAA style reports

NOAA-Style Climate Reports for Bentonville Arkansas (nwarwx.com)


Report for 2018 10
                  MONTHLY CLIMATOLOGICAL SUMMARY FOR 10/2018
                                        HEAT  COOL        
     MEAN                               DEG   DEG       WIND SPEED       DOM MEAN  MEAN
DAY  TEMP  HIGH   TIME     LOW   TIME   DAYS  DAYS RAIN AVG  HI  TIME    DIR BAROM HUM
---------------------------------------------------------------------------------------
1    71.2  82.6   4:16pm  62.4   6:11am    0    6  0.00   2  17   4:20pm ENE 30.14   86
2    74.1  85.6   4:05pm  65.1   5:17am    0    9  0.00   3  20   2:45pm SSW 30.09   82
3    76.7  86.7   3:19pm  69.3   5:40am    0   12  0.00   6  26  12:27pm   S 29.94   79
4    77.9  87.6   2:19pm  72.1   1:59am    0   13  0.01   4  19   1:10pm SSW 29.97   80
5    77.4  87.8   2:49pm  68.5   6:58am    0   12  0.00   4  21  11:39am   S 29.93   79
6    75.7  85.7   3:00pm  68.2  11:55pm    0   11  0.10   3  17   9:57am SSW 29.93   82
7    73.2  81.9   1:23pm  66.1   1:24am    0    8  0.12   2  17   1:27pm   E 29.96   87
8    75.7  84.8   3:26pm  70.2   6:53am    0   11  0.00   3  24  11:14am   S 29.91   76
9    70.0  77.8   2:07pm  61.9  11:54pm    0    5  0.29   3  24   2:23pm   E 29.78   87
10   58.0  63.6   5:33am  48.1  11:49pm    7    0  0.02   4  22  12:27pm   W 29.87   87
11   50.7  63.1   3:04pm  40.6   7:14am   14    0  0.00   2  14  12:30pm   N 30.14   76
12   51.8  55.9   7:46pm  47.8  11:26pm   13    0  0.14   2  15  11:32am ENE 30.02   90
13   51.5  55.4   2:42pm  47.4   3:49am   13    0  0.30   1  12   9:48pm  NE 29.95   94
14   56.7  65.6   2:30pm  46.4  11:59pm    8    0  0.16   1  15  10:12pm ENE 29.93   92
15   40.0  46.4  12:00am  36.0   8:18am   25    0  0.01   3  17   4:40am  NE 30.32   88
16   44.8  57.4   3:04pm  37.7   6:26am   20    0  0.00   1   9   3:07pm  NE 30.35   80
17   51.3  69.8   1:57pm  35.4   7:31am   14    0  0.00   2  16  11:45am   W 30.43   75
18   54.2  63.6   2:42pm  48.4   4:29am   11    0  0.00   1  13   2:34pm  NE 30.45   69
19   50.0  51.7   4:38am  48.0   3:00am    4    0  0.21   0  13   6:24am ENE 30.29   87
---------------------------------------------------------------------------------------
TOT  62.6  87.8  10/5/18  35.4 10/17/18  131   88  1.36   2  26  10/3/18  NE 30.07   83

HEAT BASE: 65.0
COOL BASE: 65.0