NOAA style reports

NOAA-Style Climate Reports for Bentonville Arkansas (nwarwx.com)


Report for 2004 Aug
                  MONTHLY CLIMATOLOGICAL SUMMARY FOR 8/2004
                                        HEAT  COOL        
     MEAN                               DEG   DEG       WIND SPEED       DOM MEAN  MEAN
DAY  TEMP  HIGH   TIME     LOW   TIME   DAYS  DAYS RAIN AVG  HI  TIME    DIR BAROM HUM
---------------------------------------------------------------------------------------
1    79.8  88.0   4:26pm  67.1   3:12am    0   15  0.00   3  11  11:03am WSW 30.07   74
2    81.1  91.0   3:07pm  68.2   6:27am    0   16  0.00   4  13  10:55am WSW 30.01   74
3    82.1  92.4   3:46pm  70.2   4:07am    0   17  0.00   4  13  11:07am  SW 29.94   74
4    81.3  89.9   3:50pm  74.3   6:31am    0   16  0.00   6  19   2:34pm WSW 29.87   75
5    76.1  85.1   3:21pm  65.7  11:54pm    0   11  0.00   5  17  11:05am  NE 30.01   67
6    69.5  82.8   3:43pm  57.0   6:50am    1    6  0.00   4  13   1:06pm ENE 30.09   58
7    70.0  82.3   2:03pm  56.8   6:14am    2    7  0.00   3  10   8:46am   E 30.03   64
8    71.4  81.1   4:11pm  59.9   4:29am    1    7  0.00   2  10   2:17pm  NE 30.07   66
9    74.8  86.0   4:34pm  59.7   6:31am    1   11  0.00   2  11  12:03pm  NW 30.10   68
10   76.8  86.9   4:56pm  63.7   6:25am    0   12  0.00   2  13   5:56pm  NE 30.05   71
11   65.4  73.6   4:44pm  56.5  11:22pm    2    2  1.46   3  29   5:24am  NE 30.04   83
12   63.3  73.5   5:02pm  51.3   5:04am    5    3  0.00   3  15  11:17am NNE 30.09   69
13   63.3  77.5   3:01pm  49.1   6:16am    5    4  0.00   1  17   1:00pm WNW 30.16   72
14   65.0  79.2   4:02pm  55.9   2:10am    3    3  0.00   3  17   3:01pm WNW 30.20   75
15   66.5  78.4   4:51pm  55.9   2:51am    3    5  0.00   2   9  11:00am  NE 30.26   71
16   70.3  82.4   4:39pm  58.1   2:06am    2    7  0.00   3  16  11:02am SSW 30.20   72
17   76.2  87.6   3:42pm  65.8   6:18am    0   11  0.00   6  21  10:00am  SW 30.09   66
18   76.9  88.9   2:38pm  64.2   5:44am    0   12  0.00   5  17   2:09pm  SW 30.00   65
19    0.0  85.8  11:19am  66.0   5:32am    0    0  0.39   0  14  11:01am ---  0.00    0
20   69.8  75.4   3:16pm  66.9  11:57pm    0    5  0.20   5  14   4:56am WNW 29.99   92
21   72.2  82.2   4:09pm  64.9   1:30am    0    7  0.00   2   9  12:16pm   E 30.05   82
22   75.9  86.5   3:23pm  65.8   6:35am    0   11  0.00   3  15  11:54am SSW 29.97   79
23   78.3  88.3   4:38pm  70.0   2:56am    0   13  0.00   5  18  10:14am SSW 29.92   78
24   80.1  90.0   4:19pm  70.9   4:31am    0   15  0.00   6  21   1:58pm SSW 29.90   77
25   81.3  88.2  12:50pm  74.5   4:26am    0   16  0.00   7  24  11:03am SSW 29.91   75
26   83.9  92.5   3:14pm  76.8   6:36am    0   19  0.00   8  21  12:30pm SSW 29.92   68
27   83.3  92.3   3:09pm  75.2   6:38am    0   18  0.00   6  20   9:41am SSW 29.98   63
28   74.6  80.1   1:41pm  64.8  11:49pm    0   10  0.07   4  17   1:42pm  SW 30.00   83
29   69.3  82.6   2:30pm  58.6  11:55pm    2    6  0.00   2  12   1:28pm NNE 30.06   74
30   68.3  86.0   3:16pm  54.9   5:26am    3    5  0.00   2  11  12:20pm  NE 30.13   76
31   72.4  89.1   4:11pm  59.2   6:58am    1    8  0.00   2  11   5:29pm NNE 30.21   72
---------------------------------------------------------------------------------------
TOT  74.0  92.5  8/26/04  49.1  8/13/04   31  297  2.12   4  29  8/11/04  SW 30.04   73

HEAT BASE: 65.0
COOL BASE: 65.0