NOAA style reports

NOAA-Style Climate Reports for Bentonville Arkansas (nwarwx.com)


Report for 2004 Sep
                  MONTHLY CLIMATOLOGICAL SUMMARY FOR 9/2004
                                        HEAT  COOL        
     MEAN                               DEG   DEG       WIND SPEED       DOM MEAN  MEAN
DAY  TEMP  HIGH   TIME     LOW   TIME   DAYS  DAYS RAIN AVG  HI  TIME    DIR BAROM HUM
---------------------------------------------------------------------------------------
1    72.7  86.7   4:23pm  60.4   6:39am    1    8  0.00   2  13   4:57pm ESE 30.20   68
2    71.5  84.6   1:15pm  59.4   5:01am    1    8  0.00   2  10  11:44am   E 30.09   68
3    74.8  87.6   3:47pm  61.5   7:07am    0   10  0.00   3  15   3:10pm  SE 30.04   66
4    77.6  88.7   1:09pm  66.9   6:12am    0   13  0.00   3  11   3:03pm  SE 30.06   70
5    76.1  86.4   4:30pm  70.5   6:52am    0   11  0.23   4  15   5:59pm  SE 29.97   81
6    70.1  81.0   3:58pm  58.5  11:59pm    0    5  0.73   4  27   2:33am NNE 30.01   74
7    65.8  79.7   3:16pm  54.7   6:55am    3    4  0.00   6  23   1:51pm NNE 30.10   66
8    62.9  79.3   3:54pm  49.1   6:41am    6    4  0.00   3  15   3:08pm NNE 30.09   69
9    65.7  84.2   3:49pm  48.9   6:57am    5    6  0.00   1  11  12:58pm  NE 30.13   68
10   69.5  86.4   2:47pm  55.0   4:45am    3    7  0.00   2   9   2:08pm   E 30.16   66
11   70.5  87.4   3:08pm  56.5   5:47am    2    8  0.00   2  11  11:53am WSW 30.13   68
12   73.0  89.1   4:02pm  57.6   7:22am    2    9  0.00   1  11   1:30pm  SE 30.08   66
13   75.7  88.2   2:19pm  61.5   5:44am    0   11  0.00   3  15   2:38pm   S 30.00   60
14   78.7  89.2   2:51pm  70.3   6:51am    0   14  0.00   5  19   6:42pm  SE 29.93   68
15   77.7  87.1   4:02pm  70.0  11:57pm    0   13  0.00   5  17   9:43am SSE 29.91   71
16   75.6  87.4   2:53pm  65.1  11:54pm    0   11  0.00   3  13   9:02am NNE 29.96   74
17   74.2  91.6   3:43pm  58.3   5:18am    1   11  0.00   2   9   9:23am  NE 30.01   63
18   76.9  91.4  12:05pm  66.4   6:41am    0   13  0.00   3  17   1:33pm   E 30.09   52
19   75.5  90.0   3:20pm  61.2   5:27am    0    9  0.00   3  15   3:35pm   E 30.15   45
---------------------------------------------------------------------------------------
TOT  72.9  91.6  9/17/04  48.9   9/9/04   26  173  0.96   3  27   9/6/04  SE 30.06   67

HEAT BASE: 65.0
COOL BASE: 65.0