NOAA style reports

NOAA-Style Climate Reports for Bentonville Arkansas (nwarwx.com)


Report for 2004 Oct
                  MONTHLY CLIMATOLOGICAL SUMMARY FOR 10/2004
                                        HEAT  COOL        
     MEAN                               DEG   DEG       WIND SPEED       DOM MEAN  MEAN
DAY  TEMP  HIGH   TIME     LOW   TIME   DAYS  DAYS RAIN AVG  HI  TIME    DIR BAROM HUM
---------------------------------------------------------------------------------------
1    67.8  76.1   4:29pm  61.2  11:58am    0    3  0.07   6  20   2:58pm  SW 30.01   69
2    59.4  72.7   3:15pm  47.5  11:10pm    7    1  0.00   5  15  12:42am NNE 30.28   57
3    61.0  79.9   3:08pm  43.5   6:04am    8    4  0.00   3  17  11:46am  SW 30.22   59
4    55.8  71.8  10:29am  52.0   5:25am    4    0  0.00   1   8  10:13am  NE 30.20   95
5    64.2  79.5   4:43pm  51.6   6:45am    4    3  0.00   4  14   2:28am ENE 30.29   38
6    66.7  81.5   3:02pm  52.2   4:24am    4    5  0.00   5  15   1:20pm   E 30.23   39
7    68.5  73.0  10:57am  65.5   8:03am    0    4  0.18   3  17   7:13pm SSE 30.15   78
8    68.2  77.9   2:33pm  62.6  11:53pm    0    3  0.31   3  12   5:32pm ENE 30.09   88
9    64.9  69.4   3:23pm  61.9  12:42am    1    1  0.00   4  13   9:38am ENE 30.09   82
10   62.2  63.7   3:23pm  60.3   3:33am    3    0  0.09   6  18  11:27pm  NE 29.99   93
11   57.1  61.0  12:00am  54.0  11:47pm    8    0  0.20   5  17   2:49am  NE 29.89   97
12   52.3  54.1  12:01am  51.1   5:16am   12    0  0.00   7  17   2:03pm WNW 29.88   98
13   58.9  70.0   4:13pm  50.5  12:26am    7    1  0.00   5  17   3:14pm WNW 29.86   64
14   47.9  56.7  12:00am  38.5  11:21pm   17    0  0.28   6  28   4:00pm WNW 29.83   69
15   51.3  69.4   3:40pm  35.4  12:08am   14    0  0.00   5  21   6:28pm  SW 29.79   65
16   51.9  65.1   4:43pm  43.3  11:30pm   13    0  0.00   2  14  11:56am NNE 29.97   62
17   58.8  75.4   3:05pm  41.4   4:55am    8    2  0.00   4  16   1:41pm  SE 29.86   68
18   74.2  86.5   3:02pm  56.8  11:58pm    0    9  0.00   9  27   1:06pm  SW 29.63   61
19   59.6  71.4   2:40pm  52.9   2:59am    6    1  0.00   4  15   3:28pm  NE 29.82   88
20   61.6  73.2   4:07pm  57.6   6:12am    5    1  0.00   4  10   2:45pm ENE 29.95   89
21   68.5  75.7   1:53pm  58.3   1:52am    1    4  0.00   4  15   3:41pm  SE 29.95   89
22   71.1  77.9   2:00pm  66.7   4:24am    0    6  0.33   5  21   1:02pm SSE 29.88   88
23   65.9  76.5   3:22pm  49.6  11:42pm    2    3  0.12   7  26   2:43pm  SW 29.84   72
24   66.1  72.9  10:59am  57.9   5:08am    0    1  0.00   2  10   9:55am SSW 29.96   80
25   69.6  76.6   3:48pm  57.9   5:08am    0    3  0.00   2  10   9:55am SSW 29.97   83
26   70.2  77.4   1:52pm  66.9   1:47am    0    5  0.91   4  23  12:15pm  SW 30.00   90
27   69.6  78.3   2:44pm  63.5   7:55am    0    5  0.06   2  12  12:14pm SSW 30.11   91
28   71.6  77.5   5:13pm  66.9   6:13am    0    7  0.94   5  18   1:19pm SSW 30.07   87
29   70.4  73.9  10:16am  64.0  10:26pm    0    5  0.13   8  28   9:28pm SSW 29.88   84
30   58.8  71.2   4:21pm  45.1   7:38am    7    1  0.00   3  14   1:29pm WSW 29.94   63
31   59.5  65.5  11:57pm  50.0  12:21am    5    0  1.79   3  11   3:56pm ESE 29.91   93
---------------------------------------------------------------------------------------
TOT  64.3  86.5  10/18/04 35.4  10/15/04  137  79  4.97   4  28 10/29/04  SW 30.06   77

HEAT BASE: 65.0
COOL BASE: 65.0