NOAA style reports

NOAA-Style Climate Reports for Bentonville Arkansas (nwarwx.com)


Report for 2004 Dec
                  MONTHLY CLIMATOLOGICAL SUMMARY FOR 12/2004
                                        HEAT  COOL        
     MEAN                               DEG   DEG       WIND SPEED       DOM MEAN  MEAN
DAY  TEMP  HIGH   TIME     LOW   TIME   DAYS  DAYS RAIN AVG  HI  TIME    DIR BAROM HUM
---------------------------------------------------------------------------------------
1    35.3  50.4   3:26pm  24.3   7:23am   30    0  0.00   2  13  12:17pm  SW 30.24   70
2    37.5  51.1   1:46pm  26.4  11:43pm   28    0  0.00   4  16  10:16am WNW 30.19   66
3    36.1  52.3   2:36pm  23.2   6:43am   29    0  0.00   3  16   2:03pm  SW 30.13   65
4    40.4  60.4   2:35pm  25.5   2:14am   24    0  0.00   3  13   2:49pm  SW 30.06   60
5    46.7  55.9  11:06pm  34.0   1:58am   18    0  0.55   6  17   6:56pm ESE 29.89   88
6    55.7  61.5   3:29pm  50.2   6:37am    9    0  0.79   5  28   7:02pm SSW 29.77   95
7    46.4  56.1   2:14pm  34.3   9:32pm   19    0  0.16   7  31   1:44am WNW 29.93   75
8    47.0  57.2  12:35pm  34.0  12:27am   18    0  0.00   5  20  12:41pm SSE 29.98   60
9    49.5  59.7   2:54pm  39.7   5:09am   15    0  0.00   4  13  10:24pm WSW 29.77   72
10   42.1  47.3  12:00am  38.1  11:53pm   23    0  0.00   8  24  12:54pm WNW 29.98   61
11   40.3  49.3   3:23pm  33.1   7:00am   25    0  0.00   5  19  12:00am WNW 30.06   63
12   47.8  61.0   2:02pm  37.8   7:49am   17    0  0.00   6  18   6:08pm   N 29.98   48
13   36.1  43.3   1:53pm  25.9  11:58pm   29    0  0.00   7  22   8:45am  NW 30.44   43
14   25.4  37.8   3:41pm  16.2   7:20am   40    0  0.00   3  13  12:00am   N 30.66   46
15   31.2  46.8   1:57pm  16.9   6:23am   34    0  0.00   4  17   1:34pm SSW 30.45   48
16   36.3  50.0   2:31pm  25.0   2:49am   28    0  0.00   3  13  11:43am  SW 30.40   51
17   37.3  54.0   2:35pm  23.5   6:06am   28    0  0.00   2  13   2:31pm  SW 30.33   66
18   42.0  54.3   3:01pm  29.5   7:43am   23    0  0.00   4  21   3:03pm WNW 30.18   59
19   28.4  39.4  12:00am  22.8   7:41am   37    0  0.00   6  19   1:01am   N 30.34   42
20   42.4  58.1   4:11pm  24.4   1:04am   23    0  0.00   8  28  11:33am  SW 29.86   41
21   41.3  51.6  11:45am  32.0  11:48pm   24    0  0.00   6  20  12:57pm  NE 29.99   52
22   22.8  32.0  12:00am  13.3  11:53pm   42    0  0.00   9  25  10:55am NNE 30.19   49
23   16.5  25.7   3:15pm   8.6   7:16am   48    0  0.00   6  17   1:04pm NNE 30.42   47
24   17.5  28.2   3:21pm   7.2   7:01am   48    0  0.00   4  12   3:01pm SSW 30.37   47
25   28.1  42.4   2:39pm  14.5   1:29am   37    0  0.00   5  17  12:27pm  SW 30.14   51
26   36.9  56.7   3:13pm  20.8   5:53am   28    0  0.00   2   8  10:35am   E 30.30   57
27   41.1  54.1   3:09pm  31.8   7:28am   24    0  0.00   5  15   1:30pm SSE 30.45   52
28   48.2  57.9   4:04pm  36.1   3:46am   17    0  0.00   8  32  12:39pm SSW 30.28   58
29   54.5  58.5  11:40am  48.7   7:06am   10    0  0.00   8  17  10:23am SSW 30.23   80
30   61.7  67.1   2:05pm  55.9  12:00am    3    0  0.00  12  33   2:20pm SSW 30.06   75
31   62.9  70.7   2:42pm  58.5   6:23am    3    1  0.00   8  23  12:42pm SSW 30.14   77
---------------------------------------------------------------------------------------
TOT  39.9  70.7 12/31/04   7.2 12/24/04  779    1  1.50   5  33 12/30/04 SSW 30.17   60

HEAT BASE: 65.0
COOL BASE: 65.0