NOAA style reports

NOAA-Style Climate Reports for Bentonville Arkansas (nwarwx.com)


Report for 2005 Feb
                  MONTHLY CLIMATOLOGICAL SUMMARY FOR 2/2005
                                        HEAT  COOL        
     MEAN                               DEG   DEG       WIND SPEED       DOM MEAN  MEAN
DAY  TEMP  HIGH   TIME     LOW   TIME   DAYS  DAYS RAIN AVG  HI  TIME    DIR BAROM HUM
---------------------------------------------------------------------------------------
1    36.1  40.3   1:39pm  33.6   7:56am   29    0  0.00   5  13   4:28pm  NE 30.26   78
2    34.5  36.7   2:56pm  32.9   2:36am   30    0  0.28   4  12  12:27pm NNE 30.24   94
3    38.8  51.8   4:24pm  31.3  11:58pm   26    0  0.00   2  11   5:03pm WNW 30.36   74
4    40.1  57.9   3:11pm  24.8   6:55am   25    0  0.00   2  11  12:18pm SSW 30.34   66
5    46.9  60.3   2:41pm  34.9   3:09am   18    0  0.00   4  16   1:12pm SSE 30.19   57
6    49.2  52.3   7:45pm  44.4   7:05am   16    0  0.39   5  19  12:44pm SSE 30.03   85
7    46.6  56.7  10:49am  34.9  11:54pm   18    0  0.00   5  15  12:45pm WNW 30.04   99
8    38.6  46.9   3:23pm  33.4   7:10am   26    0  0.28   4  14  11:51pm NNE 30.08   93
9    30.4  38.5  12:00am  24.6   9:02am   34    0  0.00   3  16   3:29pm WNW 30.18   81
10   35.4  50.2   3:59pm  22.3   6:43am   30    0  0.00   3  15   2:31pm WSW 30.32   63
11   43.4  61.2   2:37pm  26.6   6:09am   22    0  0.00   3  12  12:18pm  SW 30.26   54
12   45.4  48.7  10:11am  38.1   2:39am   19    0  0.31   4  15  10:50pm SSW 30.00   79
13   57.4  67.1   3:23pm  46.4  11:58pm    8    0  0.04  12  30   9:58am WSW 29.64   71
14   54.6  70.5   3:39pm  36.1   5:46am   11    1  0.00   4  15   4:12pm  SW 29.93   53
15   61.3  74.5   1:52pm  42.8  11:54pm    6    2  0.00   9  30   9:13am   S 29.86   43
16   40.0  45.1  12:24pm  34.3   7:04am   25    0  0.00   6  17   4:36am NNE 30.20   48
17   40.6  50.7   3:29pm  29.8   7:14am   24    0  0.00   3  17   4:06pm WNW 30.28   47
18   42.7  57.6   3:10pm  25.7   4:43am   22    0  0.00   3  18   3:24pm  SW 30.28   55
19   46.5  51.1  11:52pm  42.1   7:29am   19    0  0.00   6  17   9:52pm SSE 30.16   72
20   60.3  72.3   4:47pm  51.1  12:00am    6    1  0.00   9  25  10:17am  SW 29.91   75
21   52.4  63.9   3:29pm  42.6  11:59pm   13    0  0.12   5  37   1:26am  NE 30.00   77
22   46.1  56.3  12:29pm  37.2   7:07am   19    0  0.00   5  16   1:20pm  NE 30.18   84
23   38.6  44.6  12:00am  35.4  10:02pm   26    0  0.75   8  27   4:18am ENE 30.12   92
24   39.1  50.7   3:50pm  32.0  11:34pm   26    0  0.00   4  12   6:44am NNE 30.16   74
25   41.3  57.9   3:34pm  27.3   5:38am   24    0  0.00   3  15  11:11am WSW 30.18   67
26   48.0  61.9   2:24pm  32.0   6:55am   17    0  0.00   3  13  12:11pm  SE 30.12   56
27   46.4  53.1  11:45am  42.6  11:30pm   19    0  0.08   3  16   1:32pm WNW 29.94   70
28   36.2  43.0  12:27am  27.9  11:59pm   29    0  0.00   6  22   2:56pm WNW 29.98   67
---------------------------------------------------------------------------------------
TOT  44.2  74.5  2/15/05  22.3  2/10/05  585    4  2.24   5  27  2/23/05  NE 30.12   71

HEAT BASE: 65.0
COOL BASE: 65.0