NOAA style reports

NOAA-Style Climate Reports for Bentonville Arkansas (nwarwx.com)


Report for 2005 Apr
                  MONTHLY CLIMATOLOGICAL SUMMARY FOR 4/2005
                                        HEAT  COOL        
     MEAN                               DEG   DEG       WIND SPEED       DOM MEAN  MEAN
DAY  TEMP  HIGH   TIME     LOW   TIME   DAYS  DAYS RAIN AVG  HI  TIME    DIR BAROM HUM
---------------------------------------------------------------------------------------
1    49.4  58.5   3:42pm  37.0  11:56pm   15    0  0.67   6  19   2:47pm   N 30.11   67
2    49.2  65.1   3:13pm  31.1   5:33am   16    0  0.00   2  15   1:34pm   W 30.15   46
3    61.7  76.3   4:42pm  41.2   3:02am    6    3  0.00   6  21  12:58pm SSW 30.05   39
4    64.2  73.6   4:00pm  56.8   3:40am    3    2  0.00   8  25  10:01am   S 29.91   48
5    63.5  70.3   1:20pm  54.5  11:46pm    2    1  0.71   9  37  11:21pm   S 29.78   71
6    57.1  63.9   5:09pm  52.9   1:38am    8    0  0.39   5  15  12:00am   E 29.75   83
7    56.6  59.9  11:44am  53.6  11:52pm    8    0  0.00   6  17   1:04pm   N 29.93   91
8    59.8  72.9   4:25pm  45.5   7:03am    7    1  0.00   4  17  12:05am  NE 29.97   60
9    65.8  76.1   4:58pm  55.8   6:57am    3    4  0.00   7  20  11:08am ESE 29.85   60
10   67.3  74.3   2:19pm  61.0  11:58pm    1    3  0.28   7  22  11:14pm  SE 29.80   59
11   61.5  72.9   5:04pm  52.3  11:55pm    4    1  1.10   7  36  12:13am   E 29.75   75
12   52.4  59.0   3:21pm  46.4  11:56pm   12    0  0.00   8  21   9:37am WNW 29.80   66
13   50.0  57.9   6:37pm  41.4   2:12am   15    0  0.00   4  15   5:32am  NW 30.01   78
14   55.4  71.8   5:22pm  38.5   6:36am   11    1  0.00   2  12  12:20pm  NE 30.18   57
15   60.3  75.0   6:18pm  42.4   5:58am    7    3  0.00   2  11   1:15pm   E 30.25   45
16   61.6  75.9   3:37pm  45.3   6:31am    7    3  0.00   2  14   4:40pm  SW 30.31   51
17   64.5  75.6   4:45pm  51.4   2:28am    4    4  0.00   3  15  12:14pm SSW 30.25   55
18   65.6  74.5   3:25pm  57.0   6:21am    2    3  0.00   5  20   3:13pm   S 30.11   56
19   66.0  72.3   4:54pm  59.9   6:24am    1    2  0.00   6  20  11:21am SSE 30.01   61
20   70.9  80.1   3:55pm  63.9   6:24am    0    6  0.00   7  20  10:28am SSW 29.97   64
21   69.2  78.3   5:25pm  61.0   6:19am    1    5  0.28   6  20  10:42pm  SW 29.93   77
22   57.7  66.9  12:00am  48.2   4:31am    7    0  0.00   8  26   9:17am WNW 29.94   60
23   49.4  58.1   4:21pm  39.6  10:28pm   16    0  0.00   6  24  12:00am   N 30.14   46
24   48.2  63.3   5:08pm  30.6   5:45am   17    0  0.00   3  14  12:40pm WNW 30.07   47
25   53.4  63.7   3:25pm  46.4   2:54am   12    0  0.16   4  17   2:53pm  SW 29.78   61
26   50.5  61.0   2:18pm  39.4  11:58pm   14    0  0.00   6  27  12:43pm WNW 29.78   72
27   50.9  64.4   4:32pm  34.2   6:36am   14    0  0.00   3  16   1:22pm WNW 30.03   58
28   62.1  75.2   5:14pm  50.2   4:14am    5    3  0.16   6  17  12:31pm NNE 29.85   67
29   50.7  58.5  11:54am  43.5   9:10pm   14    0  0.08   6  17   5:46pm NNE 29.88   95
30   49.7  62.1   3:36pm  37.9   6:27am   15    0  0.00   4  17   1:45pm   N 30.12   60
---------------------------------------------------------------------------------------
TOT  58.2  80.1  4/20/05  30.6  4/24/05  248   44  3.82   5  37  4/05/05 SSW 29.98   63

HEAT BASE: 65.0
COOL BASE: 65.0