NOAA style reports

NOAA-Style Climate Reports for Bentonville Arkansas (nwarwx.com)


Report for 2005 May
                  MONTHLY CLIMATOLOGICAL SUMMARY FOR 5/2005
                                        HEAT  COOL        
     MEAN                               DEG   DEG       WIND SPEED       DOM MEAN  MEAN
DAY  TEMP  HIGH   TIME     LOW   TIME   DAYS  DAYS RAIN AVG  HI  TIME    DIR BAROM HUM
---------------------------------------------------------------------------------------
1    49.5  61.3   2:49pm  35.4   3:58am   16    0  0.00   3  21   3:26pm WNW 30.23   61
2    48.3  57.0   5:37pm  36.1   6:27am   17    0  0.00   4  17   5:26pm WNW 30.26   53
3    50.0  65.3   4:19pm  33.3   6:48am   15    0  0.00   3  14  12:48pm  SW 30.25   57
4    54.2  69.1   4:28pm  36.9   6:43am   11    1  0.00   3  13   3:35pm WSW 30.28   57
5    59.3  70.2   4:11pm  45.3   4:34am    7    1  0.00   3  15   1:53pm  SW 30.27   61
6    65.2  76.1   4:49pm  53.4   1:02am    3    4  0.00   4  14  10:59am  SW 30.16   57
7    67.9  78.1   4:32pm  54.5   4:23am    2    5  0.00   5  17   1:05pm SSE 30.05   52
8    64.9  68.9  12:00am  61.0  11:13am    1    1  0.20   5  22   2:01pm SSE 29.94   74
9    68.2  78.1   3:49pm  58.8   4:59am    1    5  0.00   5  16  11:12am SSW 29.94   70
10   72.6  85.5   5:05pm  57.6   5:49am    1    9  0.00   4  17   4:17pm SSW 29.95   74
11   77.1  87.4   3:54pm  67.5   4:18am    0   12  0.00   5  19   2:37pm SSW 29.98   56
12   74.5  83.3   3:56pm  63.9   4:01am    0   10  0.00   5  20  12:14pm   S 30.05   54
13   71.6  79.0   3:18pm  64.8  11:59pm    0    7  0.16   4  18   8:29am  SW 30.00   64
14   64.4  73.8   3:59pm  56.7  10:08pm    3    2  0.75   4  19   1:28am WNW 30.04   72
15   55.4  66.4   4:59pm  41.2   6:15am   10    0  0.00   4  16  12:06pm NNE 30.13   58
16   59.3  73.4   4:38pm  42.3   6:14am    8    2  0.00   3  11  12:32pm ESE 30.05   59
17   66.2  77.7   4:44pm  54.1   5:38am    3    4  0.00   5  17  12:12pm  SE 29.94   51
18   71.3  81.9   4:19pm  59.9   5:25am    1    7  0.00   5  17  10:00am SSW 29.89   51
19   74.9  83.1   3:09pm  68.4   4:57am    0   10  0.00   5  17   1:57pm  SW 29.91   69
20   76.0  88.0   3:42pm  63.9  11:34pm    0   11  0.00   4  15   3:37pm  SW 29.94   69
21   73.3  86.2   3:57pm  60.8   6:19am    1    9  0.00   3   9   7:48am  NE 29.97   63
22   75.5  84.7   6:27pm  66.9   5:21am    0   10  0.00   4  18  12:16pm  SW 29.93   67
23   73.9  85.6   5:39pm  62.8   2:30am    0    9  1.61   3  35   7:53am NNE 29.90   78
24   67.1  72.5   9:26am  59.4  11:36pm    1    3  0.35   4  20  11:46am   E 29.90   89
25   68.1  79.0   4:31pm  59.4   1:09am    2    5  0.00   4  13   9:23am  NE 29.98   70
26   62.5  70.5   6:35pm  55.4  10:24pm    3    1  0.00   3  15  10:06am NNE 30.10   74
27   61.6  70.9  11:04am  51.8   6:06am    5    1  0.00   1  11  12:43pm  SW 30.09   78
28   66.5  81.7   4:53pm  50.0   5:54am    4    6  0.00   2   9   1:12pm  SW 30.02   64
29   69.8  79.3   5:18pm  59.0   3:44am    1    6  0.00   4  15   2:19pm ESE 29.92   60
30   68.7  79.7   4:37pm  57.6   2:29am    2    6  0.00   3  15   2:06pm  NE 29.94   70
31   70.7  81.1   4:33pm  57.9   5:21am    2    7  0.00   4  17   4:41pm   E 29.94   68
---------------------------------------------------------------------------------------
TOT  66.1  88.0  5/20/05  33.3   5/3/05  118  152  3.07   4  35  5/23/05  SW 30.03   65

HEAT BASE: 65.0
COOL BASE: 65.0