NOAA style reports

NOAA-Style Climate Reports for Bentonville Arkansas (nwarwx.com)


Report for 2005 Jul
                  MONTHLY CLIMATOLOGICAL SUMMARY FOR 7/2005
                                        HEAT  COOL        
     MEAN                               DEG   DEG       WIND SPEED       DOM MEAN  MEAN
DAY  TEMP  HIGH   TIME     LOW   TIME   DAYS  DAYS RAIN AVG  HI  TIME    DIR BAROM HUM
---------------------------------------------------------------------------------------
1    72.2  83.5   5:28pm  65.5  11:43pm    0    7  0.67   4  23   1:16am NNE 30.00   79
2    74.8  87.1   3:06pm  61.3   4:56am    1   10  0.00   2  11   6:41pm  NE 29.97   68
3    80.1  91.4   4:26pm  67.5   6:09am    0   15  0.00   4  15   2:02pm  SW 29.92   62
4    75.2  83.8   3:17pm  66.0   5:36am    0   10  0.16   4  30   4:27am WNW 30.01   71
5    74.8  85.1   2:00pm  65.1   6:17am    0   10  0.00   3  14   1:54pm  NE 30.09   74
6    75.5  87.1   4:04pm  64.2   6:50am    0   11  0.00   3  14  12:16pm  NE 30.06   69
7    76.6  88.3   3:28pm  64.2   4:07am    0   12  0.00   2  13   1:42pm  NE 30.06   64
8    77.0  90.1   2:40pm  61.7   5:54am    0   12  0.00   2  13   2:31pm  NE 30.08   61
9    78.8  89.2   3:19pm  63.9   6:36am    0   14  0.00   3  13  12:55pm   E 30.07   56
10   78.1  89.6   2:49pm  68.9   4:15am    0   13  0.00   3  14   3:36pm ENE 30.03   68
11   76.9  87.3   4:10pm  68.0   4:42am    0   12  0.00   3  12   1:29pm NNE 29.98   71
12   77.1  89.2   5:30pm  64.8   6:22am    0   12  0.00   3  14   1:25pm WNW 30.06   70
13   78.6  89.8   4:40pm  68.7   5:27am    0   13  0.00   2  13  12:46pm NNE 30.03   68
14   78.2  88.7   5:46pm  66.0   6:34am    0   13  0.04   2  14   1:39pm NNE 29.96   71
15   80.4  91.6   5:35pm  70.2   4:40am    0   15  0.00   4  16   3:15pm  NE 29.99   67
16   79.4  94.3   4:25pm  67.3   6:30am    0   14  0.00   2  17   5:17pm SSW 30.03   69
17   79.7  89.4   5:00pm  71.4   6:19am    0   15  0.00   6  20  11:44am  SW 30.03   70
18   80.6  91.6   4:39pm  72.1   6:31am    0   16  0.00   7  17   9:32am  SW 30.04   67
19   80.4  92.8   5:08pm  69.1   5:33am    0   15  0.16   4  20  10:35am  NE 30.08   70
20   84.6  95.4   5:53pm  73.0   5:40am    0   20  0.00   5  17  10:03am  SW 30.08   64
21   85.0  96.6   4:44pm  72.9   6:41am    0   20  0.00   4  17   2:18pm WSW 30.12   57
22   85.7  99.9   4:06pm  70.7   6:39am    0   21  0.00   3  15   9:46am NNE 30.11   59
23   80.9 101.1   2:51pm  71.4   4:26pm    0   16  0.45   2  29   3:13pm NNE 30.11   74
24   84.5  95.5   4:33pm  72.0   2:08am    0   18  0.00   4  17   4:22pm  SW 30.07   59
25   86.2  95.2   5:53pm  77.2   5:54am    0   21  0.00   6  20   1:48pm SSW 30.01   50
26   83.7  95.9   3:45pm  72.9  11:57pm    0   19  0.29   7  39   8:42pm  SW 29.94   57
27   69.2  78.3   4:26pm  62.8  11:33pm    0    4  1.04   5  15  12:00am NNE 30.08   81
28   71.4  84.9   5:02pm  56.3   5:52am    2    8  0.00   2  11  11:42am NNE 30.13   66
29   74.6  88.7   4:16pm  59.5   5:10am    1   11  0.00   2  10   1:10pm NNE 30.17   60
30   76.6  89.4   4:35pm  59.7   5:06am    1   12  0.00   3  15   2:48pm  NE 30.20   54
31   77.4  90.0   3:15pm  61.9   6:28am    0   13  0.00   2  13   3:07pm ESE 30.15   54
---------------------------------------------------------------------------------------
TOT  78.5 101.1  7/23/05  56.3  7/28/05    5  422  2.75   3  39  7/26/05  NE 30.05   65

HEAT BASE: 65.0
COOL BASE: 65.0