NOAA style reports

NOAA-Style Climate Reports for Bentonville Arkansas (nwarwx.com)


Report for 2005 Aug
                  MONTHLY CLIMATOLOGICAL SUMMARY FOR 8/2005
                                        HEAT  COOL        
     MEAN                               DEG   DEG       WIND SPEED       DOM MEAN  MEAN
DAY  TEMP  HIGH   TIME     LOW   TIME   DAYS  DAYS RAIN AVG  HI  TIME    DIR BAROM HUM
---------------------------------------------------------------------------------------
1    80.1  93.9   5:15pm  65.8   2:18am    0   15  0.00   2  13  11:08am WNW 30.10   58
2    82.2  95.4   3:44pm  69.4   6:01am    0   17  0.00   2  11  11:20am  SW 30.06   54
3    83.9  95.9   4:27pm  71.8   5:04am    0   18  0.00   2  12   3:03pm ESE 30.03   51
4    84.2  96.6   3:51pm  71.4   6:20am    0   19  0.00   3  17   2:29pm  NE 30.09   53
5    76.7  91.0   2:38pm  69.8   6:08am    0   12  1.05   3  21   3:50pm  NE 30.16   75
6    75.4  90.7   4:47pm  67.1  10:49pm    0   10  0.00   3  17   5:58pm  NE 30.13   80
7    78.4  92.3   4:57pm  64.8   6:19am    0   13  0.00   2   9   1:53pm   E 30.08   64
8    81.6  95.4   4:22pm  68.7   6:47am    0   17  0.00   2  11   4:10pm  SW 30.05   59
9    81.3  93.0   3:24pm  68.5   6:49am    0   16  0.00   2   9  12:18pm WSW 30.04   61
10   82.1  95.5   5:28pm  70.5   7:00am    0   17  0.00   2  11  10:26am WSW 30.05   59
11   82.1  92.8   3:42pm  69.8   5:48am    0   17  0.00   4  17   3:17pm  SW 30.02   56
12   83.7  93.9   4:31pm  73.6   6:58am    0   19  0.00   5  19   9:35am  SW 29.98   50
13   81.8  92.8   3:31pm  69.8  10:29pm    0   17  0.55   5  20   4:02pm  SW 29.95   57
14   73.0  78.1   6:59pm  69.1   2:44am    0    8  0.88   2  17  10:47am  NE 30.02   90
15   75.2  82.9   3:24pm  70.3  11:35pm    0   10  0.64   3  19  10:18pm  SW 30.09   87
16   76.3  85.5   3:15pm  70.3  12:51am    0   11  0.00   2  13   2:52pm WNW 30.11   84
17   77.8  85.6   4:55pm  72.5   4:19am    0   13  0.00   4  16  12:54pm  SW 30.00   82
18   83.4  93.6   4:06pm  73.8   4:02am    0   18  0.00   6  20   4:21pm  SW 30.38   64
19   83.5  93.0   5:10pm  73.4   5:31am    0   18  0.00   4  17   2:53pm  SW 21.22   61
20   77.7  89.6  12:36pm  70.7  11:11pm    0   12  0.00   3  26   1:26pm WSW 29.31   78
21   79.0  90.5   3:09pm  70.0   6:25am    0   14  0.00   3  17   4:02pm WNW 30.00   76
22   76.9  85.1   5:39pm  71.2   5:08am    0   12  0.00   2  13   9:22am WNW 30.00   78
23   77.5  86.5   5:11pm  71.4   4:49am    0   13  0.00   3  23   7:14am   E 30.00   76
24   80.8  92.8   5:31pm  70.7   3:52am    0   16  0.00   4  13   4:35pm ESE 30.01   70
25   82.7  92.3   4:08pm  74.3   6:48am    0   18  0.00   2  11   1:01pm WNW 30.06   71
26   83.6  93.7   3:50pm  74.5   5:21am    0   19  0.01   4  17   3:21pm WSW 29.96   67
27   80.7  91.6   2:37pm  69.4   7:00am    0   16  0.04   2  13   3:04pm WNW 29.90   69
28   80.7  92.5   4:41pm  70.2   6:11am    0   16  0.00   3  13   2:18pm  NE 29.89   62
29   79.2  92.1   2:24pm  67.5   6:54am    0   14  0.00   6  23   1:38pm NNE 29.84   57
30   76.1  89.2   3:33pm  67.5   7:01am    0   11  0.00   4  15   4:05pm   N 29.81   59
31   76.4  92.1   4:43pm  59.4   4:44am    1   12  0.00   2  13   3:05pm  NE 29.94   55
---------------------------------------------------------------------------------------
TOT  79.8  96.6   8/4/05  59.4  8/31/05    1  458  3.17   3  26  8/20/05  SW 29.72   67

HEAT BASE: 65.0
COOL BASE: 65.0