NOAA style reports

NOAA-Style Climate Reports for Bentonville Arkansas (nwarwx.com)


Report for 2005 Sep
                  MONTHLY CLIMATOLOGICAL SUMMARY FOR 9/2005
                                        HEAT  COOL        
     MEAN                               DEG   DEG       WIND SPEED       DOM MEAN  MEAN
DAY  TEMP  HIGH   TIME     LOW   TIME   DAYS  DAYS RAIN AVG  HI  TIME    DIR BAROM HUM
---------------------------------------------------------------------------------------
1    78.1  93.2   3:17pm  60.6   6:52am    0   14  0.00   2  14  12:17pm  NE 30.07   56
2    81.0  93.9   4:42pm  66.7   7:03am    0   16  0.00   2  11   8:54pm  NE 30.16   55
3    75.5  91.8   1:47pm  66.7   4:01pm    0   10  0.86   3  19   2:47pm ESE 30.20   72
4    76.3  90.9   3:19pm  65.5   4:50am    0   11  0.00   3  15   1:30pm ESE 30.19   61
5    74.8  89.4   4:31pm  61.7   3:36am    0   10  0.00   3  13   4:33pm   E 30.19   50
6    76.9  88.2   2:20pm  67.1   3:27am    0   12  0.00   3  13  11:15am ESE 30.20   56
7    75.8  89.8   3:57pm  64.8   7:13am    0   11  0.00   2  11   4:26pm NNE 30.21   57
8    75.7  90.1   3:45pm  62.1   7:00am    0   11  0.00   2  11  10:43am  SW 30.14   60
9    78.3  91.8   3:39pm  63.7   5:24am    0   13  0.00   2  13   4:15pm SSE 30.08   53
10   78.9  90.9   4:13pm  65.3   6:51am    0   14  0.00   4  15   3:35pm  SE 30.07   48
11   79.1  89.8   2:37pm  68.5   5:48am    0   14  0.00   3  15   1:41pm ESE 30.11   49
12   79.8  89.1   4:06pm  71.8   7:01am    0   15  0.00   5  20  12:19pm SSE 30.06   45
13   81.6  92.5   3:27pm  68.4   5:27am    0   17  0.00   6  22  12:49pm  SW 29.92   52
14   73.3  81.7  12:00am  67.8   3:55am    0    8  0.63   3  29   1:36am   S 29.95   84
15   70.2  81.0   2:49pm  62.6  11:56pm    0    5  1.02   6  31   6:40am WNW 29.98   85
16   63.9  74.3   4:05pm  57.9  11:40pm    3    2  0.00   4  12   9:56am NNE 30.12   79
17   68.3  82.0   3:48pm  55.8   3:42am    3    6  0.00   4  13   2:44pm ESE 30.04   67
18   79.1  90.7   4:02pm  68.5   2:10am    0   14  0.01   4  17   3:33pm SSE 29.99   64
19   80.7  92.5   2:36pm  68.9   5:58am    0   16  0.00   4  20  12:26pm  SW 30.08   60
20   79.7  92.5   2:53pm  70.3   2:57am    0   15  0.00   3  15   1:54pm  SW 30.13   65
21   80.3  93.0   3:58pm  70.0   4:45am    0   15  0.00   2  14  11:46am WSW 30.05   68
22   79.5  93.0   3:39pm  66.4   7:00am    0   15  0.00   3  15   2:15pm  SW 29.94   62
23   81.2  91.4   3:39pm  70.3   7:29am    0   16  0.00   2  11   3:44pm   E 29.98   55
24   75.3  82.0   1:07pm  68.9   4:26am    0   10  0.09   5  21  11:35pm ENE 29.90   76
25   76.0  87.1   4:48pm  68.2  11:40pm    0   11  0.24   6  24  12:48am NNE 29.74   77
26   73.5  86.5  12:19pm  64.4  11:56pm    0    9  0.00   3  15   3:13pm NNE 30.00   81
27   70.0  83.8   4:28pm  59.5   6:06am    1    6  0.00   3  11  10:37am  NE 30.06   80
28   70.4  86.5   1:44pm  55.8  11:39pm    1    6  0.29   6  25   9:45pm NNE 29.97   83
29   56.6  68.9   4:53pm  43.9   6:38am    9    0  0.00   4  15   1:16am NNE 30.19   58
30   62.3  76.6   5:10pm  47.5   3:11am    6    3  0.00   3  13  12:15pm   S 30.03   55
---------------------------------------------------------------------------------------
TOT  75.1  93.9   9/2/05  43.9  9/29/05   24  326  3.13   3  31  9/15/05 ESE 30.06   64

HEAT BASE: 65.0
COOL BASE: 65.0