NOAA style reports

NOAA-Style Climate Reports for Bentonville Arkansas (nwarwx.com)


Report for 2005 Nov
                  MONTHLY CLIMATOLOGICAL SUMMARY FOR 11/2005
                                        HEAT  COOL        
     MEAN                               DEG   DEG       WIND SPEED       DOM MEAN  MEAN
DAY  TEMP  HIGH   TIME     LOW   TIME   DAYS  DAYS RAIN AVG  HI  TIME    DIR BAROM HUM
---------------------------------------------------------------------------------------
1    47.4  64.8   2:52pm  32.7   6:38am   18    0  0.00   2  16   3:02pm   W 30.21   68
2    56.6  75.0   2:38pm  37.0   4:41am   10    2  0.00   4  19  11:42am SSW 30.17   53
3    65.0  76.3   3:04pm  56.5   4:45am    3    3  0.00  10  27   2:44pm SSW 29.97   36
4    67.3  75.9   2:37pm  63.0  11:45pm    0    3  0.00   8  20   8:34am SSW 29.82   56
5    67.4  76.5   1:29pm  54.9  11:59pm    1    3  0.00  10  28   6:57pm SSW 29.76   63
6    54.6  69.1   3:52pm  41.5   7:11am   11    0  0.00   2  11  11:14am WNW 30.08   52
7    66.0  79.5   3:13pm  47.5  12:00am    4    5  0.00   6  22   1:05pm SSW 30.09   60
8     0.0  64.8   3:53pm  64.8   3:53pm    0    0  0.00   0   5   3:53pm ---  0.00    0
9    54.4  64.8   3:53pm  46.2  11:58pm    4    0  0.00   5  13   4:35pm SSW 30.24   38
10   50.1  66.4   2:46pm  35.1   6:22am   15    0  0.00   2  12   8:59am  NE 30.25   44
11   54.6  68.5   1:38pm  38.3   2:26am   11    1  0.00   5  23  12:53pm SSW 30.08   50
12   64.7  69.4   3:53pm  58.1   1:06am    1    1  0.06   8  23  11:02am   S 29.86   74
13   55.9  64.8   2:43pm  46.2   9:22pm    9    0  0.00   5  19   9:23am  NE 30.15   56
14   56.8  63.5   2:45pm  49.6  12:00am    8    0  0.00   6  15   3:59am   E 29.97   63
15   50.1  68.5   6:01am  34.3  10:42pm   15    1  0.87  12  36   8:20am WNW 29.93   76
16   33.7  42.1   1:13pm  26.2  11:59pm   31    0  0.00   6  25   2:39pm WNW 30.44   49
17   36.1  52.5   3:35pm  21.0   6:04am   29    0  0.00   2  13  11:50am  SE 30.47   48
18    0.0  43.7   7:26am  43.7   7:26am    0    0  0.00   0   6   7:26am ---  0.00    0
19   52.0  59.7   1:09pm  43.7   7:26am    9    0  0.00   7  24  12:04pm  SW 30.10   40
20   42.6  46.9   1:35am  32.4  11:41pm   18    0  0.00   2  10  12:07pm  NW 30.18   86
21   40.8  54.9   3:29pm  31.5   7:57am   23    0  0.00   3  16  11:07am   W 30.11   78
22   40.2  53.2   4:02pm  31.3   6:43am   20    0  0.00   2  10  10:43am   N 30.06   60
23   52.1  72.0   1:40pm  35.8  12:48am   14    1  0.00   6  27   1:03pm  SW 29.82   45
24   45.0  58.3   1:53pm  33.3  11:52pm   20    0  0.00   5  22  10:37am  NE 29.99   53
25   43.6  61.0   2:46pm  29.3   3:41am   21    0  0.00   5  14  10:30pm   S 30.08   40
26   58.5  67.3   1:18pm  47.3  12:39am    5    0  0.01   6  19   2:40pm   S 29.85   68
27   60.0  66.2  11:40am  52.5  11:58pm    5    0  0.28   9  37   8:36pm SSE 29.46   69
28   38.7  52.5  12:00am  30.2  10:31pm   26    0  0.00  17  36   5:59am WSW 29.56   53
29   32.4  41.0   2:33pm  24.4  11:59pm   33    0  0.00  10  28   4:37am WNW 30.00   53
30   36.4  54.0   3:02pm  17.4   7:11am   29    0  0.00   4  16   3:15pm SSE 30.04   55
---------------------------------------------------------------------------------------
TOT  51.2  79.5  11/7/05  17.4 11/30/05  394   20  1.21   6  37 11/27/05 SSW 30.03   57

HEAT BASE: 65.0
COOL BASE: 65.0