NOAA style reports

NOAA-Style Climate Reports for Bentonville Arkansas (nwarwx.com)


Report for 2005 Dec
                  MONTHLY CLIMATOLOGICAL SUMMARY FOR 12/2005
                                        HEAT  COOL        
     MEAN                               DEG   DEG       WIND SPEED       DOM MEAN  MEAN
DAY  TEMP  HIGH   TIME     LOW   TIME   DAYS  DAYS RAIN AVG  HI  TIME    DIR BAROM HUM
---------------------------------------------------------------------------------------
1    31.6  42.4   1:29am  23.0   7:14am   33    0  0.00   5  22   1:57am WNW 30.19   56
2    35.8  50.4   2:54pm  24.8  12:51am   23    0  0.00   6  15   3:01pm ESE 30.03   52
3    45.5  66.7   1:44pm  30.2  11:56pm   20    0  0.00   7  30   3:22pm   E 29.76   57
4    31.1  38.5   2:29pm  26.2   7:17am   34    0  0.00   6  15   5:13pm NNE 30.15   66
5    24.2  33.3   2:53pm  16.0   6:43am   41    0  0.00   5  12   3:08am NNE 30.24   65
6    27.1  41.7   2:53pm  14.5   6:47am   38    0  0.00   5  17   6:51pm  NE 30.24   60
7    29.0  37.0   3:38pm  22.3   5:54am   36    0  0.00   7  17   8:21am ENE 30.36   60
8    15.5  23.5  12:00am   7.2  11:44pm   49    0  0.00   7  20   1:14pm WNW 30.41   70
9    20.1  36.1   3:26pm   5.4   5:38am   45    0  0.00   2  10  10:32am SSW 30.38   55
10   34.6  47.5   1:51pm  19.8   5:34am   30    0  0.00   8  21   1:59pm WSW 30.07   54
11   41.0  55.9   3:17pm  25.2   7:17am   24    0  0.00   7  21   3:34pm WSW 30.05   57
12   40.6  53.4   2:30pm  26.8  11:57pm   24    0  0.00   3  15   1:55pm WNW 30.09   56
13   39.4  50.4   2:52pm  24.4   4:21am   26    0  0.16   5  17  10:46pm  SE 30.04   71
14   43.7  49.5   5:12am  29.7  11:22pm   21    0  0.00   6  18  12:31am WNW 29.89   75
15   33.1  43.9   2:14pm  23.0   4:25am   32    0  0.00   8  28   3:02pm WNW 30.00   60
16   30.5  43.0   2:57pm  20.7   2:21am   34    0  0.00   3  15  12:47pm WSW 30.14   56
17   40.3  45.7   2:34pm  30.6   7:52am   51    0  0.00   4  10   2:32pm ENE 30.35   50
18    0.0  31.1  12:53pm  31.1  12:53pm    0    0  0.00   0   0  12:53pm ---  0.00    0
19   32.2  33.3   2:11pm  31.1  12:53pm   15    0  0.00   2   8  11:45pm NNE 30.46   51
20   33.1  36.0   3:10pm  30.0   4:03am   32    0  0.00   5  11  11:41am WSW 30.37   89
21   33.8  43.7   2:57pm  26.8  10:51pm   27    0  0.00   4  14  11:48am WSW 30.32   79
22   40.3  55.8   2:43pm  25.3   4:23am   25    0  0.00   6  20  12:25pm SSW 30.14   67
23   50.1  60.8   1:55pm  42.1  12:32am   15    0  0.00   7  19   9:50am SSW 29.89   59
24   42.4  50.4  12:00am  37.8   7:54pm   23    0  0.24   7  17  12:42pm WNW 29.78   94
25   36.6  41.5   4:39pm  29.3   9:54pm   28    0  0.00   4  15  12:35am  NW 29.92   90
26   46.0  65.8   3:01pm  27.0   3:17am   19    0  0.00   4  15   2:00pm SSE 29.93   64
27   58.3  70.5   2:18pm  46.9  11:56pm    8    1  0.00  10  30   9:00pm SSW 29.62   49
28   44.6  54.0   1:32pm  33.8  11:23pm   20    0  0.00   8  28   1:30am WNW 29.76   70
29   45.2  64.2   3:09pm  26.1   7:12am   20    0  0.00   2  12   1:18pm ESE 29.80   64
30   43.9  52.9   3:12pm  29.3  11:56pm   21    0  0.00   6  31   2:35pm WNW 29.78   55
31   46.7  64.8   2:21pm  27.7   1:11am   18    0  0.00   4  21   1:39pm SSE 29.84   46
---------------------------------------------------------------------------------------
TOT  37.2  70.5 12/27/05   5.4  12/9/05  834    1  0.39   5  31 12/30/05 WNW 30.07   64

HEAT BASE: 65.0
COOL BASE: 65.0