NOAA style reports

NOAA-Style Climate Reports for Bentonville Arkansas (nwarwx.com)


Report for 2006 Jan
                  MONTHLY CLIMATOLOGICAL SUMMARY FOR 1/2006
                                        HEAT  COOL        
     MEAN                               DEG   DEG       WIND SPEED       DOM MEAN  MEAN
DAY  TEMP  HIGH   TIME     LOW   TIME   DAYS  DAYS RAIN AVG  HI  TIME    DIR BAROM HUM
---------------------------------------------------------------------------------------
1    61.2  70.9   2:19pm  48.7  12:08am    5    1  0.00  12  37  11:05pm   S 29.54   55
2    44.4  59.9  12:00am  37.2   9:48pm   19    0  0.00  11  37   1:30am   W 29.83   65
3    49.5  69.1   3:11pm  28.9   5:07am   16    0  0.00   5  22  12:58pm SSW 29.96   59
4    49.1  59.2  12:04am  36.3  11:52pm   16    0  0.00   6  21   2:05pm WNW 30.05   49
5    42.0  51.4   1:34pm  34.0   6:38am   23    0  0.00   6  25   2:03pm  NW 30.19   54
6    34.9  44.8   3:10pm  28.2   8:23am   30    0  0.00   6  18   5:05am  SW 30.21   61
7    49.2  66.2   2:49pm  30.2   1:54am   16    0  0.00   8  33  11:18pm  SW 29.91   41
8     0.0  38.3   9:33am  38.3   9:33am    0    0  0.00   0  10   9:33am ---  0.00    0
9    45.3  48.6   4:03pm  38.3   9:33am   12    0  0.16  10  33  10:48pm  SW 30.21   58
10   35.5  39.6  12:00am  29.3  11:38pm   29    0  0.16   9  28   2:06pm   W 30.10   98
11   43.1  60.1   3:16pm  27.1   3:37am   22    0  0.00   6  23  11:36am SSW 29.99   63
12   53.6  64.2   2:02pm  42.8  11:43pm   11    0  0.44  11  32  11:53am SSW 29.70   56
13   39.9  46.0   3:32pm  30.4  10:54pm   25    0  0.04  11  32   7:42am WNW 30.03   57
14   39.7  56.8   3:25pm  22.3   5:34am   25    0  0.00   4  13   1:03pm SSW 30.19   54
15   54.7  66.0   3:07pm  44.6  12:00am   10    0  0.00  13  34   1:36pm SSW 29.78   39
16   53.0  66.0   1:53pm  39.2  11:48pm   12    0  0.00  10  28  10:58am SSW 29.65   61
17   35.0  41.5   3:31pm  24.8  11:19pm   30    0  0.00   9  32   4:05pm  NW 29.87   51
18   46.5  63.9   3:16pm  26.2  12:28am   19    0  0.00   8  29  11:40pm SSW 29.95   38
19   59.5  66.6   2:19pm  53.6   7:33am    6    0  0.00  13  37  11:15am SSW 29.87   46
20   53.9  66.0   2:22pm  35.6  10:29pm   10    0  0.00  12  35   5:26pm   S 29.97   67
21   40.1  49.5   2:55pm  33.6   6:43am   25    0  0.00   6  16  12:55am  NE 30.32   62
22   38.1  42.3   2:08pm  28.9  11:41pm   27    0  0.00   5  13   2:00pm  NE 30.26   73
23   31.7  47.7   3:19pm  24.6   7:32am   33    0  0.00   2  10   2:56pm NNE 30.24   83
24   42.7  63.0   3:01pm  25.3  12:28am   22    0  0.00   5  21   3:33pm  SW 30.24   54
25   41.9  57.6   3:20pm  25.7   7:06am   23    0  0.00   3  15   1:39pm  NE 30.46   43
26   45.2  58.8   2:04pm  29.5   2:13am   20    0  0.00   5  18   2:19pm  SE 30.41   43
27   52.5  60.4   1:23pm  45.3   3:51am   12    0  0.00   8  21   1:28pm SSE 30.27   36
28   51.9  55.8   1:27am  47.7   4:27am   13    0  1.08   8  35   9:35pm SSE 29.90   86
29   47.2  58.6   2:22pm  36.7   7:09am   18    0  0.00   7  24  12:00am WSW 29.83   53
30   40.7  54.7   2:23pm  25.5   7:25am   24    0  0.00   4  30   1:27pm WNW 29.99   50
31   45.1  61.3   2:50pm  25.7   3:10am   20    0  0.00   6  24  12:44pm SSW 29.97   46
---------------------------------------------------------------------------------------
TOT  45.7  70.9   1/1/06  22.3  1/14/06  575    2  1.87   7  37   1/3/06 SSW 30.03   55

HEAT BASE: 65.0
COOL BASE: 65.0