NOAA style reports

NOAA-Style Climate Reports for Bentonville Arkansas (nwarwx.com)


Report for 2006 Mar
                  MONTHLY CLIMATOLOGICAL SUMMARY FOR 3/2006
                                        HEAT  COOL        
     MEAN                               DEG   DEG       WIND SPEED       DOM MEAN  MEAN
DAY  TEMP  HIGH   TIME     LOW   TIME   DAYS  DAYS RAIN AVG  HI  TIME    DIR BAROM HUM
---------------------------------------------------------------------------------------
1    69.9  85.1   3:50pm  60.3   5:34am    1    6  0.00  10  29  10:29am  SW 29.75   49
2    57.1  65.8   3:18pm  41.2  11:57pm    8    0  0.00   8  28   2:18am NNE 30.13   35
3    45.2  59.7   3:30pm  32.4   7:01am   20    0  0.00   5  16   8:26am  NE 30.32   44
4    49.2  61.0   3:49pm  39.9   3:31am   16    0  0.00   6  18   2:49pm   E 30.26   43
5    57.0  68.2   4:28pm  45.5  11:59pm    8    0  0.00   7  22  12:05pm SSW 30.12   52
6    54.4  72.3   3:09pm  33.6   7:00am   12    1  0.00   4  15   2:26am  NE 30.21   44
7    57.7  70.0   2:39pm  45.3   6:52am    8    1  0.00   9  27   4:15pm   E 30.06   43
8    63.1  66.9   1:29pm  57.9  11:58pm    2    0  0.18  12  33   9:30pm SSW 29.69   74
9    52.2  62.2   1:11pm  38.8  11:58pm   13    0  1.34  10  41   2:11am   W 29.44   88
10   56.5  73.2   4:44pm  37.2  12:48am   10    2  0.04   7  29   2:24pm ESE 29.71   57
11   64.0  75.4  12:39pm  57.6   5:27am    3    2  0.83   5  47   3:06pm SSW 29.81   76
12   70.1  78.6   2:31pm  59.4  12:17am    1    6  0.20   9  31   3:31pm SSW 29.77   74
13   49.1  73.4  12:00am  38.7  10:32pm   16    6  0.08  10  29  12:00am WNW 29.94   45
14   43.0  57.9   4:20pm  24.6   6:09am   22    0  0.00   3  20   2:36pm WNW 30.27   48
15   51.6  65.3   3:40pm  31.5   5:55am   13    0  0.00   6  23   2:18pm   S 30.16   40
16   56.9  65.5   1:25pm  42.4  11:57pm    8    0  0.00  11  30  12:32pm WNW 30.06   36
17   43.7  56.7   4:00pm  32.5   5:37am   21    0  0.00   8  18  11:08pm  NE 30.30   58
18   46.2  51.1   4:12pm  42.1   5:12am   19    0  0.04   8  18   9:52am   E 30.18   62
19   42.2  50.2  12:32pm  37.0  10:56pm   23    0  0.35  11  28  11:59am   E 30.02   72
20   39.9  49.8   8:10pm  36.0   4:24am   25    0  0.28  11  37   1:29am   E 29.72   93
21   38.4  43.0   6:20am  33.8  11:45pm   27    0  0.00   7  20   7:12am  NW 29.99   87
22   34.4  37.4   4:59pm  32.2   6:02am   31    0  0.00   6  13   5:48am  NE 30.32   64
23   36.8  44.1   4:41pm  31.6   6:36am   28    0  0.00   6  21   4:59pm WNW 30.35   62
24   37.8  50.5   3:13pm  24.1   6:38am   27    0  0.00   6  23  12:46pm WNW 30.29   53
25   40.6  55.6   3:57pm  23.7   4:59am   24    0  0.00   4  14   8:44am  NE 30.26   52
26   48.9  61.5   3:12pm  34.0  12:24am   16    0  0.00   8  24   5:27pm  SE 30.13   47
27   56.3  69.3   3:46pm  46.0  11:58pm    9    0  0.00  12  35   3:58pm WNW 30.04   49
28   49.2  65.3   3:39pm  30.9   6:33am   16    0  0.00   4  18   1:40pm WNW 30.20   54
29   58.7  70.9   1:32pm  43.7   2:26am    7    1  0.00   7  20  12:21pm SSE 30.11   47
30   65.2  74.1   1:47pm  58.1   3:18am    2    2  0.04  10  34   2:37pm SSW 29.89   66
31   65.5  77.2   3:20pm  48.9  11:42pm    3    4  0.00   6  23   9:50am  SW 30.00   57
---------------------------------------------------------------------------------------
TOT  51.6  85.1   3/1/06  23.7  3/25/06  440   31  3.37   8  47  3/11/06 SSW 30.05   57

HEAT BASE: 65.0
COOL BASE: 65.0