NOAA style reports

NOAA-Style Climate Reports for Bentonville Arkansas (nwarwx.com)


Report for 2006 Apr
                  MONTHLY CLIMATOLOGICAL SUMMARY FOR 4/2006
                                        HEAT  COOL        
     MEAN                               DEG   DEG       WIND SPEED       DOM MEAN  MEAN
DAY  TEMP  HIGH   TIME     LOW   TIME   DAYS  DAYS RAIN AVG  HI  TIME    DIR BAROM HUM
---------------------------------------------------------------------------------------
1    64.4  76.1  11:56am  49.6  12:00am    4    3  0.24   5  28  12:32pm   E 30.04   58
2    69.3  80.6   2:40pm  58.6   3:01am    1    5  0.66  12  39   2:34pm   W 29.85   60
3    56.8  65.7  12:00am  47.3  11:32pm    8    0  0.00   6  24   3:26am  NW 30.17   49
4    55.2  68.7   4:00pm  35.8   6:42am   10    0  0.00   3  14   2:09pm  NE 30.19   46
5    63.7  74.1   3:56pm  53.4   2:54am    4    2  0.04   6  23   4:14pm SSE 29.93   57
6    66.3  71.4  10:40am  61.0  12:40pm    0    2  0.67   9  27  10:05am SSW 29.64   77
7    61.7  74.7   3:25pm  53.6  11:48pm    3    1  0.00   9  29   6:25pm WNW 29.62   55
8    52.7  61.7   4:34pm  39.7  11:11pm   12    0  0.00   7  25   6:06am NNE 30.07   55
9    53.5  69.1   6:05pm  37.2   5:36am   12    1  0.00   4  15   3:30pm ENE 30.15   44
10   61.0  75.9   4:59pm  46.6   4:28am    6    2  0.00   6  19   5:13pm SSE 30.06   39
11   67.0  74.8   4:04pm  59.2   3:40am    1    3  0.00  10  30  11:17am SSW 29.99   45
12   71.2  82.8   4:39pm  57.9   5:32am    1    7  0.00   5  20   1:00am  SW 30.15   59
13   73.7  85.3   5:00pm  61.7   6:12am    0    9  0.00   7  21   2:17pm  SW 30.13   62
14   74.1  84.7   4:09pm  65.1   6:52am    0    9  0.00  11  28   9:23am  SW 29.89   51
15   72.0  79.9   4:25pm  66.2   5:14am    0    7  0.00   9  27   5:02pm SSW 29.69   58
16   76.0  88.0   3:12pm  64.8  11:40pm    0   11  0.00  11  29   1:42pm WSW 29.65   50
17   75.1  93.0   4:26pm  54.7   6:02am    2   12  0.00   3  16   5:52pm  SW 29.74   48
18   79.2  90.9   3:37pm  67.6  11:59pm    0   14  0.00   8  33   9:11pm  SW 29.69   53
19   63.4  75.6   5:19pm  51.3   6:39am    4    3  0.00   5  18   9:00am NNE 29.95   37
20   65.9  78.3   4:10pm  53.1  12:00am    3    4  0.00   3  16  12:13pm  NE 29.95   43
21   66.0  76.8   4:29pm  57.7  10:10pm    2    3  0.00   4  14  11:31am  SW 29.98   45
22   67.6  82.6   4:39pm  49.1   4:45am    4    7  0.00   7  25   1:34pm  SW 30.01   55
23   73.0  84.6   4:58pm  56.5   5:50am    1    8  0.00   7  21   5:24pm  SW 29.94   52
24   66.9  79.9  11:56am  61.2  11:53pm    1    3  1.46   7  31  11:24pm  NE 29.91   80
25   56.5  64.9   9:51am  49.8  11:59pm    8    0  0.20   5  18   1:14am WNW 29.94   97
26   49.6  52.9   2:45pm  46.8   7:50am   15    0  0.04   4  13   9:12am   N 30.10   89
27   55.6  69.8   5:42pm  39.4   6:39am   10    1  0.00   2  10  10:54am  SW 30.09   66
28   57.0  63.5  12:41pm  50.9   2:57am    8    0  0.91   6  29   1:58pm   E 29.99   84
29   60.6  71.4  12:48pm  55.0   2:15am    5    1  1.38   7  26   7:59pm ESE 29.72   93
30   61.1  72.0   4:14pm  53.2   8:54pm    6    2  0.59   8  27   8:20pm WSW 29.85   76
---------------------------------------------------------------------------------------
TOT  64.6  93.0  4/17/06  35.8   4/4/06  133  120  6.17   6  39   4/2/06  SW 29.94   60

HEAT BASE: 65.0
COOL BASE: 65.0