NOAA style reports

NOAA-Style Climate Reports for Bentonville Arkansas (nwarwx.com)


Report for 2006 May
                  MONTHLY CLIMATOLOGICAL SUMMARY FOR 5/2006
                                        HEAT  COOL        
     MEAN                               DEG   DEG       WIND SPEED       DOM MEAN  MEAN
DAY  TEMP  HIGH   TIME     LOW   TIME   DAYS  DAYS RAIN AVG  HI  TIME    DIR BAROM HUM
---------------------------------------------------------------------------------------
1    66.0  77.2   3:42pm  54.1   5:47am    3    4  0.00   5  17  10:51am   S 29.96   66
2    69.0  79.7   4:06pm  59.4   4:37am    2    6  0.00   4  18   5:00pm  NE 30.00   70
3    72.5  80.6   4:04pm  65.5   6:25am    0    8  0.00   4  17   2:34pm  SW 29.98   72
4    62.3  71.4  12:00am  51.8  11:31pm    3    1  0.91   5  30   3:45am  NE 30.02   95
5    59.2  71.2   4:49pm  49.5   6:00am    7    1  0.04   5  15   1:23pm  NE 30.06   74
6    55.1  57.9  12:00am  53.8  12:54pm   10    0  0.14   5  13   9:09am  NE 30.00   88
7    59.8  68.7   4:50pm  54.0   5:04am    6    1  0.00   2  10   7:01pm ESE 29.98   81
8    65.0  75.4   2:37pm  53.8   3:58am    3    3  0.00   5  17   3:36pm  SE 29.87   78
9    69.7  79.7   2:08pm  59.0   7:31am    1    6  0.43   7  38   7:12am ESE 29.74   81
10   59.4  67.6  11:00am  47.3  11:16pm    6    0  0.63   6  29   5:14am WNW 29.83   88
11   54.2  63.9   5:58pm  44.4   6:14am   11    0  0.00   9  32   1:25pm WNW 30.00   64
12   57.3  70.0   3:43pm  44.1   3:31am    9    1  0.00   8  28  12:06pm WSW 29.92   60
13   63.4  75.4   3:44pm  51.1  12:09am    5    3  0.00   4  18   2:00pm WNW 29.88   58
14   57.2  66.4   2:04pm  46.8   6:32am    7    0  0.00   4  20  12:16pm   N 30.03   57
15   57.0  66.6   5:00pm  48.0   4:35am    8    0  0.00   5  19  10:47am WNW 30.12   66
16   58.2  67.6   6:12pm  47.7   3:04am    7    0  0.00   4  20   2:12pm WNW 30.03   72
17   63.1  75.2   5:18pm  49.6   2:09am    5    3  0.00   5  21   3:54pm WNW 29.94   62
18   66.9  79.7   3:27pm  51.4   6:25am    3    5  0.00   3  13  11:22am  SW 29.91   50
19   72.8  88.3   4:27pm  54.7   2:22am    3   11  0.00   7  26   3:43pm  SW 29.83   56
20   77.3  89.2   3:56pm  62.2   6:25am    0   12  0.00   5  16   3:13pm WSW 29.86   60
21   76.0  83.3   2:53pm  68.4   6:30am    0   11  0.00   4  17  10:15am  SW 29.91   69
22   76.8  86.9   3:26pm  68.5   7:09am    0   12  0.00   3  17   8:01pm  SW 30.01   65
23   77.1  86.5   4:24pm  69.3   6:12am    0   12  0.00   6  19   5:41pm ESE 30.05   71
24   78.1  87.1   3:36pm  66.7   6:06am    0   13  0.00   6  25   4:52pm  SW 29.99   66
25   80.5  90.7   4:36pm  70.2   6:11am    0   15  0.00   8  20  10:30am WSW 29.88   65
26   78.6  86.7   2:59pm  73.4   6:05am    0   14  0.00   6  16   2:58pm WSW 29.83   71
27   78.5  86.9   2:55pm  67.6   6:26am    0   14  0.00   6  24   1:49pm   S 29.86   64
28   79.6  87.6   4:05pm  73.4   1:52am    0   15  0.00   7  23   4:24pm   S 29.94   63
29   77.5  88.5   4:15pm  68.7  11:55pm    0   13  0.00   6  23   6:11pm  SE 30.02   68
30   72.5  81.5   3:50pm  64.0   4:41am    0    8  0.00   4  15   6:19pm  SE 30.08   75
31   70.0  77.5   1:11pm  63.5   6:24am    0    5  0.43   3  13   1:50am WSW 30.11   88
---------------------------------------------------------------------------------------
TOT  68.1  90.7  5/25/06  44.1  5/12/06   98  195  2.58   5  38   5/9/06  SW 29.96   70

HEAT BASE: 65.0
COOL BASE: 65.0