NOAA style reports

NOAA-Style Climate Reports for Bentonville Arkansas (nwarwx.com)


Report for 2006 Jun
                  MONTHLY CLIMATOLOGICAL SUMMARY FOR 6/2006
                                        HEAT  COOL        
     MEAN                               DEG   DEG       WIND SPEED       DOM MEAN  MEAN
DAY  TEMP  HIGH   TIME     LOW   TIME   DAYS  DAYS RAIN AVG  HI  TIME    DIR BAROM HUM
---------------------------------------------------------------------------------------
1    69.9  79.3   5:30pm  64.9  11:57pm    0    5  0.39   2  23  12:58pm WSW 30.09   92
2    71.1  82.9   4:03pm  61.0  11:56pm    1    7  0.04   4  16  12:13pm NNE 30.10   69
3    69.9  82.4   3:05pm  55.4   5:04am    2    7  0.00   2  12  12:45pm ESE 30.06   62
4    69.1  80.4   3:21pm  57.9   5:24am    1    5  0.09   4  15   3:51pm   E 29.97   71
5    72.6  82.6   3:57pm  65.5   4:38am    0    8  0.03   6  18  11:58am ESE 29.97   66
6    70.0  75.2   5:40pm  66.0   9:00am    0    5  0.64   5  26   7:02am SSE 29.98   85
7    73.0  88.0   3:19pm  61.7   5:58am    0    8  0.00   3  17   1:37pm NNE 30.03   75
8    74.5  87.8   2:42pm  58.5   4:55am    1   11  0.00   2  17   2:42pm  NE 30.08   66
9    77.3  88.2   3:05pm  63.0   6:17am    0   12  0.00   4  16   3:10pm  SW 30.02   63
10   79.4  90.3   4:43pm  64.8   4:50am    0   14  0.00   6  19  10:02am  SW 29.85   62
11   79.9  87.4   4:00pm  71.4   6:24am    0   15  0.00   5  16   3:18am  SW 29.86   68
12   72.7  76.5   3:13pm  65.7  11:55pm    0    8  0.00   4  15   6:55pm  NE 30.05   89
13   69.7  81.9   4:49pm  59.5   4:02am    2    6  0.00   4  19   9:58am  NE 30.12   69
14   73.5  86.5   5:22pm  57.9   5:07am    1   10  0.00   3  14   2:53pm  SE 30.07   62
15   77.8  87.6   3:33pm  66.0   5:25am    0   13  0.00   6  20  12:09pm ESE 30.02   58
16   79.9  88.2   3:32pm  72.7   5:26am    0   15  0.00   7  23  12:06pm SSE 29.99   62
17   73.3  80.8   3:20pm  67.1   6:47am    0    8  0.20   6  26   6:13am   S 29.94   78
18   74.4  84.6   4:59pm  65.1   5:59am    0    9  0.08   5  21  11:32am  SW 29.97   70
19   75.6  86.5   6:24pm  64.8   6:46am    0   11  0.00   3  22   1:51pm WSW 30.06   76
20   78.1  90.0   3:19pm  66.6   5:55am    0   11  0.00   5  20   3:51pm SSW 30.05   68
21   80.6  89.1   3:34pm  71.1  11:59pm    0   16  0.00   7  21   2:26pm SSW 30.05   57
22   73.6  87.6  12:41pm  68.0   2:19pm    0    9  1.02   4  31   1:57pm  SW 30.11   81
23   72.9  83.7   3:57pm  65.3   6:14am    0    8  0.00   3  13   8:48am  NE 30.14   80
24   75.8  87.6   4:45pm  63.3   5:56am    0   11  0.01   3  20  10:46pm NNE 30.11   68
25   74.1  84.2   5:40pm  62.6   6:19am    0    9  0.00   5  19  10:16am NNE 30.10   66
26   68.3  77.5   4:32pm  58.1  11:40pm    1    5  0.00   5  20   3:12pm   N 30.09   59
27   68.9  83.8   4:42pm  52.5   5:26am    3    7  0.00   2  17  12:40pm WNW 30.12   62
28   74.2  88.2   4:29pm  57.4   6:15am    1   11  0.00   4  16  12:38pm  SW 30.16   55
29   76.6  89.4   3:43pm  61.5   5:32am    0   12  0.00   4  20  10:08am  SW 30.17   49
30   77.6  90.0   3:49pm  63.1   6:32am    0   13  0.00   4  20   2:00pm  SW 30.12   47
---------------------------------------------------------------------------------------
TOT  74.1  90.3  6/10/06  52.5  6/27/06   16  288  2.50   4  31  6/22/06  SW 30.05   68

HEAT BASE: 65.0
COOL BASE: 65.0