NOAA-Style Climate Reports for Bentonville Arkansas (nwarwx.com)
Select data to display
Select a Year or Month report
Select a Year or Month report
Report for 2006 Jul
MONTHLY CLIMATOLOGICAL SUMMARY FOR 7/2006 HEAT COOL MEAN DEG DEG WIND SPEED DOM MEAN MEAN DAY TEMP HIGH TIME LOW TIME DAYS DAYS RAIN AVG HI TIME DIR BAROM HUM --------------------------------------------------------------------------------------- 1 78.8 90.7 4:08pm 61.7 5:09am 0 14 0.00 5 22 3:47pm SW 30.12 50 2 80.7 91.0 3:54pm 70.0 3:35am 0 16 0.00 5 20 12:46pm SW 30.14 50 3 80.8 90.5 3:13pm 70.3 2:04am 0 16 0.00 5 17 9:26am SW 30.12 57 4 77.2 85.5 11:24am 70.9 6:13am 0 12 0.02 3 20 8:55am SW 30.08 75 5 77.5 88.7 2:54pm 68.9 3:36am 0 12 0.00 5 20 3:53pm NNE 30.08 62 6 74.7 84.9 5:08pm 65.8 6:43am 0 10 0.00 6 20 10:30am NE 30.21 46 7 72.0 82.0 4:31pm 57.4 4:58am 1 8 0.00 5 18 1:25pm E 30.25 46 8 74.1 88.3 4:25pm 59.4 6:23am 0 10 0.00 3 12 12:14pm E 30.16 47 9 75.3 85.5 11:47am 63.5 1:01am 0 10 0.00 3 13 8:58pm E 30.04 56 10 79.9 94.1 3:55pm 70.7 7:26pm 0 15 0.16 7 24 1:56pm SW 29.94 66 11 78.8 87.8 6:08pm 70.3 5:03am 0 14 0.12 7 22 2:57pm SW 29.96 78 12 80.0 90.0 4:19pm 68.7 3:56am 0 15 0.59 6 26 2:28am SW 30.01 75 13 82.5 91.2 3:36pm 74.5 3:58am 0 17 0.00 5 19 4:35pm SSW 29.98 65 14 83.0 95.2 3:58pm 67.3 7:00am 0 18 0.16 6 21 4:44am SW 30.03 63 15 85.1 95.0 4:15pm 75.9 5:37am 0 20 0.00 4 17 6:24pm E 30.12 61 16 84.2 95.9 4:01pm 74.7 5:55am 0 19 0.55 3 39 6:23pm SW 30.10 71 17 86.0 96.6 5:03pm 73.2 5:26am 0 21 0.00 3 13 11:49am SW 30.03 63 18 87.3 100.6 4:41pm 71.6 6:40am 0 22 0.00 3 13 3:08pm WSW 30.03 59 19 87.9 99.7 4:34pm 75.2 5:49am 0 23 0.00 4 15 12:14pm SW 30.03 57 20 88.9 100.4 4:09pm 74.5 6:20am 0 24 0.00 4 15 1:58pm SW 30.05 52 21 85.1 99.7 1:59pm 71.4 11:54pm 0 20 0.00 7 23 2:29pm WSW 30.01 58 22 74.4 85.5 4:40pm 63.0 6:49am 0 9 0.00 5 21 10:11am NNE 30.06 66 23 75.5 88.5 5:39pm 60.3 6:46am 0 11 0.00 2 13 2:21pm NE 30.03 56 24 77.2 89.1 4:34pm 63.1 5:10am 0 12 0.00 3 17 12:10pm SW 29.99 52 25 82.5 94.3 4:34pm 68.0 6:26am 0 18 0.00 5 20 10:20am SSW 29.96 46 26 83.9 93.7 4:41pm 74.3 6:58am 0 19 0.00 8 23 2:56pm SW 29.90 55 27 81.4 93.4 4:29pm 73.2 6:01am 0 16 0.00 4 18 6:47pm SSW 29.92 66 28 81.5 91.8 6:43pm 74.5 5:21am 0 16 0.04 5 20 1:29pm SSW 30.03 73 29 85.7 98.1 5:02pm 75.6 6:44am 0 21 0.00 6 20 5:36pm SW 30.04 57 30 87.5 98.8 4:05pm 75.9 4:55am 0 23 0.00 6 19 10:27am SW 29.95 51 31 87.4 98.1 3:58pm 76.5 5:01am 0 22 0.00 7 20 11:18am SSW 29.92 51 --------------------------------------------------------------------------------------- TOT 81.2 100.6 7/18/06 57.4 7/7/06 2 503 1.63 5 39 7/16/06 SW 30.04 59 HEAT BASE: 65.0 COOL BASE: 65.0