NOAA style reports

NOAA-Style Climate Reports for Bentonville Arkansas (nwarwx.com)


Report for 2006 Aug
                  MONTHLY CLIMATOLOGICAL SUMMARY FOR 8/2006
                                        HEAT  COOL        
     MEAN                               DEG   DEG       WIND SPEED       DOM MEAN  MEAN
DAY  TEMP  HIGH   TIME     LOW   TIME   DAYS  DAYS RAIN AVG  HI  TIME    DIR BAROM HUM
---------------------------------------------------------------------------------------
1    87.5  97.5   5:19pm  77.4   6:16am    0   23  0.00   7  18  11:22am SSW 29.97   51
2    87.6  99.0   4:17pm  77.5   6:48am    0   22  0.00   8  28   9:23am  SW 29.97   49
3    84.3  92.8   3:22pm  75.9   6:26am    0   19  0.00   6  18  12:03pm  SW 30.01   59
4    79.7  95.7   2:15pm  70.9  10:26pm    0   15  0.67   3  40   3:34pm  NE 30.05   77
5    83.0  98.6   5:33pm  71.2   2:37am    0   18  0.00   4  15   6:47pm ESE 30.01   66
6    84.2  99.1   2:45pm  76.3   5:39am    0   19  0.00   5  18   4:11pm ESE 30.03   63
7    84.5  95.2   3:52pm  73.2   6:22am    0   19  0.00   4  14   6:58pm SSE 30.11   60
8    83.5  93.0   3:06pm  72.1   6:41am    0   19  0.00   4  17   2:23pm SSW 30.12   60
9    87.3  98.4   3:53pm  79.0   4:16am    0   22  0.00   6  17  12:13pm  SW 30.03   53
10   88.3 100.6   1:52pm  77.9  11:56pm    0   23  0.00   7  20  11:47pm  SW 29.93   49
11   78.2  91.0   4:55pm  70.5   1:51am    0   13  1.10   4  18  12:36am ESE 29.92   81
12   83.1  94.1   3:37pm  72.1   4:24am    0   18  0.00   4  15   7:17pm ESE 29.93   67
13   84.5  96.3   5:44pm  74.3   6:01am    0   20  0.00   6  20   6:23pm  SW 29.96   64
14   83.8  93.6   2:59pm  73.0   6:50am    0   19  0.00   5  17  10:41am NNE 30.00   60
15   79.6  92.3   4:33pm  71.4   6:38am    0   15  0.02   5  24   2:54am  NE 30.05   74
16   83.6  95.9   4:11pm  73.8   6:44am    0   19  0.00   5  15   2:21pm ESE 30.07   59
17   85.8  99.1   4:09pm  73.4   6:29am    0   21  0.00   6  17  12:05pm ESE 30.04   54
18   87.8 100.9   4:21pm  72.3   7:02am    0   23  0.00   4  13  11:21am  SE 30.02   47
19   86.6 100.4   5:03pm  71.2   6:13am    0   22  0.00   4  16   1:48pm WSW 29.99   50
20   83.7  95.4   3:13pm  74.3   7:44am    0   19  0.00   3  15   8:10pm NNE 30.02   64
21   75.8  92.5  12:29pm  69.6  11:58pm    0   11  0.43   2  23   3:46pm WNW 30.09   87
22   77.5  88.5   5:55pm  69.1   6:19am    0   13  0.00   2  13   2:56pm  NE 30.14   77
23   76.5  86.5   3:04pm  71.1  11:53pm    0   11  0.00   4  15   3:03pm  SE 30.05   80
24   79.8  91.9   4:39pm  67.8   4:09am    0   15  0.00   5  16   4:48pm SSE 29.91   72
25   82.4  92.3   4:17pm  77.0   5:21am    0   17  0.00   6  20   1:59pm SSE 29.86   71
26   83.1  92.7   4:46pm  75.6   7:23am    0   18  0.00   4  15  12:51am  SE 29.92   67
27   75.9  83.3   5:47pm  71.8  11:45am    0   11  0.71   3  18  11:18am ESE 29.95   88
28   76.4  84.9   5:00pm  70.0   9:46pm    0   11  0.31   4  16  12:25am WSW 29.93   86
29   67.1  72.3   3:10pm  60.3  11:57pm    1    3  0.00   3  14   5:54pm   N 30.00   85
30   69.0  82.9   4:50pm  56.3   6:58am    2    6  0.00   2  15   3:32pm NNE 30.02   73
31   71.4  84.7   4:25pm  56.8   6:45am    2    8  0.00   3  14  12:45pm  NE 30.03   68
---------------------------------------------------------------------------------------
TOT  81.3 100.9  8/18/06  56.3  8/30/06    4  511  3.25   4  40   8/4/06  SW 30.00   67

HEAT BASE: 65.0
COOL BASE: 65.0