NOAA style reports

NOAA-Style Climate Reports for Bentonville Arkansas (nwarwx.com)


Report for 2006 Sep
                  MONTHLY CLIMATOLOGICAL SUMMARY FOR 9/2006
                                        HEAT  COOL        
     MEAN                               DEG   DEG       WIND SPEED       DOM MEAN  MEAN
DAY  TEMP  HIGH   TIME     LOW   TIME   DAYS  DAYS RAIN AVG  HI  TIME    DIR BAROM HUM
---------------------------------------------------------------------------------------
1    71.7  85.5   4:52pm  59.0   6:32am    1    8  0.00   3  15   7:26pm  NE 30.06   71
2    70.8  82.4   3:22pm  60.4   6:01am    1    7  0.00   3  15   3:31pm  NE 30.09   75
3    71.4  81.9   4:42pm  62.4   5:49am    0    7  0.00   2  10   9:11am  NE 30.11   74
4    69.4  77.2   4:19pm  63.3  11:56pm    0    4  0.00   3  13   4:18pm WSW 30.11   85
5    66.8  79.0   4:00pm  56.5   6:55am    2    4  0.00   4  20   3:22pm   N 30.15   69
6    66.3  81.7   5:09pm  51.8   6:03am    4    6  0.00   3  15   3:33pm  NE 30.14   68
7    67.9  83.1   3:33pm  54.3   5:34am    3    6  0.00   2  10  11:24am  SW 30.06   68
8    70.1  84.9   3:27pm  56.8   5:43am    2    7  0.00   2  15  11:07am  SW 30.04   64
9    72.3  85.3   3:17pm  58.1   7:17am    1    9  0.00   3  16   3:06pm   E 30.02   61
10   76.6  88.2   2:00pm  63.5   6:05am    0   12  0.00   4  17   1:03pm  SW 29.98   53
11   73.5  83.5   3:12pm  66.4   4:47am    0    8  1.18   5  28   4:08am WNW 30.00   78
12   65.1  69.8  12:00am  60.8  11:58pm    1    1  0.00   3  13   1:46pm   N 30.07   84
13   62.8  78.1   5:28pm  48.0   6:43am    6    3  0.00   2  14   1:10pm NNE 30.02   73
14   66.1  81.0   5:05pm  51.4   7:25am    4    5  0.00   2  15   3:45pm  SE 29.99   70
15   71.9  83.7   3:41pm  60.3   5:53am    1    8  0.00   5  17   5:37pm  SE 30.00   57
16   77.4  88.7   3:59pm  67.5   4:23am    0   12  0.00   6  24   5:15pm SSE 29.92   57
17   72.2  80.2   1:31am  59.7  11:55pm    0    7  2.40   6  36  10:43am   S 29.82   89
18   62.9  75.2   3:14pm  52.9  11:51pm    5    3  0.28   4  15   3:37pm NNE 29.94   75
19   57.3  68.0   3:32pm  46.2   7:14am    8    1  0.00   3  22   2:20pm WNW 30.10   67
20   62.8  77.9   3:26pm  47.5   5:12am    6    4  0.00   4  15   5:05pm  SE 30.04   66
21   65.9  70.5   6:08pm  61.5   3:45am    1    2  0.00   8  29   3:26pm  SE 29.75   58
22   80.1  89.1   5:01pm  66.2  12:27am    0    9  0.08  10  31   2:30pm  SW 29.60   64
23   67.9  74.1   5:29pm  56.5  11:44pm    1    3  0.94   6  39   5:48am WNW 29.77   75
24   56.5  62.1   6:08pm  48.4  10:32pm    9    0  0.00   3  16  11:04am WNW 30.08   77
25   58.7  73.4   4:34pm  44.1   4:27am    8    2  0.00   3  16   3:39pm WSW 30.15   73
26   64.0  78.8   4:59pm  48.9   4:55am    5    4  0.00   3  16   1:07pm WSW 30.05   69
27   67.3  79.9   3:55pm  54.3   4:08am    2    5  0.00   4  18  11:55am WSW 29.94   63
28   55.2  64.2   3:00pm  42.1  11:06pm   10    0  0.00   5  22   3:41pm WNW 30.10   63
29   56.8  71.8   5:12pm  41.0   4:40am   10    1  0.00   5  25   1:40pm  SW 29.98   67
30   67.2  83.5   4:37pm  53.4  12:00am    3    5  0.00   3  17  10:43am WSW 29.95   69
---------------------------------------------------------------------------------------
TOT  67.0  89.1  9/22/06  41.0  9/29/06   96  154  4.88   4  39  9/23/06  SW 30.01   70

HEAT BASE: 65.0
COOL BASE: 65.0