NOAA style reports

NOAA-Style Climate Reports for Bentonville Arkansas (nwarwx.com)


Report for 2006 Oct
                  MONTHLY CLIMATOLOGICAL SUMMARY FOR 10/2006
                                        HEAT  COOL        
     MEAN                               DEG   DEG       WIND SPEED       DOM MEAN  MEAN
DAY  TEMP  HIGH   TIME     LOW   TIME   DAYS  DAYS RAIN AVG  HI  TIME    DIR BAROM HUM
---------------------------------------------------------------------------------------
1    73.6  87.3   4:04pm  59.7  12:08am    1    9  0.00   5  18   4:08pm SSE 30.06   72
2    76.2  85.8   3:33pm  67.5   7:27am    0   11  0.00   6  25  12:16pm SSW 30.09   65
3    76.2  85.6   3:23pm  68.9   4:16am    0   11  0.00   6  20   3:44pm SSW 30.11   64
4    74.1  86.7   3:58pm  64.2   6:26am    0    9  0.00   6  21  11:32am  SW 30.15   67
5    63.7  72.7   4:18pm  57.4  11:58pm    3    1  0.00   5  14   7:46am NNE 30.25   77
6    62.7  73.6   3:40pm  54.0   5:31am    4    2  0.00   4  15  10:58am  NE 30.28   68
7    61.8  75.7   3:47pm  51.4   7:18am    6    2  0.00   4  13   9:33am   E 30.22   53
8    60.0  76.1   3:58pm  46.0   5:14am    7    2  0.00   2  13   5:17pm   E 30.16   61
9    60.6  76.6   4:05pm  46.6   7:07am    7    3  0.00   1  10   3:37pm ESE 30.14   67
10   61.3  69.3   3:35pm  52.5   2:26am    5    1  0.00   3  23  10:21pm SSW 29.98   80
11   57.6  67.8   5:09pm  48.7  11:58pm    8    0  0.00  10  30   3:31pm WNW 29.83   67
12   44.5  53.4   4:26pm  33.3  11:52pm   20    0  0.00   5  19   4:53pm WNW 29.99   62
13   48.6  66.0   3:36pm  33.6  12:00am   16    0  0.00   4  18  11:32am  SW 30.02   69
14   53.7  69.4   4:18pm  36.3   7:27am   12    1  0.00   2  13  11:04am ESE 30.09   65
15   57.0  59.7   2:05pm  54.5   7:11pm    8    0  0.51   6  22   9:18pm  SE 29.94   77
16   56.0  59.4  11:22pm  52.7   6:35am    9    0  1.46   6  32   1:30am   E 29.60   99
17   66.1  79.2   3:31pm  58.3   7:57am    3    4  0.00   4  15   4:35pm  SW 29.66   81
18   57.8  73.4  12:35pm  45.7  11:55pm    8    1  0.00   4  23   1:48pm   N 29.86   90
19   42.3  48.9   4:40pm  34.0  10:13pm   23    0  0.16   5  18   1:58pm NNE 29.99   81
20   48.7  64.9   4:36pm  33.8  12:11am   16    0  0.00   4  15  12:03pm  SW 29.92   72
21   50.8  64.9  12:48pm  41.0  11:53pm   14    0  0.00   6  24   3:33pm WNW 29.91   72
22   40.0  50.2   3:36pm  31.1  11:41pm   25    0  0.00   5  21   2:56pm WNW 30.23   66
23   44.4  60.4   1:53pm  30.9   1:14am   21    0  0.00   5  23  12:31pm  SW 30.20   68
24   50.2  66.7   3:49pm  35.1   3:14am   15    0  0.00   5  15   9:28am SSE 30.13   60
25   56.9  60.4  11:30am  54.5  12:00am    8    0  0.12   5  17  11:14am SSE 29.96   80
26   62.1  67.1   4:13pm  55.9  12:00am    3    0  0.00   2  13   9:51am ESE 29.81   95
27   51.1  63.0  12:00am  41.5  11:21pm   14    0  0.04   6  27  11:39am WNW 29.81   93
28   50.6  65.5   4:18pm  37.6   7:49am   14    0  0.00   4  17   2:49pm WSW 30.06   71
29   58.6  76.6   2:32pm  40.5   6:53am    9    2  0.00   5  18   3:15pm  SW 29.96   58
30   64.0  69.8   3:58pm  57.6  12:00am    2    1  0.00   9  37  10:10am SSW 29.80   63
31   48.0  64.9  12:00am  41.5   9:21am   17    0  0.00   7  20   5:38am NNE 30.03   60
---------------------------------------------------------------------------------------
TOT  57.4  87.3  10/1/06  30.9 10/23/06  298   62  2.28   5  37 10/30/06  SW 30.01   72

HEAT BASE: 65.0
COOL BASE: 65.0