NOAA style reports

NOAA-Style Climate Reports for Bentonville Arkansas (nwarwx.com)


Report for 2006 Nov
                  MONTHLY CLIMATOLOGICAL SUMMARY FOR 11/2006
                                        HEAT  COOL        
     MEAN                               DEG   DEG       WIND SPEED       DOM MEAN  MEAN
DAY  TEMP  HIGH   TIME     LOW   TIME   DAYS  DAYS RAIN AVG  HI  TIME    DIR BAROM HUM
---------------------------------------------------------------------------------------
1    44.0  52.5   2:11pm  27.9  11:55pm   21    0  0.00   5  19   1:43pm NNE 30.20   48
2    37.9  54.9   3:19pm  21.9   6:24am   27    0  0.00   2  16  11:45am  NE 30.42   53
3    42.3  57.0   3:01pm  25.2   5:54am   23    0  0.00   4  17   3:05pm SSE 30.37   54
4    50.9  59.5   1:46pm  44.6   6:27am   14    0  0.04   5  18  12:22pm SSE 30.22   48
5    50.5  55.2   4:35pm  45.9   5:00am   15    0  0.35   4  13  12:31pm ESE 30.16   93
6    54.2  58.6   2:41pm  50.0   5:47am   11    0  0.00   3  10   3:16pm  NE 30.01   93
7    53.0  64.2   3:27pm  47.1   1:15am   12    0  0.00   3  11  11:20am WNW 29.92   88
8    61.0  80.2   2:29pm  44.6   6:39am    7    3  0.00   4  15   2:47pm  SW 29.73   66
9    67.0  84.6   2:11pm  50.4   2:27am    4    6  0.00   4  15   1:12pm SSE 29.72   70
10   58.3  72.5  12:02pm  41.7  11:58pm    9    2  0.00   7  26   1:11pm  NW 29.86   81
11   40.5  52.5   3:05pm  30.0  11:58pm   24    0  0.00   4  18   1:03am   N 30.26   58
12   45.4  60.1   2:28pm  28.8   1:24am   20    0  0.04   5  19  12:01pm  SE 30.12   53
13   47.1  57.7   1:35pm  37.6   6:29am   18    0  0.04   4  15   8:49am WNW 30.01   79
14   54.0  61.5   2:42pm  44.8  12:00am   11    0  0.00   3  12   3:18pm ESE 29.67   79
15   45.1  53.1  12:00am  36.3  11:47pm   20    0  1.50  11  45   8:27pm   N 29.59   93
16   37.1  46.0   3:56pm  30.4  10:32pm   28    0  0.00   8  40   1:08am  NW 29.92   69
17   45.7  63.0   2:56pm  33.3  12:00am   19    0  0.00   6  33  12:16pm  SW 30.01   60
18   39.6  50.2   3:16pm  32.0   9:17pm   25    0  0.00   5  23   1:20pm   N 30.21   68
19   40.9  52.0   2:21pm  28.6   7:07am   24    0  0.00   4  20   3:06pm   N 30.36   57
20   36.4  54.1   2:17pm  21.7   6:15am   29    0  0.00   2  20   3:18pm WNW 30.44   59
21   43.5  59.9   2:47pm  26.2  12:00am   21    0  0.00   6  27  10:29am   S 30.32   49
22   54.3  70.3   2:01pm  40.1   6:58am   12    1  0.00   6  25   2:32pm SSE 30.17   46
23   56.4  71.8   1:35pm  40.8   3:34am   10    1  0.00   7  24  12:49pm SSE 30.12   58
24   60.1  72.0   2:33pm  51.4   5:23am    6    1  0.00   7  25   1:32pm   S 30.07   70
25   57.6  66.2   3:02pm  51.4   7:10am    7    0  0.00   6  27  10:32am   S 30.09   80
26   58.3  66.2   1:56pm  49.1   1:00am    7    0  0.00   7  25  10:53am SSE 30.12   67
27   61.9  67.5   2:58pm  52.2   1:59am    3    0  0.00   7  29   1:51pm   S 30.09   75
28   62.7  66.6   2:54pm  60.1   9:26am    2    0  0.00  11  29   8:11am   S 29.92   81
29   59.8  71.2   1:44pm  33.4  11:54pm    7    2  2.24  10  50   4:52pm   S 29.90   85
30   27.2  33.6   2:00am  16.0  11:42pm   38    0  1.85   4  28   5:51am NNE 29.94   97
---------------------------------------------------------------------------------------
TOT  49.8  84.6  11/9/06  16.0 11/30/06  473   17  6.06   6  50 11/29/06 SSE 30.07   69

HEAT BASE: 65.0
COOL BASE: 65.0