NOAA style reports

NOAA-Style Climate Reports for Bentonville Arkansas (nwarwx.com)


Report for 2006 Dec
                  MONTHLY CLIMATOLOGICAL SUMMARY FOR 12/2006
                                        HEAT  COOL        
     MEAN                               DEG   DEG       WIND SPEED       DOM MEAN  MEAN
DAY  TEMP  HIGH   TIME     LOW   TIME   DAYS  DAYS RAIN AVG  HI  TIME    DIR BAROM HUM
---------------------------------------------------------------------------------------
1    21.9  31.5   3:30pm  15.3   5:42am   43    0  0.00   0   0  12:00am   N 30.18   79
2    28.7  44.6   2:40pm  16.0   5:00am   36    0  0.31   3  18  11:58pm NNE 30.41   78
3    24.5  31.5   2:14pm  13.8  11:41pm   40    0  0.00   6  20  10:06am NNE 30.63   57
4    29.3  45.3   2:53pm  13.5  12:16am   36    0  0.08   7  32   1:03pm  SW 30.48   58
5    38.3  52.2   2:02pm  23.7   5:29am   27    0  0.00   6  27  12:17pm SSW 30.24   58
6    39.3  52.5   1:30pm  27.3   7:27am   26    0  0.00   3  22   1:55pm   N 30.20   55
7    23.1  35.6   2:40am   9.1  11:46pm   42    0  0.00   8  37   8:22am NNE 30.63   52
8    23.7  37.6   2:19pm   8.4   2:28am   41    0  0.00   6  20   2:07pm SSW 30.55   48
9    37.7  51.6   3:05pm  27.3   5:49am   27    0  0.00   8  29   9:54am SSW 30.32   41
10   47.5  54.1   3:15pm  39.0   2:58am   17    0  0.00   9  31  11:22am   S 30.18   47
11   55.2  59.9   3:59pm  49.3  12:16am   10    0  0.00   9  25   2:44pm   S 30.07   87
12   47.7  56.8   2:46pm  34.9  11:52pm   17    0  0.00   6  21   1:52pm WSW 30.08   79
13   47.3  65.5   2:15pm  32.4   5:41am   18    0  0.00   5  25   1:20pm  SW 30.13   63
14   51.5  65.5   2:39pm  39.4   3:02am   14    0  0.00   7  23  10:16am  SW 29.95   51
15   53.4  71.4   3:06pm  35.1   6:50am   13    1  0.00   4  18   2:45pm SSW 29.93   64
16   62.5  69.1   3:09pm  55.6   9:30pm    3    1  0.00  11  37  11:24am SSW 29.86   77
17   62.4  68.5   3:16pm  53.1  11:51pm    3    1  0.00   8  26   1:49pm SSW 30.03   81
18   47.0  53.1  12:00am  42.4   9:32pm   18    0  0.04   8  21   7:41pm  NE 30.28   96
19   45.3  49.1   2:31pm  42.4   3:34am   20    0  0.04   8  22   3:11am ENE 30.33   79
20   52.0  59.5  11:55am  44.6   1:00am   13    0  0.67   9  34  10:37am ESE 29.98   96
21   46.3  58.3   1:39pm  36.0   6:55am   19    0  0.00   5  29  12:15pm  SW 29.95   73
22   35.7  42.1   3:45pm  27.9  11:32pm   29    0  0.00   6  18   4:27pm WSW 29.99   80
23   33.0  48.7   2:49pm  23.9   6:58am   32    0  0.00   1  15   1:05pm WNW 30.19   84
24   36.7  46.4   1:50pm  25.5   3:32am   28    0  0.00   2  17  10:27am  NW 30.13   80
25   36.6  40.8   2:01pm  29.7  11:55pm   28    0  0.08   8  28   8:12am   N 29.96   74
26   33.0  46.4   3:26pm  23.7   7:39am   32    0  0.00   3  16   2:28am  NW 30.11   61
27   43.0  54.5   2:41pm  30.0   4:28am   22    0  0.00   8  27  12:59pm SSE 29.99   47
28   51.1  60.1  12:56pm  44.4   4:42am   14    0  0.00   9  29  11:04am   S 30.04   64
29   56.1  62.8   2:44pm  50.7   2:52am    9    0  0.08   9  24   3:09pm ESE 30.17   81
30   56.0  60.1  11:51am  49.6  11:59pm    9    0  1.38   9  34   6:15am   E 29.96   95
31   38.9  49.6  12:00am  33.6   8:01pm   26    0  0.00  12  33   3:28pm  SW 29.95   89
---------------------------------------------------------------------------------------
TOT  42.1  71.4 12/15/06   8.4  12/8/06  712    2  2.68   7  37 12/16/06 SSW 30.16   70

HEAT BASE: 65.0
COOL BASE: 65.0