NOAA style reports

NOAA-Style Climate Reports for Bentonville Arkansas (nwarwx.com)


Report for 2007 Jan
                  MONTHLY CLIMATOLOGICAL SUMMARY FOR 1/2007
                                        HEAT  COOL        
     MEAN                               DEG   DEG       WIND SPEED       DOM MEAN  MEAN
DAY  TEMP  HIGH   TIME     LOW   TIME   DAYS  DAYS RAIN AVG  HI  TIME    DIR BAROM HUM
---------------------------------------------------------------------------------------
1    34.9  47.3   3:16pm  24.4  11:57pm   30    0  0.00   5  25   1:50am  NW 30.26   64
2    33.4  50.4   2:53pm  21.0   4:52am   32    0  0.00   2  15  12:17pm SSW 30.35   70
3    39.3  51.6   3:07pm  25.0   5:53am   26    0  0.00   5  21  12:01pm SSW 30.19   68
4    49.1  54.5  12:46pm  45.1   2:02am   16    0  0.03   7  21  12:44pm SSW 29.85   84
5    49.2  53.4   3:52pm  45.5   6:34am   16    0  0.00   6  20   9:26pm  SW 29.76   89
6    44.7  52.3   2:34pm  38.7   7:38am   20    0  0.00   4  18  12:47am   N 30.08   65
7    43.9  52.2   1:38pm  32.7  11:58pm   21    0  0.00   7  34   2:05pm WNW 30.09   60
8    38.4  52.0   2:24pm  23.9   3:49am   27    0  0.00   9  32  12:43pm  SW 30.18   54
9    38.3  45.0   2:59pm  24.3  11:54pm   27    0  0.00   7  30  11:53am WNW 30.42   51
10   40.1  53.8   2:45pm  24.4  12:00am   25    0  0.00   8  31   1:16pm SSE 30.21   51
11   53.7  59.2  10:24pm  46.8  12:00am   11    0  0.00  14  36  10:28am SSW 29.97   75
12   46.7  60.8   9:19am  32.2   6:07pm   18    0  1.22   5  20  12:02am SSW 30.13   95
13   32.4  34.5   2:21pm  30.4   9:08pm   33    0  1.10   0   0  12:00am   N 30.19  100
14   30.2  34.3   1:47pm  26.8   5:52am   35    0  0.43   0   0  12:00am   N 30.09  100
15   20.6  28.4  12:00am  15.1  10:04pm   44    0  0.00   0   0  12:00am   N 30.31   92
16   15.1  20.7   3:57pm  10.8   7:23am   50    0  0.00   0   0  12:00am   N 30.58   78
17   23.4  30.6   5:35pm  15.3   5:34am   42    0  0.00   0   0  12:00am   N 30.47   74
18   29.9  31.6   4:20pm  25.7  11:55pm   35    0  0.00   0   0  12:00am   N 30.32   91
19   27.8  39.2   3:31pm  19.2   7:28am   25    0  0.00   1  12   3:41pm WNW 30.42   81
20   33.0  37.0  10:30am  27.5   2:29am   32    0  0.59   4  17  10:29pm   E 30.18   82
21   36.1  38.8   1:23pm  33.4  11:46pm   29    0  0.12   5  14  12:05am SSE 29.91  100
22   30.1  33.4  12:00am  24.1  10:53pm   35    0  0.00   2  18   5:50am WNW 30.19   77
23   32.1  47.3   3:23pm  19.6   6:25am   33    0  0.00   5  23   1:48pm WSW 30.15   72
24   35.0  49.8   3:36pm  24.3   7:21am   30    0  0.00   4  22   4:20pm WNW 30.24   77
25   34.7  51.1   4:07pm  22.8   5:28am   30    0  0.00   2  13   1:30pm   N 30.32   70
26   42.7  57.6   3:56pm  26.8   5:58am   22    0  0.00   8  33   2:04pm  SW 30.09   57
27   37.9  47.3  12:44am  25.0  11:57pm   27    0  0.00   8  30   9:48am   N 30.07   56
28   22.8  30.0   2:46pm  16.5   6:39am   42    0  0.00   7  25   1:17pm WNW 30.26   52
29   31.8  44.4   2:28pm  21.7  12:00am   33    0  0.00   8  27  10:32am  SW 30.14   59
30   22.5  31.1  12:51am  11.5  11:56pm   42    0  0.00   6  25  12:09pm   N 30.31   50
31   19.8  24.3   6:58pm  11.3  12:03am   45    0  0.00   5  16   2:44pm ESE 30.09   78
---------------------------------------------------------------------------------------
TOT  34.6  60.8  1/12/07  10.8  1/16/07  931    0  3.49   5  36  1/11/07  SW 30.19   73

HEAT BASE: 65.0
COOL BASE: 65.0