NOAA style reports

NOAA-Style Climate Reports for Bentonville Arkansas (nwarwx.com)


Report for 2007 Mar
                  MONTHLY CLIMATOLOGICAL SUMMARY FOR 3/2007
                                        HEAT  COOL        
     MEAN                               DEG   DEG       WIND SPEED       DOM MEAN  MEAN
DAY  TEMP  HIGH   TIME     LOW   TIME   DAYS  DAYS RAIN AVG  HI  TIME    DIR BAROM HUM
---------------------------------------------------------------------------------------
1    47.6  64.9   2:52am  33.1  11:59pm   17    0  0.16  15  39   3:55pm   W 29.55   59
2    42.0  51.8   3:37pm  32.2  12:27am   23    0  0.00  12  40   4:59pm   W 29.77   41
3    32.8  38.8  12:00am  24.6   9:47pm   32    0  0.00  12  37   7:52am WNW 30.11   45
4    33.9  50.0   4:19pm  18.3   6:59am   31    0  0.00   6  22   2:04pm WNW 30.36   45
5    45.2  66.0   2:58pm  25.9   6:57am   20    0  0.00   3  19  12:29pm  SW 30.35   43
6    50.9  68.2   1:47pm  33.1   6:08am   14    0  0.00   5  28   2:54pm SSW 30.25   42
7    51.2  68.4   3:45pm  34.5   6:28am   14    0  0.00   5  23   9:17am NNE 30.15   46
8    53.5  69.3   3:44pm  36.9   1:45am   12    1  0.00   4  20   3:45pm ENE 30.09   48
9    57.7  64.8   4:55pm  50.2  11:59pm    7    0  0.16   6  27   9:17am SSW 29.98   70
10   55.4  69.8   3:21pm  45.1   4:10am   10    0  0.00   6  16   3:48pm  NE 30.13   83
11   58.5  67.1   4:51pm  51.6   6:35am    6    0  0.00   7  21  12:27pm ENE 30.25   48
12   62.3  76.6   4:08pm  47.3   7:02am    6    3  0.00   4  15   2:51pm  NE 30.19   44
13   63.8  74.1   4:53pm  53.1   5:21am    3    2  0.00   5  21   3:53pm SSW 30.07   68
14   61.8  72.0   2:02pm  52.7   6:14am    5    1  0.00   3  13  10:23am SSW 29.92   76
15   55.7  68.7  12:17pm  46.9  11:55pm   10    0  0.00   6  22   8:28pm NNE 30.01   79
16   46.8  57.9   3:49pm  37.4   7:31am   18    0  0.00   7  27   4:14pm NNE 30.30   52
17   49.7  64.6   5:51pm  34.0   2:55am   15    0  0.00   6  25  12:51pm  SW 30.14   39
18   52.9  72.7   4:08pm  35.8   7:44am   13    1  0.00   8  24   5:43pm ENE 30.05   57
19   60.7  61.5   6:16am  60.1   7:59am    1    0  0.00   3   9   6:27am SSW 30.18   94
20   65.0  73.6   3:50pm  60.1   7:59am    1    1  0.00   6  32   3:51pm SSW 30.15   70
21   67.3  72.1   1:51pm  63.1   6:09am    0    3  0.00  11  31  11:39am   S 30.09   69
22   69.1  76.5   4:42pm  64.0   7:35am    0    4  0.00  10  29  10:13am SSW 30.11   61
23   67.5  72.1  12:29pm  61.9   4:45am    0    3  0.12   9  27  12:35pm SSW 30.09   67
24   66.7  78.3   3:51pm  56.8   4:44am    2    4  0.00   7  28   4:52pm SSW 30.16   66
25   68.5  77.7   3:48pm  63.1   2:19am    0    4  0.00   7  27   4:58pm SSW 30.16   65
26   67.1  75.2   5:34pm  59.7   4:54am    1    3  0.00   5  19  12:34pm SSE 30.10   70
27   64.2  71.4   3:54pm  60.1  11:56pm    2    1  0.00   6  23   6:07pm   E 29.99   70
28   66.2  76.3   3:39pm  58.3   1:30am    2    3  0.16   6  19   1:14pm  SE 30.00   83
29   69.4  79.2   1:48pm  59.5   6:38am    1    5  0.00   6  24   2:32pm ESE 30.09   70
30   69.9  78.3   3:22pm  62.6  11:56pm    0    5  0.12   5  34  11:10pm SSE 30.07   65
31   60.1  63.9   4:24pm  53.1   9:34pm    5    0  0.08  10  31  10:17am  SW 29.83   72
---------------------------------------------------------------------------------------
TOT  57.5  79.2  3/29/07  18.3   3/4/07  275   46  0.80   7  40   3/2/07 SSW 30.08   61

HEAT BASE: 65.0
COOL BASE: 65.0