NOAA style reports

NOAA-Style Climate Reports for Bentonville Arkansas (nwarwx.com)


Report for 2007 Apr
                  MONTHLY CLIMATOLOGICAL SUMMARY FOR 4/2007
                                        HEAT  COOL        
     MEAN                               DEG   DEG       WIND SPEED       DOM MEAN  MEAN
DAY  TEMP  HIGH   TIME     LOW   TIME   DAYS  DAYS RAIN AVG  HI  TIME    DIR BAROM HUM
---------------------------------------------------------------------------------------
1    60.5  74.8   4:57pm  45.3   6:28am    7    2  0.00   7  22   3:56pm  SW 29.92   57
2    67.8  81.5   3:33pm  51.3   6:30am    4    7  0.00   6  27   2:17pm SSW 29.96   49
3    68.1  77.2   2:13pm  48.6  11:58pm    2    5  0.00  10  31  11:42am SSW 29.94   63
4    44.6  56.3   3:43pm  34.9   7:05am   20    0  0.00   6  20   3:11pm   N 30.31   46
5    39.2  52.2   2:53pm  31.1   7:13am   26    0  0.00   5  19   6:26pm NNE 30.29   57
6    34.7  42.4   4:42pm  27.9  11:47pm   30    0  0.08   5  27   3:39pm WNW 30.29   68
7    30.2  39.0   3:17pm  23.5   6:11am   35    0  0.00   6  24   4:29pm WNW 30.27   43
8    34.2  47.5   3:45pm  18.0   6:06am   31    0  0.00   4  21   3:15pm   W 30.19   45
9    45.0  56.5   4:29pm  34.7  12:47am   20    0  0.00   3  25   3:15pm SSE 30.05   42
10   47.4  50.9  11:46pm  41.5   2:00am   18    0  0.31   6  21  12:24pm  SE 29.72   83
11   50.7  61.3   2:00pm  43.7  11:58pm   14    0  0.04  15  46   5:01pm   W 29.61   72
12   46.8  61.0   5:33pm  32.2   7:00am   18    0  0.00   5  17   8:38pm  NE 30.02   57
13   43.7  49.5   1:15am  39.7   9:18pm   21    0  1.28  11  29   2:42pm  NE 30.03   78
14   39.6  44.8   6:09pm  36.3   8:33am   25    0  0.35   6  27   1:28am   N 29.91   93
15   46.8  63.9   4:42pm  31.5   7:07am   18    0  0.00   3  22   1:52pm WNW 30.10   65
16   53.8  73.4   4:42pm  32.5   5:08am   13    2  0.00   3  16   3:04pm  SW 30.14   53
17   57.0  68.4   1:56pm  43.5   1:58am    9    1  0.18   3  17   6:36pm  SE 29.96   56
18   60.6  73.8   4:53pm  51.1  11:54pm    6    2  0.00   5  18   4:31pm NNE 29.87   68
19   61.4  76.3   5:36pm  42.8   6:05am    7    3  0.00   3  14   1:29pm  NE 29.95   55
20   65.4  78.1   4:14pm  54.1   6:12am    3    4  0.00   6  19  11:25am ESE 30.09   44
21   67.9  81.0   3:54pm  54.0   6:34am    3    6  0.00   7  22   5:54pm  SE 30.06   42
22   67.2  73.0  12:13pm  62.6   6:25am    0    2  0.00  10  35  11:44am SSW 29.97   56
23   70.8  79.3   3:27pm  64.6   1:30am    0    6  0.00   8  21   3:53am  SW 30.05   73
24   67.3  76.3   1:52pm  60.6  11:51pm    1    3  1.34   6  30   7:06pm SSE 29.91   87
25   64.1  72.5   3:00pm  57.0  11:54pm    2    1  0.00  10  35   4:44pm   S 29.72   73
26   51.3  57.0  12:00am  44.4  11:31pm   14    0  0.00  10  28   7:56am   W 29.85   94
27   57.7  71.2   1:44pm  41.7   5:49am    9    1  0.00   8  29   5:43pm  SW 30.02   69
28   63.4  76.1   4:16pm  49.1   5:41am    5    3  0.00   4  19  11:41am WNW 30.16   59
29   65.5  82.4   5:03pm  46.4   6:42am    6    6  0.00   3  16  12:50pm WSW 30.16   56
30   69.9  83.8   4:50pm  52.2   5:27am    3    8  0.00   5  24   3:17pm SSW 30.02   56
---------------------------------------------------------------------------------------
TOT  54.8  83.8  4/30/07  18.0   4/8/07  369   63  3.58   6  46  4/11/07  SW 30.02   62

HEAT BASE: 65.0
COOL BASE: 65.0