NOAA style reports

NOAA-Style Climate Reports for Bentonville Arkansas (nwarwx.com)


Report for 2007 May
                  MONTHLY CLIMATOLOGICAL SUMMARY FOR 5/2007
                                        HEAT  COOL        
     MEAN                               DEG   DEG       WIND SPEED       DOM MEAN  MEAN
DAY  TEMP  HIGH   TIME     LOW   TIME   DAYS  DAYS RAIN AVG  HI  TIME    DIR BAROM HUM
---------------------------------------------------------------------------------------
1    66.8  73.6  11:50am  61.3  11:29pm    1    3  0.63   4  22   1:01pm ESE 29.94   81
2    65.1  68.9  11:34am  61.5  12:00am    1    1  0.47   5  16  11:11am  SE 29.87   97
3    67.4  75.0   4:38pm  63.5  12:33am    0    3  0.08   6  19   2:46pm   S 29.83   85
4    70.6  81.1   3:45pm  60.3   7:00am    1    7  0.00   5  20   4:22pm SSE 29.85   77
5    74.5  81.7   4:04pm  67.6   1:52am    0   10  0.00   8  25  11:07am  SE 29.84   78
6    78.8  88.0   4:01pm  71.6   6:42am    0   14  0.00   7  24   3:54am  SE 29.96   64
7    66.9  74.8  12:00am  59.5  11:57pm    1    3  0.55   4  29   6:35am  SE 30.11   87
8    66.8  76.6   5:51pm  58.5   1:33am    2    3  0.00   1  16  11:05am ESE 30.13   88
9    71.3  80.4   3:49pm  62.2   2:47am    0    7  0.00   3  21   9:37pm SSW 30.02   77
10   68.7  80.8   2:54pm  63.1   5:18am    0    4  0.00   2  34   3:20pm WSW 30.00   85
11   68.1  83.1   2:51pm  60.3   6:19am    1    4  0.00   1  16   3:55pm NNE 30.05   83
12   72.4  87.1   3:25pm  56.7   6:24am    2    9  0.00   3  18  11:32am NNE 30.10   67
13   74.2  86.9   3:43pm  60.1   6:25am    1   10  0.00   3  14   1:38pm ESE 30.14   60
14   74.0  85.5   3:53pm  59.0   4:46am    1   10  0.00   4  19  12:39pm SSW 30.10   57
15   67.4  78.3  10:49am  56.1  11:44pm    2    4  0.28   4  22   9:49am   N 30.06   80
16   60.2  72.5   4:06pm  48.0   5:07am    7    2  0.00   4  20   1:02pm NNE 30.20   61
17   60.2  74.3   1:30pm  46.2   4:33am    8    3  0.00   4  22   1:16pm NNE 30.25   58
18   59.8  73.4   4:31pm  45.5   2:50am    7    2  0.00   3  17   8:06am ESE 30.26   51
19   61.7  75.7   4:24pm  46.6   3:12am    6    3  0.00   3  14   3:51pm  SW 30.21   53
20   64.7  77.9   4:39pm  47.8   6:20am    5    5  0.00   3  18   4:02pm  SW 30.12   54
21   68.8  79.0   3:43pm  55.9   4:37am    2    6  0.00   6  21   2:09pm SSE 30.01   57
22   69.4  75.7   1:12pm  64.2   6:00am    0    4  0.12   7  29   3:17pm SSE 29.97   70
23   72.3  80.8   4:29pm  64.2   4:44am    0    7  0.00   6  22   5:41pm SSE 30.06   66
24   68.5  74.7  10:44am  63.7  12:15pm    0    4  0.43   5  27  11:35am SSE 30.15   81
25   69.1  77.7   2:49pm  62.1   2:36am    0    4  0.00   4  22   2:11pm SSW 30.18   85
26   69.9  78.6   3:03pm  63.1   3:22am    0    5  0.04   2  30   3:37pm  SW 30.13   80
27   69.2  75.7   3:54pm  64.2   4:28am    0    4  0.06   3  17   1:14pm ESE 30.09   82
28   70.6  79.5   4:54pm  65.1   6:33am    0    6  0.35   3  30   6:21pm ESE 30.07   80
29   69.2  75.0  11:16am  64.8   6:21am    0    4  0.08   4  21   5:16pm  SE 30.05   82
30   70.1  76.1   2:47pm  64.8  12:02am    0    5  0.25   4  22   4:26pm  SE 29.97   84
31   72.9  82.0   4:59pm  64.9   2:20am    0    8  0.04   3  13   2:10pm   W 30.01   74
---------------------------------------------------------------------------------------
TOT  68.7  88.0   5/6/07  45.5  5/18/07   47  161  3.38   4  34  5/10/07  SE 30.05   74

HEAT BASE: 65.0
COOL BASE: 65.0