NOAA style reports

NOAA-Style Climate Reports for Bentonville Arkansas (nwarwx.com)


Report for 2007 Jul
                  MONTHLY CLIMATOLOGICAL SUMMARY FOR 7/2007
                                        HEAT  COOL        
     MEAN                               DEG   DEG       WIND SPEED       DOM MEAN  MEAN
DAY  TEMP  HIGH   TIME     LOW   TIME   DAYS  DAYS RAIN AVG  HI  TIME    DIR BAROM HUM
---------------------------------------------------------------------------------------
1    73.8  81.0   3:37pm  69.8   4:34am    0    9  0.63   4  18   4:31pm   E 30.02   92
2    74.6  82.8   2:58pm  70.7   3:55pm    0   10  1.18   5  20   2:31pm ESE 30.09   91
3    77.2  86.4   5:23pm  69.8   1:31am    0   12  0.00   4  15   2:52pm  SW 30.09   81
4    77.6  87.3   4:07pm  67.5   4:54am    0   13  0.00   4  18   4:26pm WSW 30.08   78
5    76.3  88.3   2:39pm  69.6  11:45pm    0   11  0.00   3  22   4:22pm   W 30.08   85
6    77.7  89.4   2:25pm  66.9   4:37am    0   13  0.00   3  17   3:19pm  NE 30.08   75
7    77.7  88.5   5:09pm  66.6   5:52am    0   13  0.00   3  14  11:56am  NE 30.02   69
8    79.8  89.1   2:42pm  69.6   5:58am    0   15  0.00   5  22   3:38pm  SW 29.93   72
9    78.6  88.9   3:16pm  72.7   5:30am    0   14  0.00   6  22   3:50pm SSW 29.91   81
10   72.3  78.8   6:51pm  69.3   5:44am    0    7  0.47   2  14  10:37am  SW 29.94   95
11   74.6  82.9   4:55pm  66.0  11:55pm    0   10  0.00   3  17   8:26am NNE 30.10   70
12   68.8  77.0   6:38pm  61.0   3:47am    0    4  1.30   2  19   3:05pm ESE 30.09   92
13   73.6  84.2   6:18pm  66.9   4:27am    0    9  0.00   1  11  11:23am NNE 30.05   84
14   76.2  86.7   3:45pm  66.9   6:23am    0   11  0.00   3  14   3:38pm WNW 29.99   77
15   78.3  89.2   4:28pm  67.8   6:04am    0   13  0.00   4  16   4:08pm WSW 29.95   77
16   80.6  90.7   4:12pm  70.2   5:43am    0   16  0.00   4  14  12:21pm  SW 29.99   73
17   80.6  90.5   4:26pm  70.3   6:24am    0   16  0.00   4  16  10:28am  SW 30.03   73
18   79.3  88.9   3:22pm  70.5   6:31am    0   10  0.00   5  23   3:17pm  SW 30.04   75
19   79.2  87.8   4:07pm  72.0   6:50am    0   14  0.00   7  29  10:25am  SW 30.02   70
20   78.3  88.9   2:48pm  71.4   3:56am    0   13  0.00   3  16   7:45pm  SW 30.05   81
21   77.7  86.0   4:42pm  71.4   3:56am    0   13  0.00   4  14   6:36pm ESE 30.12   80
22   76.8  85.8   3:52pm  66.9  11:11pm    0   12  0.00   3  13   4:09pm ESE 30.15   67
23   73.4  84.0   3:46pm  63.1   6:27am    0    8  0.00   3  14  12:10pm ESE 30.09   67
24   73.9  85.8   5:22pm  60.8   4:18am    1   10  0.00   3  14   2:01pm ESE 30.04   60
25   74.5  86.4   4:47pm  61.3   6:19am    1   10  0.00   3  17   4:18pm WSW 30.04   67
26   77.2  87.1   3:32pm  66.4   5:07am    0   12  0.00   4  19   3:53pm  SW 30.05   66
27   78.0  88.2   4:06pm  69.6   1:32am    0   13  0.00   5  19  12:37pm  SW 30.01   73
28   77.8  90.9   4:24pm  68.7   6:23am    0   13  0.04   4  29   6:45pm WNW 29.94   81
29   79.8  90.5   2:23pm  70.2   6:19am    0   14  0.00   3  16   3:56pm  NE 29.92   76
30   79.0  88.5   2:23pm  72.7   3:24am    0   14  0.00   3  19   2:56pm ESE 29.98   79
31   79.5  89.4   2:22pm  72.0   6:53am    0   14  0.00   3  19   2:52pm  NE 30.01   71
---------------------------------------------------------------------------------------
TOT  76.8  90.9  7/28/07  60.8  7/24/07    2  364  3.62   4  29  7/19/07  SW 30.03   77

HEAT BASE: 65.0
COOL BASE: 65.0