NOAA style reports

NOAA-Style Climate Reports for Bentonville Arkansas (nwarwx.com)


Report for 2007 Aug
                  MONTHLY CLIMATOLOGICAL SUMMARY FOR 8/2007
                                        HEAT  COOL        
     MEAN                               DEG   DEG       WIND SPEED       DOM MEAN  MEAN
DAY  TEMP  HIGH   TIME     LOW   TIME   DAYS  DAYS RAIN AVG  HI  TIME    DIR BAROM HUM
---------------------------------------------------------------------------------------
1    79.4  90.1   3:39pm  70.3   7:12am    0   14  0.00   2  18   2:15pm  NE 29.99   65
2    80.1  92.5   5:27pm  69.1   6:41am    0   15  0.00   2  20   1:07pm NNE 30.02   70
3    78.3  91.8   1:21pm  71.1   6:02am    0   13  0.13   2  24   3:26pm  SW 30.07   82
4    80.4  90.7   3:53pm  70.2   6:05am    0   15  0.00   5  22   4:51pm  SW 30.05   72
5    81.5  90.5   5:13pm  73.4   3:39am    0   16  0.00   6  25  12:52pm  SW 29.98   68
6    83.3  92.8   3:15pm  74.8   6:30am    0   18  0.00   7  24   1:29pm  SW 29.96   68
7    83.5  93.0   3:59pm  75.2   6:13am    0   17  0.00   8  24  11:14am  SW 29.93   67
8    84.0  93.4   3:40pm  74.7   6:08am    0   19  0.00   7  23   5:16pm  SW 29.93   67
9    85.0  96.6   5:19pm  74.8   6:46am    0   20  0.00   5  24   9:34am WSW 29.99   67
10   84.3  97.3   3:53pm  71.8   6:42am    0   19  0.00   3  14   4:22pm WSW 30.03   67
11   84.1  98.1   3:55pm  71.2   5:15am    0   19  0.00   3  16   2:40pm WSW 30.04   60
12   83.9  99.9   4:12pm  68.2   6:58am    0   19  0.00   2  14   3:26pm WSW 30.10   62
13   86.2 100.6   3:50pm  72.0   4:26am    0   21  0.00   2  16   3:52pm NNE 30.08   59
14   86.6 101.5   5:23pm  73.6   4:54am    0   21  0.00   1  13   1:44pm WNW 30.00   58
15   86.3 100.2   3:06pm  71.1   6:30am    0   21  0.00   3  17   1:29pm  SW 29.95   54
16   85.4  98.2   4:02pm  72.7   7:03am    0   20  0.00   4  18  12:59pm WSW 30.01   52
17   84.5  95.9   4:27pm  73.0   6:15am    0   19  0.00   2  13   2:23pm WSW 30.06   54
18   79.7  84.7   6:30pm  74.1  12:07pm    0   15  0.05   3  21  10:56am  SW 30.06   71
19   77.8  83.8   3:15pm  71.2  10:27pm    0   13  0.17   6  24   8:13pm  SE 29.95   77
20   81.7  90.3   4:33pm  72.0  12:22am    0   17  0.08  10  32  11:20am  SW 29.91   70
21   82.1  91.0   3:09pm  74.5   1:06am    0   17  0.00   7  23   9:54am  SW 30.02   61
22   83.2  91.0   2:49pm  71.8   3:15am    0   14  0.00   7  27  12:31pm  SW 30.05   54
23   82.5  92.1   3:49pm  73.0   2:25am    0   17  0.00   8  29  12:31pm  SW 29.99   59
24   79.4  91.6   2:36pm  71.8  11:02pm    0   14  0.47   8  34   4:47pm  SW 29.94   75
25   73.5  84.0   5:30pm  66.4   3:16am    0    8  2.48   3  31   2:40am WNW 30.02   86
26   77.5  90.9   4:44pm  66.2   5:26am    0   12  0.00   1  11   1:36pm  SE 30.04   72
27   80.3  92.3   5:24pm  68.2   7:00am    0   15  0.00   3  18   1:18pm  SW 30.04   68
28   80.4  92.7   2:29pm  67.6   6:41am    0   15  0.00   2  20   4:00pm  SW 30.04   61
29   79.7  90.7   3:48pm  72.3   7:30am    0   15  0.00   2  19   4:29pm NNE 30.09   71
30   77.0  86.0   4:35pm  68.5   6:54am    0   12  0.00   5  20   3:19pm NNE 30.13   76
31   74.1  86.2   4:41pm  64.6   7:04am    0    9  0.00   4  16   3:54pm  NE 30.11   67
---------------------------------------------------------------------------------------
TOT  81.5 101.5  8/14/07  64.6  8/31/07    0  505  3.38   4  34  8/24/07  SW 30.02   67

HEAT BASE: 65.0
COOL BASE: 65.0