NOAA style reports

NOAA-Style Climate Reports for Bentonville Arkansas (nwarwx.com)


Report for 2007 Sep
                  MONTHLY CLIMATOLOGICAL SUMMARY FOR 9/2007
                                        HEAT  COOL        
     MEAN                               DEG   DEG       WIND SPEED       DOM MEAN  MEAN
DAY  TEMP  HIGH   TIME     LOW   TIME   DAYS  DAYS RAIN AVG  HI  TIME    DIR BAROM HUM
---------------------------------------------------------------------------------------
1    71.7  86.2   4:04pm  55.9   6:49am    2    9  0.00   3  17   2:10pm  NE 30.11   60
2    74.2  90.0   5:21pm  57.0   5:24am    1   11  0.00   2  14   2:11pm  NE 30.13   56
3    76.1  90.3   4:00pm  67.1   4:38am    0   11  0.31   2  18   5:16pm ESE 30.12   72
4    74.5  81.7   3:02pm  69.6   5:15am    0    9  0.08   3  16   2:45pm WSW 30.02   90
5    71.6  73.8   5:55pm  68.9   8:08am    0    7  1.06   2  16   7:53am  SE 29.95  100
6    78.1  86.4   4:52pm  69.1   5:56am    0   13  1.85   6  40   5:47am SSW 29.93   82
7    76.2  79.5  12:00am  74.1   7:06am    0   11  0.91   6  22  11:44am  SW 29.99   92
8    73.6  76.8  10:43am  71.8   9:56pm    0    9  2.36   1  25  10:59am WSW 29.98  100
9    75.0  83.7   3:53pm  70.3   5:30am    0   10  0.00   3  17  10:29am  NE 30.03   86
10   72.9  84.9   1:10pm  66.6  11:57pm    0    8  0.71   3  20  11:49pm NNE 30.03   93
11   63.8  74.8   4:32pm  56.7  11:57pm    3    2  0.00   5  20   2:27am NNE 30.11   74
12   65.8  80.8   5:03pm  53.1   6:12am    4    5  0.00   2  12   4:56pm  NE 30.10   72
13   69.2  82.2   3:30pm  57.2   5:03am    2    6  0.00   3  16   1:12pm  SW 30.03   75
14   65.6  72.7   1:54pm  57.2  11:57pm    1    2  0.00   4  22   2:02pm NNE 30.14   72
15   57.6  64.2  11:36am  55.0   2:08am    7    0  0.00   5  18   3:21pm  NE 30.33   65
16   68.3  82.0   4:29pm  54.1   6:25am    3    6  0.00   4  18  10:56am SSW 30.33   73
17   73.0  84.0   4:19pm  62.2   4:59am    0    8  0.00   5  20   1:04pm SSE 30.12   70
18   74.5  85.1   3:45pm  61.2   7:12am    0   10  0.00   4  22   2:56pm   S 30.10   63
19   75.7  88.2   3:32pm  66.7   5:11am    0   11  0.00   2  16  11:19am SSW 30.15   73
20   73.5  84.9   3:52pm  64.2   6:24am    0    9  0.00   2  14   1:38pm ESE 30.12   71
21   70.7  84.0   4:18pm  58.6   6:41am    1    7  0.00   2  16  11:50am  SW 30.05   72
22   73.3  86.9   3:32pm  61.3   4:04am    1    9  0.00   2  14   1:41pm  NE 30.13   74
23   74.4  84.6   1:14pm  65.1   2:53am    0    9  0.00   5  20   1:18pm ESE 30.07   77
24   76.6  84.9   3:10pm  69.6   5:09am    0   12  0.00   5  22   4:35pm SSE 30.05   76
25   71.1  81.3   1:07pm  66.0  11:53pm    0    6  0.55   4  32   2:27pm SSW 30.10   92
26   70.2  78.6   4:37pm  64.4   3:10am    0    5  0.20   3  16   3:32pm  SW 30.17   91
27   70.5  81.0   3:21pm  59.7  10:33pm    1    6  0.00   2  14  12:13pm NNE 30.12   78
28   68.5  82.9   2:45pm  56.5   7:00am    2    6  0.00   1  11   3:58pm ESE 30.46   67
29   69.3  80.2   3:33pm  58.3   3:16am    1    6  0.00   4  23  12:39pm  SE 30.40   50
30   71.9  83.1   3:32pm  59.0   4:34am    1    8  1.10   7  32   9:13pm  SW 30.35   66
---------------------------------------------------------------------------------------
TOT  71.6  90.3   9/3/07  53.1  9/12/07   32  229  9.13   3  40   9/6/07 SSW 30.12   76

HEAT BASE: 65.0
COOL BASE: 65.0