NOAA style reports

NOAA-Style Climate Reports for Bentonville Arkansas (nwarwx.com)


Report for 2007 Oct
                  MONTHLY CLIMATOLOGICAL SUMMARY FOR 10/2007
                                        HEAT  COOL        
     MEAN                               DEG   DEG       WIND SPEED       DOM MEAN  MEAN
DAY  TEMP  HIGH   TIME     LOW   TIME   DAYS  DAYS RAIN AVG  HI  TIME    DIR BAROM HUM
---------------------------------------------------------------------------------------
1    67.8  82.8   4:05pm  53.6   7:34am    2    5  0.00   1   9  11:55am   E 30.18   72
2    74.1  84.4   3:37pm  64.6   1:05am    0    9  2.04   6  28  12:45pm  SW 29.99   82
3    70.7  79.3   4:41pm  64.4   6:58am    0    6  0.00   3  14   4:27am ESE 29.97   89
4    75.1  84.2   3:02pm  67.8   5:49am    0   10  0.00   5  17   3:19pm  SE 29.96   73
5    76.7  85.8   3:53pm  70.3   6:43am    0   12  0.00   5  20  12:43pm  SE 30.01   76
6    76.7  84.2   3:16pm  69.6   6:53am    0   12  0.00   4  16   9:12am  SE 30.01   80
7    77.8  87.1   4:12pm  71.6   5:39am    0   13  0.00   5  16  10:34am  SE 29.99   75
8    68.9  76.3   9:46am  60.8  11:56pm    0    4  0.43   2  23  10:11am NNE 30.03   96
9    62.9  77.9   4:45pm  50.0   7:17am    5    3  0.00   1  14   2:39pm NNE 30.17   76
10   61.0  74.3   4:42pm  50.2  11:31pm    6    2  0.00   2  12  10:26am NNE 30.08   73
11   55.5  68.7   4:20pm  46.6   6:20am   10    0  0.00   2  11   1:14pm  NE 30.03   73
12   59.7  75.0   4:42pm  45.7   6:43am    8    2  0.00   2  11  11:06am SSW 29.98   70
13   64.1  76.5   3:10pm  52.3   4:06am    4    3  0.00   5  18   6:14pm  SE 29.91   61
14   65.8  75.2   2:38pm  54.5   5:58am    2    3  0.00   6  22  12:40pm SSE 29.89   53
15   61.3  67.5   3:53pm  57.6  10:21pm    4    0  0.51   6  25   1:06am WSW 29.88   90
16   62.0  74.1   4:38pm  52.0   6:43am    5    2  0.00   4  14   4:55pm SSE 29.91   77
17   68.2  75.6   4:55pm  57.4  12:00am    2    5  0.31   8  51  10:09pm SSE 29.65   84
18   64.7  72.9   2:05pm  52.9  11:44pm    2    2  0.00   9  36   3:37pm WSW 29.52   55
19   57.1  68.5   3:14pm  48.6  10:10pm    8    1  0.00   8  27  10:47am   W 29.83   57
20   64.0  78.4   4:13pm  46.2   7:25am    6    5  0.00   6  28   1:12pm SSW 29.84   50
21   70.2  79.0   2:56pm  64.8   7:27am    0    5  0.00   9  35  12:40pm   S 29.82   48
22   52.0  65.8  12:00am  44.8  11:57pm   13    0  0.77   8  27  10:06pm NNE 29.99   91
23   49.0  60.4   2:44pm  41.2  10:32pm   16    0  0.00   4  25   2:25pm   N 30.02   66
24   52.1  60.1   3:30pm  42.3   1:27am   13    0  0.00   7  34   2:58pm NNE 30.09   53
25   46.7  57.6   2:45pm  36.3   7:29am   18    0  0.00   7  23  11:46am NNE 30.03   66
26   49.2  52.5   3:27pm  46.0   6:09am   16    0  0.00   3  14  12:52pm WNW 30.07   85
27   51.6  66.0   4:45pm  39.2   6:58am   13    0  0.08   2  16   1:11pm WNW 30.37   79
28   50.1  62.2   1:51pm  40.6   6:52am   15    0  0.00   2  14  12:41pm  NE 30.49   74
29   51.2  66.6   3:22pm  39.4   6:04am   14    0  0.00   1  10  11:31am  SW 30.40   74
30   52.8  68.4   3:58pm  38.5   7:38am   13    0  0.00   3  16  12:39pm  SW 30.22   69
31   57.9  70.5   1:56pm  46.6  12:58am    8    1  0.00   6  24   8:09pm NNE 30.11   70
---------------------------------------------------------------------------------------
TOT  61.8  87.1  10/7/07  36.3 10/25/07  203  105  4.15   5  51 10/17/07  SE 30.01   72

HEAT BASE: 65.0
COOL BASE: 65.0