NOAA-Style Climate Reports for Bentonville Arkansas (nwarwx.com)
Select data to display
Select a Year or Month report
Select a Year or Month report
Report for 2007 Nov
MONTHLY CLIMATOLOGICAL SUMMARY FOR 11/2007 HEAT COOL MEAN DEG DEG WIND SPEED DOM MEAN MEAN DAY TEMP HIGH TIME LOW TIME DAYS DAYS RAIN AVG HI TIME DIR BAROM HUM --------------------------------------------------------------------------------------- 1 49.6 60.6 3:21pm 39.2 7:44am 15 0 0.00 4 18 9:54am NE 30.23 46 2 52.0 65.5 3:19pm 38.5 4:34am 13 0 0.00 2 13 3:23pm WNW 30.18 63 3 51.7 66.0 3:22pm 41.9 8:01am 13 0 0.00 2 11 8:14am NNE 30.23 66 4 62.8 71.2 2:26pm 39.2 3:50am 2 1 0.00 4 18 11:44am SW 30.02 65 5 60.6 71.6 11:23am 43.7 11:52pm 5 1 0.00 8 29 9:24am SW 30.02 59 6 39.6 50.7 2:43pm 28.6 11:59pm 25 0 0.00 3 20 8:41am NNE 30.37 46 7 41.0 56.1 3:23pm 26.1 5:17am 24 0 0.00 3 18 12:11pm SSW 30.27 58 8 51.1 67.6 2:45pm 36.3 5:35am 14 0 0.00 4 22 10:12am SW 30.02 56 9 55.2 74.5 2:55pm 40.8 6:19am 11 2 0.00 1 11 9:48am NNE 30.04 69 10 57.6 68.7 2:04pm 47.7 1:43am 8 0 0.00 6 20 10:06am SE 30.05 64 11 66.2 75.6 2:34pm 60.3 12:00am 2 3 0.00 8 30 10:53am SSW 29.96 70 12 66.6 73.2 2:56pm 60.1 11:53pm 1 2 0.63 6 25 11:34am SSW 30.08 76 13 65.0 70.7 3:29pm 59.5 1:22am 1 1 0.00 8 22 8:43am SW 29.97 86 14 57.3 65.8 12:00am 45.3 11:58pm 8 0 0.00 7 36 12:32pm NNE 30.00 58 15 41.8 51.6 1:48pm 29.5 10:25pm 23 0 0.00 5 20 10:02am WNW 30.30 40 16 45.7 59.7 2:10pm 28.2 1:32am 19 0 0.00 6 27 10:29am SSW 30.00 43 17 54.6 70.7 3:31pm 42.3 6:46am 11 1 0.00 2 14 9:36am SW 29.90 44 18 55.9 71.8 2:07pm 39.4 5:17am 10 1 0.00 3 18 11:58am SW 30.04 74 19 61.0 68.2 1:57pm 53.2 2:22am 5 1 0.00 6 23 12:50pm SSW 30.08 87 20 64.3 70.2 2:26pm 57.6 12:00am 2 1 0.00 10 34 2:18pm SSW 29.92 84 21 48.4 66.7 12:00am 32.5 11:56pm 17 0 0.12 8 28 2:09pm NW 29.98 94 22 31.5 38.5 2:09pm 24.4 11:04pm 33 0 0.00 3 20 12:06pm NW 30.38 66 23 30.4 42.3 3:59pm 17.6 6:20am 34 0 0.00 3 14 10:13am NE 30.35 63 24 37.6 42.8 1:35pm 33.6 5:46am 27 0 0.00 5 17 2:51am NE 30.23 57 25 37.8 39.2 7:18pm 35.4 8:24am 27 0 0.28 5 16 5:54pm ENE 30.00 84 26 39.6 48.9 3:21pm 31.3 11:55pm 25 0 0.12 3 22 8:59am N 30.07 86 27 42.7 58.5 2:08pm 27.0 7:09am 22 0 0.00 4 22 10:33pm SSW 30.30 64 28 50.5 61.3 2:35pm 38.7 11:56pm 14 0 0.00 10 38 9:40am SSW 30.10 48 29 39.1 52.3 2:05pm 23.5 5:50am 26 0 0.00 3 17 12:00am ESE 30.29 44 30 45.2 56.5 12:38pm 33.4 5:33am 20 0 0.00 5 23 8:07pm ESE 30.27 46 --------------------------------------------------------------------------------------- TOT 49.9 75.6 11/11/07 17.6 11/23/07 461 15 1.14 5 38 11/28/07 SW 30.12 63 HEAT BASE: 65.0 COOL BASE: 65.0