NOAA style reports

NOAA-Style Climate Reports for Bentonville Arkansas (nwarwx.com)


Report for 2007 Dec
                  MONTHLY CLIMATOLOGICAL SUMMARY FOR 12/2007
                                        HEAT  COOL        
     MEAN                               DEG   DEG       WIND SPEED       DOM MEAN  MEAN
DAY  TEMP  HIGH   TIME     LOW   TIME   DAYS  DAYS RAIN AVG  HI  TIME    DIR BAROM HUM
---------------------------------------------------------------------------------------
1    56.1  63.1  11:01pm  45.9  12:00am    9    0  0.00  11  32  10:51am SSE 29.99   56
2    51.2  68.4  11:16am  28.6  11:50pm   14    0  0.14  10  35  11:20am  SW 30.06   81
3    33.9  49.5   3:25pm  20.1   6:36am   31    0  0.00   3  14   3:41pm WSW 30.42   56
4    43.9  56.7   3:10pm  34.7   1:39am   21    0  0.00   6  20   9:52am  SW 29.96   45
5    37.9  49.3   6:31am  28.6  11:56pm   27    0  0.00   7  31  10:15am NNE 29.97   59
6    33.6  37.8   5:19pm  27.0   2:28am   31    0  0.01   6  18   1:18pm ESE 30.04   62
7    42.4  46.8   7:17pm  33.3   1:43am   23    0  0.00   5  17  10:10am ENE 29.98   86
8    48.6  54.5   1:43pm  45.5  11:53pm   16    0  0.00   4  14  11:11pm ENE 30.05   98
9    35.1  45.5  12:00am  30.6   9:53pm   30    0  0.51   4  16   4:21am   N 30.20  100
10   38.6  53.2  11:57pm  30.9  12:00am   26    0  1.76   2  13   1:07pm ESE 30.19  100
11   52.0  64.2   9:57am  35.6  11:57pm   13    0  0.47   5  32  10:21am   S 30.06   99
12   34.6  36.1  10:59am  33.6   6:14am   30    0  0.20   3  14  12:29am   N 30.20  100
13   33.0  37.4  12:27pm  30.0  11:22pm   32    0  0.00   2  16   1:41am WNW 30.21   95
14   34.5  40.8   2:34pm  29.8   6:28am   30    0  0.35   6  20   5:13pm ENE 30.17   85
15   31.2  35.6  11:16am  23.7   8:06pm   34    0  0.16   6  24   7:11pm  NW 29.92   97
16   28.9  40.3   2:54pm  21.9   2:34am   36    0  0.00   5  22  12:58am WSW 30.20   77
17   37.6  51.3   2:49pm  23.5   7:15am   27    0  0.00   5  22  12:35pm  SW 30.20   56
18   43.5  53.6   3:13pm  30.9  11:26pm   21    0  0.00   7  27  10:30am SSW 30.04   61
19   44.3  63.3   3:14pm  27.9   7:09am   21    0  0.00   4  16   2:01pm ESE 30.03   68
20   51.0  59.7   1:16pm  33.8  11:59pm   14    0  0.00   4  20  12:33pm WNW 29.82   85
21   47.1  65.5  12:51pm  29.7   5:59am   18    0  0.00   4  20   1:06pm  SE 29.81   76
22   44.4  62.2   1:21pm  23.5  11:55pm   21    0  0.16   5  33   2:34pm ESE 29.78   88
23   29.6  44.2   3:13pm  19.0   7:15am   35    0  0.00   4  32   1:28pm   W 30.15   60
24   35.7  49.6   2:38pm  24.8   7:50am   29    0  0.00   3  17   1:06pm WSW 30.18   58
25   39.4  55.2   2:23pm  24.1   2:49am   26    0  0.00   4  20   1:14pm SSE 30.05   53
26   36.3  42.8  12:01pm  30.2   1:30am   29    0  0.09   2  14  10:09pm   E 29.91   76
27   36.4  39.6   3:17pm  33.6   2:38am   29    0  0.04   3  17  11:18pm WNW 29.96   98
28   32.6  36.3  11:22am  27.0   7:28pm   32    0  0.10   8  25   9:50am WNW 29.99   87
29   31.9  42.6   3:08pm  25.9   8:12am   33    0  0.00   2  17  12:26pm SSE 30.07   68
30   36.0  49.6   3:26pm  27.0   7:46am   29    0  0.00   4  23   2:07pm  SW 29.92   56
31   37.4  44.4  12:42pm  27.9  12:00am   28    0  0.00   9  32   4:07pm WNW 29.99   50
---------------------------------------------------------------------------------------
TOT  39.3  68.4  12/2/07  19.0 12/23/07  795    0  3.99   5  35  12/2/07  SW 30.05   75

HEAT BASE: 65.0
COOL BASE: 65.0