NOAA style reports

NOAA-Style Climate Reports for Bentonville Arkansas (nwarwx.com)


Report for 2008 Jan
                  MONTHLY CLIMATOLOGICAL SUMMARY FOR 1/2008
                                        HEAT  COOL        
     MEAN                               DEG   DEG       WIND SPEED       DOM MEAN  MEAN
DAY  TEMP  HIGH   TIME     LOW   TIME   DAYS  DAYS RAIN AVG  HI  TIME    DIR BAROM HUM
---------------------------------------------------------------------------------------
1    26.9  31.6   1:09pm  20.3  11:49pm   38    0  0.00  11  36   2:39pm WNW 30.55   52
2    18.5  28.2   3:07pm  10.9   7:29am   47    0  0.00   5  27  12:25am  NW 30.77   50
3    26.1  38.1   2:14pm  13.1  12:22am   39    0  0.00   7  24  12:13pm   S 30.56   48
4    41.8  52.5  11:41pm  29.5   4:37am   23    0  0.00  12  36  12:49pm SSW 30.20   54
5    59.5  68.5   2:36pm  52.5  12:00am    6    0  0.00  13  37  10:15am SSW 29.90   71
6    64.9  71.1   2:14pm  61.0  12:00am    1    1  0.00  14  36   2:48pm SSW 29.86   69
7    66.1  69.3   1:31pm  61.5  11:59pm    0    1  0.28  13  34   8:59pm SSW 29.86   77
8    46.2  67.1   2:11am  31.8  11:00pm   19    0  0.75   9  59   2:13am WNW 29.94   95
9    38.9  53.8   3:00pm  25.3   6:43am   26    0  0.00   4  23   4:03pm  SE 30.06   73
10   40.2  48.4   9:07am  32.5  11:29pm   25    0  0.00  11  39  10:21am WNW 29.76   78
11   36.4  52.2   3:35pm  22.3   5:49am   29    0  0.00   4  15  10:38am SSW 29.92   60
12   39.4  47.3   2:34pm  32.5   3:24am   26    0  0.00   2  14   7:02am   N 30.01   57
13   30.2  40.6   2:54pm  23.7   6:12am   34    0  0.00   5  20  12:11pm  NW 30.20   72
14   34.3  48.0   3:00pm  23.2   7:16am   31    0  0.00   4  17   3:45pm  SW 30.28   69
15   38.7  56.3   2:28pm  22.3   5:04am   26    0  0.00   5  23   2:49pm  SE 30.12   63
16   43.7  51.3   1:27pm  40.1  11:29pm   21    0  0.12   7  22   2:44pm  SE 29.96   65
17   25.3  40.3  12:00am  18.3   8:17pm   39    0  0.00  10  32   2:20am WNW 30.07   80
18   29.4  45.1   3:14pm  18.7   2:43am   35    0  0.00   8  28  11:36am  SW 30.18   61
19   18.4  26.1   2:41pm  10.2   7:28am   47    0  0.00   6  20  12:25am NNE 30.41   53
20   26.2  39.4   3:17pm  15.3  12:42am   39    0  0.00   6  22  11:57am  SE 30.41   48
21   33.1  39.9   3:15pm  25.7   4:36am   32    0  0.00   8  23   4:16pm SSE 30.28   56
22   23.8  32.7   3:10am  14.7  10:58pm   41    0  0.00   4  16   7:59am NNW 30.29   86
23   24.0  36.3   3:59pm  12.6   5:07am   41    0  0.00   2  19   3:46pm WNW 30.20   70
24   20.3  29.1   3:01pm   9.5   7:35am   45    0  0.00   0   0  12:00am   N 30.41   56
25   29.1  33.1  11:43am  22.5  12:20am   36    0  0.00   5  23   1:34pm SSW 30.31   60
26   33.7  43.2   3:59pm  30.4  11:49pm   31    0  0.00   7  17  12:02am  SW 30.20   96
27   41.8  62.2   2:52pm  26.1   4:50am   23    0  0.00   4  20   2:02pm  SW 30.21   67
28   54.7  61.3   1:18pm  47.7  12:00am   10    0  0.00  14  40   2:11pm SSW 29.80   56
29   42.5  65.8  10:35am  18.3  11:59pm   22    0  0.00  15  52  11:00am  SW 29.72   72
30   32.4  46.8   2:41pm  16.0  12:45am   32    0  0.00   7  31   3:44pm ESE 30.02   49
31   31.4  34.7   5:21am  27.0  11:03pm   34    0  0.00   4  19   9:03am   E 29.95   86
---------------------------------------------------------------------------------------
TOT  36.1  71.1   1/6/08   9.5  1/24/08  898    3  1.14   7  59   1/8/08 SSW 30.14   66

HEAT BASE: 65.0
COOL BASE: 65.0