NOAA style reports

NOAA-Style Climate Reports for Bentonville Arkansas (nwarwx.com)


Report for 2008 Apr
                  MONTHLY CLIMATOLOGICAL SUMMARY FOR 4/2008
                                        HEAT  COOL        
     MEAN                               DEG   DEG       WIND SPEED       DOM MEAN  MEAN
DAY  TEMP  HIGH   TIME     LOW   TIME   DAYS  DAYS RAIN AVG  HI  TIME    DIR BAROM HUM
---------------------------------------------------------------------------------------
1    47.9  57.2   4:17pm  41.0   7:26am   17    0  0.00   7  24  12:14pm NNE 30.21   68
2    49.3  62.6   4:44pm  39.2   6:41am   16    0  0.01   7  19   3:34am ENE 30.24   62
3    57.0  65.8   2:34pm  49.5   3:34am    8    0  0.63   7  26   2:44pm SSW 29.89   99
4    45.5  54.1  12:00am  36.5  11:28pm   19    0  0.00   6  20   5:30am NNE 29.99   84
5    48.3  64.9   5:01pm  31.8   5:32am   17    0  0.00   3  14  11:49am  SE 29.98   68
6    57.3  70.7   4:38pm  43.5   5:04am    9    1  0.00   6  26   3:45pm SSE 29.87   63
7    60.9  73.9   3:29pm  43.2   6:11am    6    2  0.00   6  19   2:59pm  NE 29.97   50
8    57.7  65.5  12:17am  48.7  11:28pm    7    0  0.75   7  29   2:08pm  SE 29.89   84
9    51.6  59.7   4:55pm  43.9   6:21am   13    0  1.22   8  25   7:29pm ENE 29.96   92
10   64.3  72.1   4:15pm  57.2  12:41am    2    2  1.89  13  42   4:26pm  SW 29.54   69
11   49.1  60.3  12:00am  42.3   7:03am   16    0  0.00  18  54   3:00pm   W 29.83   52
12   45.4  53.1   3:12pm  38.3  11:43pm   20    0  0.00  13  43  11:45am WNW 30.04   48
13   37.5  43.0  12:11am  28.4  11:33pm   28    0  0.00   6  19   4:13pm WNW 30.21   62
14   41.5  57.7   5:17pm  24.8   5:41am   23    0  0.00   4  19  10:18am  NE 30.29   59
15   52.3  67.3   5:00pm  33.6   5:27am   13    0  0.00   7  24  11:12pm SSE 30.15   43
16   62.0  73.6   5:18pm  50.0   7:03am    5    2  0.00  10  32  11:28am   S 29.94   42
17   64.0  68.9   6:28pm  57.2  11:59pm    2    1  0.31   8  30  10:12am SSE 29.90   63
18   49.8  57.2  12:00am  44.4  11:02am   15    0  0.51  10  31   2:14pm   W 29.88   83
19   54.5  70.3   4:51pm  38.7   5:20am   11    1  0.00   6  28  12:56pm WNW 29.96   58
20   64.3  79.3   3:59pm  47.5   3:26am    5    5  0.00   5  22   5:04pm SSE 29.93   48
21   69.8  79.3   5:12pm  63.5   6:58am    0    5  0.00   6  23   2:35pm SSE 29.89   58
22   67.3  80.4   4:26pm  59.0  11:18pm    1    3  0.59   2  33   9:58am  SW 29.97   90
23   67.5  84.0   4:12pm  56.7   5:15am    3    5  1.00   4  25   8:41pm  SE 30.04   84
24   68.1  75.0   5:37pm  61.0  12:00am    1    4  0.07   9  27   4:43pm   S 29.90   77
25   62.9  70.9  11:50am  46.0  11:59pm    4    2  0.06   9  28   4:55am SSW 29.89   78
26   55.1  70.0   5:28pm  38.8   6:14am   11    1  0.00   4  20  11:01am  NE 30.11   61
27   49.9  56.1   2:19pm  38.1  11:39pm   15    0  0.00   5  23   7:31am   N 30.18   68
28   50.1  64.8   3:36pm  35.8   3:14am   15    0  0.00   6  33  12:13pm  SW 30.12   60
29   55.9  70.7   3:51pm  38.7   4:15am   10    1  0.00   6  24   4:26pm SSE 30.06   44
30   65.6  76.1   3:27pm  52.3   4:15am    3    4  0.00   9  32   6:32pm   S 29.79   51
---------------------------------------------------------------------------------------
TOT  55.8  84.0  4/23/08  24.8  4/14/08  316   38  7.05   7  73  4/22/08   S 29.99   66

HEAT BASE: 65.0
COOL BASE: 65.0