NOAA style reports

NOAA-Style Climate Reports for Bentonville Arkansas (nwarwx.com)


Report for 2008 May
                  MONTHLY CLIMATOLOGICAL SUMMARY FOR 5/2008
                                        HEAT  COOL        
     MEAN                               DEG   DEG       WIND SPEED       DOM MEAN  MEAN
DAY  TEMP  HIGH   TIME     LOW   TIME   DAYS  DAYS RAIN AVG  HI  TIME    DIR BAROM HUM
---------------------------------------------------------------------------------------
1    69.9  76.8   5:58pm  67.3  12:00am    0    5  0.00  13  37  12:57pm SSW 29.63   61
2    64.0  72.0   4:14am  55.6  11:50pm    3    2  0.47  13  60   4:36am WSW 29.67   58
3    50.9  63.3   4:05pm  42.4  11:52pm   12    0  0.00  11  35   3:37am WNW 29.98   55
4    54.0  69.8   5:29pm  36.1   6:17am   12    1  0.00   2  15   2:54pm WSW 30.13   59
5    63.6  80.4   5:32pm  43.3   5:35am    6    5  0.00   2  13   7:05pm  SW 30.11   54
6    64.1  70.3   2:25pm  57.0   5:30am    2    1  0.00   5  24   2:59pm   S 29.97   80
7    63.9  66.9   8:41am  57.6  11:49pm    1    0  1.14   4  23  12:28pm   S 29.70   97
8    61.0  69.4   6:09pm  54.5   3:40am    5    1  0.00   3  16  11:36am   N 29.68   93
9    65.3  75.9   4:31pm  58.1   6:01am    3    3  0.04   6  23  11:05am WNW 29.79   81
10   63.9  75.0   4:45pm  56.7  12:52am    3    2  0.55   8  47   8:34pm WNW 29.74   86
11   53.9  65.5   4:55pm  43.5   6:44am   11    0  0.00  11  51   2:57am WNW 29.97   52
12   58.8  74.7   3:25pm  37.9   6:19am    9    3  0.00   6  20   7:23pm SSE 29.94   56
13   68.5  73.0  12:55pm  63.0   5:16am    0    4  0.00   7  33  12:43pm   S 29.84   70
14   63.0  69.3  12:00am  57.2   7:09am    2    0  0.04   5  20   4:02am NNE 29.96   75
15   57.5  64.9   2:34pm  47.3  11:58pm    7    0  1.14   6  22   4:05pm NNE 29.96   85
16   58.0  71.8   3:52pm  40.3   5:14am    9    2  0.00   3  18   5:19pm WSW 30.08   69
17   65.4  78.8   4:30pm  48.9   6:13am    5    5  0.00   7  28  10:52am WSW 29.92   61
18   68.1  79.0   4:06pm  54.3   6:17am    2    5  0.00   5  27   1:49pm WNW 29.80   52
19   73.2  86.7   5:29pm  57.4  12:41am    1   10  0.00   9  33  10:11am  SW 29.71   47
20   69.8  77.7   4:53pm  55.4  11:59pm    1    6  0.00   4  20  10:22am WNW 29.83   52
21   66.1  80.2   4:55pm  49.1   6:26am    4    5  0.00   4  18   3:31pm  SE 29.78   61
22   74.1  82.2   4:39pm  64.9   7:40am    0    9  0.00   8  23   2:04pm  SE 29.68   61
23   74.4  82.6  12:01pm  67.6   3:02am    0    9  0.00   7  22   6:38pm  SE 29.83   74
24   74.2  81.7   5:52pm  63.3   9:02am    0    9  0.34   7  25   7:50am ESE 29.97   84
25   76.7  87.1   1:41pm  70.5  11:51pm    0   12  0.02   5  21  11:41am  SE 29.95   82
26   71.9  81.7   2:56pm  65.5   6:10am    0    7  1.11   5  35   4:22pm  NE 29.93   84
27   69.9  78.1   4:24pm  64.0   6:38am    0    5  0.79   4  28   2:47am NNE 30.00   89
28   69.3  76.3   3:53pm  64.4   2:21am    0    4  0.00   4  15   2:16pm  NE 30.17   91
29   72.8  83.7   4:17pm  62.6   6:17am    0    8  0.00   5  18   4:35pm  SE 30.12   79
30   76.5  84.9   4:04pm  68.9   3:17am    0   11  0.00   9  33  11:01am  SW 29.96   78
31   75.3  85.8   5:15pm  66.7   4:39am    0   10  0.14   3  42  10:44am  SW 30.00   80
---------------------------------------------------------------------------------------
TOT  65.6  87.1  5/25/08  36.1   5/4/08   99  143  5.79   8  60   5/2/08  SW 29.85   68

HEAT BASE: 65.0
COOL BASE: 65.0