NOAA style reports

NOAA-Style Climate Reports for Bentonville Arkansas (nwarwx.com)


Report for 2008 Jul
                  MONTHLY CLIMATOLOGICAL SUMMARY FOR 7/2008
                                        HEAT  COOL        
     MEAN                               DEG   DEG       WIND SPEED       DOM MEAN  MEAN
DAY  TEMP  HIGH   TIME     LOW   TIME   DAYS  DAYS RAIN AVG  HI  TIME    DIR BAROM HUM
---------------------------------------------------------------------------------------
1    73.6  84.9   5:11pm  60.1   5:10am    1    9  0.00   4  20   2:45pm  SW 30.08   70
2    78.1  87.1   3:52pm  68.9   4:07am    0   13  0.00   8  25  12:03pm  SW 30.00   62
3    77.6  87.4   3:42pm  70.5   5:20am    0   13  0.01   6  20   9:44pm  SW 30.00   69
4    75.2  85.3   5:30pm  67.6   5:41am    0   10  1.69   3  45   5:40am NNE 30.05   80
5    76.6  89.1   5:28pm  67.3  11:22pm    0   11  1.12   5  35  11:43pm WSW 30.02   82
6    78.9  89.1   3:11pm  67.3   4:28am    0   14  0.04   6  30  12:00am  SW 30.00   74
7    79.9  88.2   2:02pm  71.1   6:00am    0   15  0.00   6  21  12:57pm  SW 30.03   69
8    79.4  87.4   5:37pm  71.4  11:57pm    0   14  0.03   7  27   3:59pm  SW 30.03   71
9    72.2  78.8   6:13pm  69.3   7:56am    0    7  1.06   3  19  12:19am WSW 30.08   97
10   74.6  82.4  11:43am  69.8   2:20am    0    9  0.31   2  26  12:33pm WSW 30.09   91
11   80.3  88.3   4:30pm  71.6   6:05am    0   15  0.00   7  23   3:10pm  SW 30.04   73
12   79.4  89.2   6:04pm  71.1  11:58pm    0   14  0.63   5  26   7:19pm  SW 30.04   76
13   74.1  84.2   3:39pm  64.6  11:58pm    0    9  0.16   3  16   3:27pm  NE 30.06   72
14   72.8  85.6   5:20pm  59.5   4:46am    1    9  0.00   2  13  12:42pm  SE 30.05   68
15   74.9  86.0   4:12pm  61.0   6:25am    0   10  0.00   3  16   4:58pm  SE 30.12   64
16   76.7  86.7   3:12pm  63.9   4:12am    0   12  0.00   3  15  12:24pm ESE 30.16   63
17   77.7  89.4   2:33pm  64.6   5:27am    0   13  0.00   2  13  12:47pm  SE 30.11   65
18   80.1  89.6   4:33pm  67.6   6:15am    0   14  0.00   4  20  12:29pm  SW 30.03   65
19   80.9  90.3   3:47pm  69.3   6:02am    0   16  0.00   4  17  11:42am  SW 30.04   66
20   81.0  91.8   3:02pm  72.7   2:13am    0   16  0.00   4  19   9:58am WSW 30.09   70
21   83.0  92.7   3:23pm  72.0   6:25am    0   18  0.00   4  16   9:55am WSW 30.04   67
22   81.4  94.3   3:51pm  71.2   6:28am    0   16  0.00   4  16   5:14pm WSW 30.01   68
23   77.8  92.1   4:21pm  70.9   7:24pm    0   13  0.51   4  34   6:41pm ESE 30.04   77
24   80.2  89.4   5:26pm  70.7   4:30am    0   15  0.00   3  17  12:42pm  SW 30.05   79
25   82.1  90.0   3:46pm  73.8   6:07am    0   17  0.00   6  21   3:22pm WSW 30.07   72
26   82.8  93.4   4:16pm  73.0   6:12am    0   18  0.00   4  19   9:16pm WSW 30.06   71
27   80.9  93.0   5:09pm  69.8   2:56am    0   16  0.04   4  20   4:55am  SE 29.96   73
28   84.3  95.4   4:57pm  71.4   5:48am    0   19  0.00   3  14  12:47pm SSE 29.90   60
29   83.8  93.9   3:31pm  69.4   6:02am    0   19  0.00   5  20   2:49pm SSW 29.89   55
30   81.9  91.2   2:47pm  74.3   6:42am    0   17  0.00   5  25   1:30pm WSW 29.83   61
31   82.5  93.4   5:11pm  72.7   5:29am    0   17  0.00   2  12  12:29pm NNE 29.85   75
---------------------------------------------------------------------------------------
TOT  78.9  95.4  7/28/08  59.5  7/14/08    3  427  5.61   4  45   7/4/08  SW 30.03   71

HEAT BASE: 65.0
COOL BASE: 65.0