NOAA style reports

NOAA-Style Climate Reports for Bentonville Arkansas (nwarwx.com)


Report for 2008 Aug
                  MONTHLY CLIMATOLOGICAL SUMMARY FOR 8/2008
                                        HEAT  COOL        
     MEAN                               DEG   DEG       WIND SPEED       DOM MEAN  MEAN
DAY  TEMP  HIGH   TIME     LOW   TIME   DAYS  DAYS RAIN AVG  HI  TIME    DIR BAROM HUM
---------------------------------------------------------------------------------------
1    84.4  94.5   4:49pm  74.7   6:43am    0   19  0.00   3  17  10:40am WSW 29.93   73
2    84.6  97.5   4:24pm  73.8   5:00am    0   20  0.00   2  16   1:12pm WNW 29.95   71
3    86.5  97.7   6:15pm  73.4   6:28am    0   21  0.00   3  13  12:55pm  SW 29.97   63
4    87.3  98.6   5:47pm  73.9   6:10am    0   22  0.00   4  14   2:43pm  SW 30.00   61
5    85.5  96.4   5:56pm  72.7   5:27am    0   20  0.00   4  17   2:07pm  SW 30.05   58
6    82.2  92.1   5:41pm  72.9   7:10am    0   17  0.00   4  17  10:21am WSW 30.09   61
7    74.8  80.2   6:08pm  70.0  10:31am    0   10  0.40   3  25   9:00am  NE 30.07   92
8    76.1  87.1   4:23pm  65.7   6:58am    0   11  0.00   3  15  12:57pm NNE 30.06   69
9    71.5  78.8  12:17pm  66.7   6:11am    0    6  0.94   3  14   6:45pm ESE 29.97   89
10   71.1  76.6  11:41am  68.9  11:28pm    0    6  2.91   4  16   1:47pm  NE 29.93   99
11   70.9  75.2   4:13pm  66.7   6:26am    0    6  0.00   5  22   9:45am ESE 29.94   88
12   72.8  81.9   3:32pm  65.8  11:53pm    0    8  0.00   4  16  12:00am  NE 29.87   84
13   72.7  84.4   4:15pm  62.4   5:55am    0    8  0.00   3  20  11:40am NNE 29.92   75
14   72.2  85.3   2:28pm  61.0   6:19am    1    8  0.00   4  18  10:09am  NE 29.97   79
15   70.8  77.4   2:53pm  67.1  11:53pm    0    6  0.06   4  17   5:46pm  NE 30.05   91
16   71.0  79.9   5:30pm  63.1   4:50am    0    6  0.00   3  15   1:23pm  NE 30.14   80
17   70.7  81.7   4:24pm  59.7   6:11am    1    6  0.00   2  14  11:18am  NE 30.10   73
18   71.1  81.1   1:57pm  59.5   4:07am    1    7  0.00   2  15   1:31pm  NE 30.04   73
19   71.5  77.0   4:17pm  67.5   4:48am    0    6  0.00   5  19   2:19pm  NE 30.03   73
20   70.1  72.3   1:42pm  68.4   6:26am    0    5  0.00   5  17   9:25am  NE 29.97   93
21   73.9  81.9   2:24pm  66.9   3:48am    0    9  0.00   2  14  11:07am  SE 29.94   86
22   77.7  87.4   3:57pm  68.4   3:17am    0   12  0.00   3  17   3:22pm   S 30.01   81
23   76.2  87.6   5:52pm  69.3   6:53am    0   11  0.00   1  17  11:37am  NE 30.10   85
24   77.3  87.8   2:28pm  67.1   5:19am    0   12  0.00   5  22   3:05pm NNE 30.03   77
25   73.3  84.9   3:58pm  63.0   6:45am    0    8  0.00   4  15   2:35pm NNE 29.97   71
26   71.6  85.8   4:12pm  58.1   6:43am    1    8  0.00   2  11   9:14am  NE 29.93   72
27   74.9  89.6   3:30pm  63.5   6:26am    0   10  0.00   2  13  10:22am  SW 29.93   76
28   79.6  91.2   3:57pm  69.4   3:40am    0   14  0.00   5  22  11:00am  SW 29.91   78
29   76.7  85.6   4:42pm  67.5  10:27am    0   12  0.55   3  24   9:58am  NE 30.01   83
30   77.1  88.5   2:55pm  70.0   2:13am    0   12  0.00   2  11   9:54am   E 30.07   86
31   78.0  87.8   3:22pm  69.1   6:13am    0   13  0.00   4  14  10:11am ESE 30.05   69
---------------------------------------------------------------------------------------
TOT  75.9  98.6   8/4/08  58.1  8/26/08    4  340  4.87   3  25   8/7/08  NE 30.00   78

HEAT BASE: 65.0
COOL BASE: 65.0