NOAA style reports

NOAA-Style Climate Reports for Bentonville Arkansas (nwarwx.com)


Report for 2008 Sep
                  MONTHLY CLIMATOLOGICAL SUMMARY FOR 9/2008
                                        HEAT  COOL        
     MEAN                               DEG   DEG       WIND SPEED       DOM MEAN  MEAN
DAY  TEMP  HIGH   TIME     LOW   TIME   DAYS  DAYS RAIN AVG  HI  TIME    DIR BAROM HUM
---------------------------------------------------------------------------------------
1    79.2  89.2   3:48pm  70.5   2:00am    0   14  0.00   5  17   2:44pm   E 29.98   75
2    73.9  78.6  11:37am  70.9  10:26pm    0    9  0.67   7  21  11:30pm  NE 29.93   94
3    69.3  71.1   1:22am  66.0  11:59pm    0    4  3.46  11  31  12:01pm  NE 29.82  100
4    65.3  69.6   5:36pm  63.0   8:17am    0    1  0.43   2  19  12:11am   N 29.76   99
5    67.1  77.2   3:01pm  60.1   7:11am    1    3  0.00   4  19   4:07pm NNE 30.00   77
6    66.1  78.1   5:04pm  55.9   5:31am    2    3  0.16   2  13  12:08pm  NE 30.05   86
7    72.5  84.6   5:30pm  64.0   1:58am    0    7  0.10   1  16   4:42am WSW 30.09   83
8    73.3  81.7   1:50pm  65.3   6:36am    0    8  0.00   3  19  11:54am  SW 30.07   80
9    65.8  72.7   4:43pm  60.1   9:09am    1    2  0.00   6  17   1:00am  NE 30.10   92
10   69.5  74.8  12:42pm  65.7  12:00am    0    4  0.00   5  14  11:05am ESE 30.06   94
11   73.6  79.7   3:20pm  69.3   4:45am    0    8  0.92   4  13   9:03pm ESE 30.03   97
12   78.6  88.7   3:45pm  72.3   2:30am    0   14  0.08   5  22   7:34pm  SE 29.94   81
13   76.3  82.2   2:14pm  73.8   7:44am    0   11  1.03   5  22  10:49pm  SE 29.76   94
14   64.4  74.3  12:00am  51.8  11:57pm    2    2  1.77   6  38   1:35am WNW 29.90   82
15   57.2  70.3   5:08pm  46.8   6:53am    9    1  0.00   3  17  12:46pm NNE 30.23   75
16   58.5  74.7   4:18pm  43.9   7:04am    9    2  0.00   2  14  11:51am NNE 30.26   77
17   61.8  77.0   4:38pm  47.3   6:29am    7    3  0.00   2  17   3:02pm  NE 30.24   75
18   64.7  78.3   4:00pm  51.3   4:04am    4    4  0.00   2  13   1:16pm ESE 30.22   76
19   67.7  81.5   2:49pm  57.6   7:17am    3    5  0.00   2  16   2:59pm  NE 30.15   78
20   67.4  79.9   3:48pm  59.5   4:13am    1    4  0.00   2  13   2:28pm ESE 30.14   86
21   68.7  79.7   2:51pm  60.6   5:42am    1    5  0.00   3  13   5:58pm   E 30.19   83
22   69.6  81.3   3:46pm  59.7   5:02am    1    6  0.00   3  16   4:05pm ESE 30.23   78
23   69.8  81.5   3:40pm  61.2  11:58pm    1    5  0.00   2  15   1:17pm   E 30.24   73
24   69.0  83.1   2:14pm  58.1   4:06am    2    6  0.00   1  12  12:12pm  NE 30.27   77
25   68.6  84.4   3:32pm  57.9   4:57am    2    6  0.00   1  11   4:21pm  NE 30.24   78
26   66.7  82.2   4:01pm  54.1  11:36pm    4    5  0.00   2  14   2:16pm NNE 30.14   71
27   65.1  82.0   4:19pm  50.9   5:50am    5    5  0.00   1  13   4:57pm NNE 30.10   77
28   66.6  82.4   3:36pm  53.1   6:45am    4    5  0.00   1  11   1:59pm NNE 30.15   74
29   67.2  81.1   3:32pm  55.9   6:33am    3    5  0.00   4  22   1:49pm WSW 30.12   79
30   60.4  71.8   3:36pm  48.2  11:30pm    6    2  0.00   3  19   2:56pm NNE 30.15   71
---------------------------------------------------------------------------------------
TOT  68.1  89.2   9/1/08  43.9  9/16/08   68  160  8.62   3  38  9/14/08  NE 30.09   82

HEAT BASE: 65.0
COOL BASE: 65.0