NOAA-Style Climate Reports for Bentonville Arkansas (nwarwx.com)
Select data to display
Select a Year or Month report
Select a Year or Month report
Report for 2008 Oct
MONTHLY CLIMATOLOGICAL SUMMARY FOR 10/2008 HEAT COOL MEAN DEG DEG WIND SPEED DOM MEAN MEAN DAY TEMP HIGH TIME LOW TIME DAYS DAYS RAIN AVG HI TIME DIR BAROM HUM --------------------------------------------------------------------------------------- 1 60.4 77.7 4:09pm 44.4 5:31am 8 3 0.00 5 25 3:27pm WSW 30.06 68 2 54.8 69.6 4:03pm 42.3 6:07am 11 1 0.00 2 13 1:28pm NE 30.06 72 3 58.9 75.2 3:46pm 42.6 5:00am 8 2 0.00 2 13 11:52am ESE 30.04 71 4 64.4 76.1 4:18pm 56.3 12:36am 3 2 0.20 4 18 1:38pm ESE 30.09 76 5 68.2 78.8 2:37pm 58.8 3:08am 2 5 0.00 5 17 4:34pm SE 30.09 75 6 66.0 73.9 12:02pm 61.2 4:28am 0 1 0.36 6 22 12:10pm ESE 30.00 90 7 61.7 65.8 3:05am 55.8 9:26pm 3 0 0.08 6 22 10:32am WNW 29.97 99 8 57.1 72.1 5:03pm 43.9 7:42am 9 1 0.00 1 13 12:04am WNW 30.04 74 9 61.2 77.9 3:04pm 46.2 7:33am 7 4 0.00 2 11 1:13pm ESE 30.06 70 10 62.5 74.8 2:28pm 50.4 5:05am 5 2 0.00 3 20 1:30pm SSE 30.04 68 11 67.5 79.2 3:21pm 56.5 2:08am 2 5 0.00 4 20 11:13am SE 30.13 76 12 69.5 75.7 2:03pm 64.4 5:06am 0 4 0.00 6 22 12:13pm ESE 30.15 77 13 69.5 76.8 2:16pm 64.0 6:30am 0 5 0.00 5 19 9:35am SE 30.20 77 14 67.1 77.2 11:44am 60.4 7:26am 1 3 0.08 2 13 11:40am NE 30.20 97 15 64.1 74.3 10:58am 54.0 11:15pm 3 2 0.12 6 29 11:30am WNW 30.13 97 16 54.0 65.1 3:05pm 41.9 10:51pm 11 0 0.00 5 20 8:54am NE 30.27 69 17 52.1 70.3 3:48pm 36.9 6:37am 14 1 0.00 2 16 1:53pm WSW 30.23 72 18 53.8 68.0 4:32pm 41.5 7:14am 11 0 0.00 2 11 10:32am NNE 30.26 76 19 57.4 70.2 3:58pm 45.5 5:52am 8 1 0.00 4 18 1:59pm SSE 30.21 69 20 61.0 74.5 3:40pm 48.4 2:06am 6 2 0.00 3 23 11:36am SW 30.18 76 21 63.5 73.6 3:04pm 51.8 2:11am 4 2 0.00 4 15 11:26pm SE 30.16 81 22 58.4 70.5 1:55pm 46.6 11:57pm 7 1 0.84 8 30 1:40pm SE 30.02 79 23 48.6 58.8 2:44pm 38.8 6:15am 16 0 0.00 9 30 3:37pm SW 30.06 66 24 46.0 53.6 4:08pm 37.9 11:59pm 19 0 0.08 6 31 1:00am WSW 30.02 74 25 49.3 65.1 3:38pm 34.7 2:49am 15 0 0.04 5 21 2:05pm SW 30.05 72 26 55.0 70.0 1:07pm 43.0 6:22am 10 1 0.00 6 23 5:15pm WSW 30.15 54 27 39.6 48.9 3:01pm 28.8 11:33pm 25 0 0.00 4 22 12:09pm WNW 30.52 41 28 37.8 55.6 3:31pm 23.0 6:46am 27 0 0.00 1 12 3:32pm W 30.49 57 29 47.7 69.4 3:27pm 28.2 6:40am 18 1 0.00 3 16 12:39pm SW 30.29 58 30 58.0 74.3 3:00pm 41.0 6:11am 9 2 0.00 4 25 12:02pm SSW 30.28 59 31 61.5 69.8 4:45pm 55.4 4:53am 4 1 0.10 5 29 7:33am S 30.31 74 --------------------------------------------------------------------------------------- TOT 58.0 79.2 10/11/08 23.0 10/28/08 267 52 1.89 4 31 10/24/08 SE 30.15 73 HEAT BASE: 65.0 COOL BASE: 65.0