NOAA style reports

NOAA-Style Climate Reports for Bentonville Arkansas (nwarwx.com)


Report for 2008 Nov
                  MONTHLY CLIMATOLOGICAL SUMMARY FOR 11/2008
                                        HEAT  COOL        
     MEAN                               DEG   DEG       WIND SPEED       DOM MEAN  MEAN
DAY  TEMP  HIGH   TIME     LOW   TIME   DAYS  DAYS RAIN AVG  HI  TIME    DIR BAROM HUM
---------------------------------------------------------------------------------------
1    62.4  76.1   2:41pm  50.4   7:51am    5    3  0.00   3  16  11:08am  SW 30.27   79
2    62.9  75.9   2:35pm  52.0   5:43am    5    3  0.00   4  17   9:35am SSE 30.18   78
3    64.2  74.7   2:05pm  56.5  11:52pm    3    2  0.00   5  19  10:01am SSE 30.15   65
4    61.3  71.6   2:14pm  50.2   6:36am    5    1  0.00   6  23  11:48am SSE 30.08   58
5    65.2  70.7  10:45am  58.8   3:55am    2    2  0.00   9  30  10:12am   S 29.85   63
6    55.5  68.5  12:11am  45.0  10:24pm   10    0  1.10   9  51  12:58am   W 29.91   63
7    45.0  55.2   2:49pm  34.5   7:05am   20    0  0.00  10  39  11:54am WNW 29.97   52
8    38.4  45.9   3:59pm  29.8  11:59pm   27    0  0.00   8  34  10:58am WNW 30.01   61
9    37.9  53.4   2:55pm  25.3   4:33am   27    0  0.00   2  13  11:12am WSW 30.09   63
10   45.0  55.8  11:26am  38.8   3:02am   20    0  0.63   7  27  11:42am   E 30.06   76
11   52.1  56.1  12:13pm  46.0  12:00am   13    0  0.00   7  29   1:44am  SE 29.96   91
12   49.8  56.3   1:08pm  39.0  11:40pm   15    0  0.00   4  16   2:04am WNW 29.96   86
13   50.6  64.2   3:23pm  35.1   7:17am   14    0  0.00   6  22   1:16pm SSW 29.86   76
14   52.4  60.4  10:36am  43.3   8:12pm   13    0  0.08   7  23   4:27pm WNW 29.87   90
15   35.6  44.2  12:00am  25.3  11:55pm   29    0  0.00   7  31   1:23pm  NW 30.21   60
16   41.1  61.7   3:04pm  25.3  12:00am   23    0  0.00   6  25  11:35am  SW 30.20   60
17   43.3  55.0   1:35pm  34.0  11:59pm   22    0  0.00   5  20  12:10pm  NE 30.36   57
18   38.2  49.6   3:07pm  27.9   6:19am   26    0  0.00   4  13   1:30am  NE 30.46   50
19   50.1  68.4   3:23pm  37.9  12:00am   15    0  0.00   8  34   9:03am  SW 30.13   51
20   39.0  47.3   1:49pm  27.9  11:20pm   26    0  0.00   9  27   7:07am NNE 30.37   60
21   29.2  40.5   2:53pm  18.5   7:20am   35    0  0.00   4  19  12:47am NNE 30.53   47
22   36.0  49.6   2:31pm  25.3   6:01am   28    0  0.00   5  19  10:06am SSW 30.36   48
23   43.9  53.8  11:37pm  26.8   3:06am   21    0  0.04   5  21  11:22pm SSE 30.16   77
24   43.3  53.4   1:24am  29.7  10:16pm   22    0  0.00   6  21   2:17am   E 30.21   64
25   45.4  65.3   2:06pm  26.1   5:22am   19    0  0.00   4  18  11:14am SSW 30.16   51
26   49.0  66.2   2:01pm  34.2  11:47pm   16    0  0.00   2  17  10:28am  SW 30.03   50
27   47.4  66.4   2:29pm  29.1   6:31am   17    0  0.00   1  13  12:38pm NNE 30.06   59
28   49.1  58.1   2:54pm  42.6   5:26am   16    0  0.00   5  19   5:13am  NE 29.98   50
29   41.3  45.1  12:00am  34.3  11:56pm   23    0  0.00   6  21   9:56pm   W 29.76   71
30   33.4  36.1   2:43am  32.2   8:34am   30    0  0.01  10  28   1:36pm WNW 29.61   93
---------------------------------------------------------------------------------------
TOT  47.0  76.1  11/1/08  18.5 11/21/08  545   12  1.86   6 161  11/6/08 WNW 30.09   65

HEAT BASE: 65.0
COOL BASE: 65.0