NOAA style reports

NOAA-Style Climate Reports for Bentonville Arkansas (nwarwx.com)


Report for 2008 Dec
                  MONTHLY CLIMATOLOGICAL SUMMARY FOR 12/2008
                                        HEAT  COOL        
     MEAN                               DEG   DEG       WIND SPEED       DOM MEAN  MEAN
DAY  TEMP  HIGH   TIME     LOW   TIME   DAYS  DAYS RAIN AVG  HI  TIME    DIR BAROM HUM
---------------------------------------------------------------------------------------
1    32.8  38.7   2:32pm  23.4  11:58pm   32    0  0.00   7  24   2:55pm WNW 29.96   71
2    39.1  53.1   2:09pm  20.3   1:33am   25    0  0.00   7  27   1:36pm   S 30.02   55
3    44.3  60.1  10:55am  24.8  11:59pm   19    0  0.00  10  29   1:58pm   N 29.95   69
4    28.4  38.8   2:33pm  16.0   6:31am   30    0  0.00   6  25   1:47pm NNE 30.45   58
5    32.1  41.5   2:57pm  25.7   7:06am   29    0  0.00   6  19   3:26pm SSW 30.37   47
6     0.0  29.5   6:58am  29.5   6:58am    0    0  0.00   0   0   6:58am ---  0.00    0
7    45.8  55.8   2:06pm  29.3   6:59am   13    0  0.00   8  27   1:24pm  SW 30.10   49
8    52.8  58.3   4:18pm  42.1   1:00am   12    0  0.05  12  42   2:14pm   S 29.80   68
9    41.6  58.3  12:00am  26.2  11:48pm   23    0  0.83   4  53   1:14am   N 29.81   98
10   26.0  28.4   2:36pm  21.4  11:48pm   39    0  0.00   1  13   6:25pm   N 30.18   91
11   30.5  46.6   2:50pm  18.5   7:33am   34    0  0.00   3  15   3:34pm   N 30.10   73
12   36.0  48.4   3:08pm  23.2   6:46am   29    0  0.00   3  14  10:21pm  SE 30.22   70
13   49.9  55.9   1:26pm  39.9  12:00am   15    0  0.00  14  40   9:45am   S 29.86   55
14   53.4  67.3   2:59pm  21.0  11:41pm   12    0  0.20  12  38  12:31pm SSW 29.78   73
15   16.7  21.0  12:00am  14.0   7:06am   48    0  0.00   0   0  12:00am   N 30.44   61
16   25.4  29.5  11:15pm  19.2  12:00am   39    0  0.00   0   0  12:00am   N 30.19   83
17   31.1  35.4   4:32pm  27.0   5:31am   33    0  0.00   0   5   5:54pm  NE 30.18  100
18   46.3  58.8   8:45pm  34.3  12:00am   18    0  0.12   4  25  11:52pm   S 30.08  100
19   45.1  61.9   2:21am  32.7   7:34pm   20    0  0.04   9  38   2:18am   W 30.02   63
20   35.9  53.1   9:32am  15.3  11:48pm   29    0  0.00   7  29  10:45am  NW 29.98   67
21   13.4  20.5   2:35pm   6.1   7:27am   51    0  0.00   8  28   2:17pm  NW 30.44   55
22   17.0  28.0  11:53pm   5.5   6:26am   47    0  0.00   6  26  10:53pm  SE 30.39   45
23   38.9  51.6  11:20pm  28.0  12:00am   26    0  0.02  10  25   2:55am   S 29.91   75
24   37.6  52.5  12:37am  23.9  11:47pm   26    0  0.35   7  34   8:27am WNW 30.07   88
25   42.3  57.6   2:08pm  23.7  12:00am   22    0  0.00   8  23   7:22pm ESE 30.16   66
26   63.8  69.8   4:02pm  52.0  12:00am    3    2  0.00  13  35  11:04am   S 29.86   86
27   51.5  69.8   8:37am  27.5  11:58pm   14    1  0.98  14  43   7:09pm   W 29.83   88
28   33.7  48.7   3:41pm  23.7   5:54am   31    0  0.00   5  19   2:05pm  SW 30.21   68
29   41.1  61.7   3:31pm  25.2   6:24am   23    0  0.00   4  19  10:30am  SW 30.25   53
30   48.7  66.6   2:22pm  29.5   4:06am   16    0  0.00   9  35   1:34pm SSW 30.04   44
31   32.7  40.5   3:53pm  24.3   7:50am   32    0  0.00   7  21  10:59am NNE 30.34   46
---------------------------------------------------------------------------------------
TOT  37.8  69.8 12/26/08   5.5 12/22/08  794    3  2.59   7  53  12/9/08 SSW 30.10   69

HEAT BASE: 65.0
COOL BASE: 65.0