NOAA style reports

NOAA-Style Climate Reports for Bentonville Arkansas (nwarwx.com)


Report for 2009 Jan
                  MONTHLY CLIMATOLOGICAL SUMMARY FOR 1/2009
                                        HEAT  COOL        
     MEAN                               DEG   DEG       WIND SPEED       DOM MEAN  MEAN
DAY  TEMP  HIGH   TIME     LOW   TIME   DAYS  DAYS RAIN AVG  HI  TIME    DIR BAROM HUM
---------------------------------------------------------------------------------------
1    35.6  50.9   3:14pm  24.8   3:35am   29    0  0.00   5  25  11:50am SSE 29.95   48
2    44.8  62.6   2:50pm  28.0   1:16am   20    0  0.00   3  16   3:07pm ESE 29.84   74
3    61.3  73.6   2:41pm  43.0  11:59pm    6    2  0.00   9  36  10:58am SSW 29.69   74
4    30.0  43.0  12:00am  23.7  11:13pm   31    0  0.00   9  21   4:02pm NNE 30.26   52
5    29.8  35.1   1:52pm  24.1  12:00am   35    0  0.00   5  16   1:05am  NE 30.05   53
6    34.7  40.5   2:23pm  29.3  11:44pm   30    0  0.00   4  19   8:41pm WNW 29.62   88
7    38.4  50.0   2:25pm  27.9   3:49am   27    0  0.00   8  23   9:17am  SW 29.67   59
8    41.2  54.7   2:50pm  25.5   7:06am   24    0  0.00   3  20  12:27am NNE 29.93   52
9    53.0  61.7   2:14pm  39.2  12:59am   12    0  0.05   8  30  10:11pm   S 29.83   72
10   28.9  45.0  12:00am  20.1  11:46pm   30    0  0.00   7  27  12:27am  NW 30.16   70
11   36.0  50.0   3:00pm  18.1   2:18am   18    0  0.00   5  19   2:38pm  SW 30.21   59
12   41.5  58.8   2:30pm  26.1  12:41am   24    0  0.00   8  39   1:57pm WNW 30.08   55
13   23.7  32.7   3:20pm  12.9   7:58am   41    0  0.00   6  22  12:13am  NW 30.26   52
14   33.2  47.1   1:22pm  18.0  11:58pm   32    0  0.00  11  30   3:00am  SW 30.22   41
15   12.6  18.0  12:00am   8.8  10:31pm   52    0  0.00   7  22   1:25am NNE 30.64   52
16   20.9  31.3   3:48pm   8.1   1:39am   44    0  0.00   7  23  12:11pm SSW 30.51   49
17   36.4  51.4   1:36pm  24.4  12:35am   28    0  0.00   9  33  10:00am  SW 30.12   55
18   38.6  50.7   3:58pm  23.5   7:11am   26    0  0.00   7  27  12:01pm   W 29.99   58
19   35.5  47.7  12:37am  29.7   8:37am   29    0  0.00   8  27   2:39am   N 29.94   51
20   29.0  34.9  12:00am  20.7   9:13pm   36    0  0.00   6  28   1:34am   N 30.15   65
21   33.8  51.3   2:30pm  19.9  12:18am   31    0  0.00   6  29  11:37am  SW 30.04   63
22   45.5  70.2   2:26pm  21.9   5:58am   20    0  0.00   4  19   1:19pm   S 29.91   50
23   42.5  57.9  12:34pm  29.8  11:49pm   23    0  0.00   7  31   8:23pm NNE 30.04   50
24   25.6  33.6   2:26pm  18.0   7:18am   39    0  0.00   9  29   2:58am NNE 30.36   48
25   26.7  28.8   1:21pm  24.3  12:00am   38    0  0.00   7  16   1:41am  NE 30.20   47
26   27.0  30.2  11:24pm  25.3   5:30am   38    0  0.00   7  19   3:22pm  NE 30.22   67
27   25.8  31.6   9:28am  17.4  11:15pm   39    0  0.12   2  13   4:40am NNE 30.11  100
28   19.9  25.3   1:48pm  15.1   7:50am   45    0  0.00   0   0  12:00am   N 30.10   95
29   28.1  35.1   4:12pm  21.9  12:00am   37    0  0.08   0   0  12:00am   N 30.18  100
30   31.8  43.7   4:26pm  25.3   6:36am   33    0  0.55   1  19   1:52pm  SW 30.20   89
31   42.9  60.3   3:16pm  25.7   3:20am   22    0  1.02   6  22   3:07pm SSW 30.08   63
---------------------------------------------------------------------------------------
TOT  32.8  73.6   1/3/09   8.1  1/16/09  940    2  1.82   6  39  1/12/09 NNE 30.10   63

HEAT BASE: 65.0
COOL BASE: 65.0