NOAA style reports

NOAA-Style Climate Reports for Bentonville Arkansas (nwarwx.com)


Report for 2009 Feb
                  MONTHLY CLIMATOLOGICAL SUMMARY FOR 2/2009
                                        HEAT  COOL        
     MEAN                               DEG   DEG       WIND SPEED       DOM MEAN  MEAN
DAY  TEMP  HIGH   TIME     LOW   TIME   DAYS  DAYS RAIN AVG  HI  TIME    DIR BAROM HUM
----------------------------------------------------------------------------------------
1    47.5  57.9   1:57pm  37.4  11:56pm   17    0  0.00   8  23   3:34pm SSW 29.98   38
2    34.3  47.5   3:01pm  20.8   5:57am   31    0  0.00   3  18   2:04pm NNE 30.21   45
3    27.8  33.8   2:44pm  17.1  11:41pm   32    0  0.00   6  20   7:47am   N 30.31   45
4    25.6  38.5   3:46pm  11.8   6:04am   39    0  0.00   2  11  11:01am ESE 30.48   48
5    43.8  59.9   3:18pm  26.8   2:02am   21    0  0.00   9  31  10:52am SSW 30.28   49
6    56.4  64.4   2:26pm  49.5   7:10am    8    0  0.00  14  35   1:41pm SSW 30.09   66
7    61.7  65.8   4:03pm  58.3   2:44am    3    0  0.00  11  31   1:30am SSW 30.12   70
8    60.6  68.5   3:07pm  52.9   5:02am    5    0  0.00   5  19   3:53pm  SE 30.19   72
9    56.5  61.9   1:15am  51.6  11:52pm    8    0  0.18  12  45   9:01am   S 29.89   72
10   56.5  67.6   3:32pm  43.2   4:43am    8    0  0.72   8  56   9:51pm SSW 29.77   82
11   44.2  50.5  12:00am  32.2  11:44pm   20    0  0.67   9  35   7:42am WNW 29.81   97
12   46.7  63.1   3:08pm  31.6   1:03am   18    0  0.00   4  20  12:16pm SSW 30.12   65
13   51.0  62.4   3:59pm  34.9  11:58pm   14    0  0.00   8  29   8:39pm   E 29.96   59
14   39.1  49.5   3:14pm  32.0   7:34am   26    0  0.00   8  28   9:29am  NE 30.10   63
15   33.8  40.3   4:37pm  24.6  10:22pm   31    0  0.00   6  17  10:56am  NE 30.25   69
16   37.9  52.2   4:34pm  24.4  12:07am   27    0  0.00   6  19   2:34pm SSE 30.29   48
17   48.0  57.0  11:56pm  41.2  12:00am   17    0  0.12  11  31   2:58pm SSW 29.85   75
18   47.8  58.5  12:38am  30.7  11:51pm   17    0  0.00  11  30  12:00am WNW 29.81   64
19   30.1  40.6   3:49pm  22.6   6:57am   35    0  0.00   6  22  10:56am  NW 30.23   52
20   44.6  61.9   4:12pm  24.4  12:00am   20    0  0.00   9  30   1:14pm SSW 30.06   46
21   36.8  51.6   2:41am  22.8  11:54pm   28    0  0.00   9  29   3:40pm WNW 30.17   46
22   33.1  46.6   3:28pm  19.4   6:39am   32    0  0.00   3  17  12:48pm WSW 30.44   45
23   42.6  56.1   3:13pm  31.6   6:24am   22    0  0.00   7  17   1:33pm ESE 30.38   40
24   46.9  52.3  12:24pm  40.6   1:33am   18    0  0.00   8  22  10:03am ESE 30.07   51
25   57.2  72.0   1:49pm  41.5   4:05am    9    1  0.00   5  17   3:06pm   E 30.01   65
26   63.1  71.8   2:44pm  49.6  11:59pm    3    1  0.31   9  45   6:02pm   S 29.80   80
27   39.2  50.0   3:28pm  29.7   6:43am   26    0  0.00   9  23   1:10pm NNE 29.98   71
28   27.2  34.5   3:27am  16.9  11:54pm   38    0  0.00   8  33   7:27pm  NW 30.25   85
----------------------------------------------------------------------------------------
TOT  44.3  72.0  2/25/09  11.8   2/4/09  575    3  2.00   8  56  2/10/09 SSW 30.10   61

HEAT BASE: 65.0
COOL BASE: 65.0