NOAA style reports

NOAA-Style Climate Reports for Bentonville Arkansas (nwarwx.com)


Report for 2009 Mar
                  MONTHLY CLIMATOLOGICAL SUMMARY FOR 3/2009
                                        HEAT  COOL        
     MEAN                               DEG   DEG       WIND SPEED       DOM MEAN  MEAN
DAY  TEMP  HIGH   TIME     LOW   TIME   DAYS  DAYS RAIN AVG  HI  TIME    DIR BAROM HUM
---------------------------------------------------------------------------------------
1    24.0  36.7   3:59pm  13.5   6:54am   39    0  0.00   7  20   1:24am   N 30.46   59
2    32.6  47.7   3:22pm  17.6   4:12am   32    0  0.00   6  14   8:10am  NE 30.34   51
3    38.9  48.6   3:41pm  31.8   5:53am   26    0  0.00   8  21  11:29am ESE 30.24   41
4    50.3  63.9   2:20pm  35.6   3:03am   15    0  0.00   8  24   4:08pm SSE 30.07   58
5    64.7  72.3   2:10pm  56.7  12:00am    3    2  0.00  14  38   9:02am SSW 29.91   64
6    70.0  80.8   3:00pm  62.8  11:17pm    0    5  0.00  11  32   9:02am SSW 29.97   53
7    66.3  68.7  10:27am  62.8   7:11am    0    2  0.00  13  39   9:58am SSW 29.90   63
8    60.2  68.7   7:12am  41.4  11:57pm    5    1  0.04  12  47   8:06am   W 29.91   53
9    61.1  75.0   1:39pm  40.6   1:07am    8    4  0.00   8  25   1:43pm   S 29.97   51
10   60.7  73.6   2:17pm  34.3  11:45pm    7    3  0.04  12  33   4:09am SSW 29.91   68
11   33.9  41.9   5:37pm  28.4   7:33am   31    0  0.00  10  26   9:27pm NNE 30.41   52
12   35.4  38.8   5:26pm  33.3   6:26am   30    0  0.00   9  24  11:41am ENE 30.39   54
13   41.4  50.4   1:59pm  34.2   7:23am   24    0  0.00   7  17   1:28pm  NE 30.23   51
14   43.2  47.8   4:53pm  38.7   4:31am   22    0  0.06   4  13   1:15pm  NE 30.05   67
15   49.2  58.3   5:26pm  41.0  11:53pm   16    0  0.00   3  17   2:00pm SSW 30.02   84
16   55.2  71.4   5:24pm  39.6  12:44am   11    1  0.00   2  13   2:22am SSW 30.15   70
17   60.4  78.3   3:21pm  41.4   7:05am    8    4  0.00   5  22   1:02pm   S 30.13   59
18   64.3  79.3   3:49pm  47.1   7:00am    5    4  0.00   6  26  12:37pm  SW 30.06   45
19   52.8  60.4  12:00am  42.3  11:59pm   12    0  0.00   8  31   8:15am  NE 30.25   58
20   53.7  65.1   4:31pm  40.5  12:15am   11    0  0.00   7  24  11:19am ENE 30.26   39
21   52.3  58.3   3:23pm  45.3   2:46am   13    0  1.19   6  19   1:01pm  SE 30.23   77
22   62.1  74.3   3:26pm  48.9   7:11am    5    2  0.00   8  26   2:27pm  SE 30.13   51
23   66.4  68.7  10:53pm  62.8   7:36am    0    2  0.00  13  42   3:04pm SSE 29.86   52
24   60.2  68.0  12:28am  45.3  11:29pm    6    1  0.59  13  43  11:42am   W 29.77   60
25   47.8  58.8   3:09pm  36.9   7:15am   17    0  0.00   4  17   5:21pm   W 29.90   51
26   51.9  65.1   1:52pm  39.2   6:01am   13    0  0.18   5  31   6:04pm ENE 29.77   77
27   50.9  57.6   2:37pm  45.7   9:19pm   14    0  0.63  10  29   5:13pm  NE 29.71   90
28   38.5  49.8   4:45am  32.9  10:01am   27    0  0.51  10  29   8:17pm  SW 29.51  100
29   44.0  59.2   5:25pm  29.7   7:23am   21    0  0.08   3  16   4:01pm ESE 29.87   67
30   57.8  66.0   5:19pm  47.3   1:29am    7    0  0.00  10  32  12:54pm  SE 29.73   40
31   47.7  61.3  12:02am  38.7   8:47am   14    0  0.38  15  46  12:07am   W 29.77   64
---------------------------------------------------------------------------------------
TOT  51.6  80.8   3/6/09  13.5   3/1/09  442   30  3.70   8  47  3/26/09 SSW 30.03   60

HEAT BASE: 65.0
COOL BASE: 65.0