NOAA style reports

NOAA-Style Climate Reports for Bentonville Arkansas (nwarwx.com)


Report for 2009 Apr
                  MONTHLY CLIMATOLOGICAL SUMMARY FOR 4/2009
                                        HEAT  COOL        
     MEAN                               DEG   DEG       WIND SPEED       DOM MEAN  MEAN
DAY  TEMP  HIGH   TIME     LOW   TIME   DAYS  DAYS RAIN AVG  HI  TIME    DIR BAROM HUM
---------------------------------------------------------------------------------------
1    53.9  68.5   4:47pm  35.1   5:09am   11    0  0.00   7  31  11:08am SSE 29.73   37
2    51.1  60.6  12:44pm  39.9  11:12pm   14    0  0.24   7  23  12:17am   E 29.55   68
3    47.3  64.2   5:49pm  29.3   7:20am   15    0  0.00   4  16   3:26pm ESE 29.82   65
4    61.8  74.1   5:40pm  49.5   3:28am    5    2  0.00  10  38  11:00am  SE 29.74   45
5    45.4  63.9  12:00am  37.6  11:51pm   20    0  0.08  14  42   1:53pm   W 29.88   66
6    37.0  43.3   2:42pm  30.7   7:34am   28    0  0.00   8  40   2:34pm WNW 30.18   50
7    42.2  56.5   5:22pm  27.0   7:04am   21    0  0.00   8  23   4:19pm WNW 30.11   44
8    55.1  74.5   4:11pm  33.8   6:42am   12    2  0.00   4  18   2:25pm  NE 29.86   40
9    58.8  68.2   4:39pm  52.9   7:26pm    6    0  0.35   9  61   7:11pm ENE 29.59   58
10   45.6  57.9   1:38am  35.6  11:59pm   19    0  0.05  11  40   4:50am   W 29.85   89
11   49.6  65.7   4:16pm  30.2   6:04am   15    0  0.00   5  18  10:14pm ENE 30.16   63
12   47.3  55.9  12:05am  43.5   9:41am   18    0  1.53   8  35  12:26pm   E 29.92   85
13   45.3  47.5   5:02am  42.1  12:38pm   20    0  0.00  10  29  10:41am   W 29.81   91
14   50.0  64.8   4:24pm  36.7   6:16am   15    0  0.00   5  23   3:23pm WNW 29.99   64
15   56.4  70.7   5:05pm  41.2   2:02am   10    1  0.00   5  15   5:51pm ENE 30.09   58
16   58.7  68.4   3:41pm  50.7   6:36am    7    0  0.00   8  20   9:27am ENE 30.16   53
17   60.5  70.3   3:17pm  50.0   7:12am    6    1  0.00   7  20   1:18am   E 30.14   60
18   62.3  66.6  10:59am  55.4  11:58pm    3    0  1.46   5  21   5:30pm  SE 29.98   82
19   54.0  60.1   1:40pm  48.9  11:59pm   11    0  0.63   7  46  12:12am WNW 29.91   89
20   57.1  72.3   4:19pm  39.4   6:48am    9    1  0.00   7  38   3:43pm WNW 30.00   56
21   56.9  68.5   3:37pm  44.1   2:27am    9    1  0.00   5  25   4:20pm WNW 30.00   40
22   67.6  87.1   5:19pm  45.9   5:21am    5    8  0.00   2  13  12:01pm  SW 29.92   45
23   75.3  85.3   4:20pm  67.1   3:49am    0   10  0.00   9  31  11:02am SSW 29.85   36
24   72.3  80.2   5:18pm  65.1   7:09am    0    7  0.00  12  34  10:56am SSW 29.95   54
25   71.2  77.7   5:05pm  66.0   6:47am    0    6  0.00  10  32  11:19am   S 30.01   66
26   72.5  79.9   3:30pm  68.0   5:09am    0    8  0.00  10  32   5:54pm SSE 29.98   62
27   67.6  71.4  12:11pm  60.6  11:36pm    0    3  0.24   8  32   2:23am SSW 30.02   80
28   63.8  77.0   5:08pm  54.1   6:39am    4    2  0.00   5  18   7:21pm NNE 30.19   87
29   66.0  73.8  11:26am  59.9  11:58pm    1    2  0.18   5  31   4:12pm  SE 30.06   92
30   63.5  69.3   1:45pm  58.6   1:45am    2    1  0.08   5  23   5:15pm  SW 29.98   96
---------------------------------------------------------------------------------------
TOT  57.3  87.1  4/22/09  27.0   4/7/09  285   57  4.83   7  61   4/9/09 SSW 29.94   64

HEAT BASE: 65.0
COOL BASE: 65.0