NOAA style reports

NOAA-Style Climate Reports for Bentonville Arkansas (nwarwx.com)


Report for 2009 May
                  MONTHLY CLIMATOLOGICAL SUMMARY FOR 5/2009
                                        HEAT  COOL        
     MEAN                               DEG   DEG       WIND SPEED       DOM MEAN  MEAN
DAY  TEMP  HIGH   TIME     LOW   TIME   DAYS  DAYS RAIN AVG  HI  TIME    DIR BAROM HUM
---------------------------------------------------------------------------------------
1    63.1  69.4  10:01am  53.1  11:48pm    3    1  0.72   5  23   9:38am NNE 29.99  100
2    52.8  56.1   2:28pm  50.9   4:53am   12    0  0.57   7  23   4:37am  NE 29.96  100
3    53.8  55.9   1:23pm  52.5   2:28am   11    0  1.38   7  20  10:29am  NE 29.88  100
4    56.2  62.2   1:47pm  52.0   2:37am    9    0  0.00   3  13   8:54am  NE 29.99   92
5    57.5  62.8   1:02pm  50.2   5:22am    7    0  0.28   2  18   4:48pm ESE 29.95   99
6    65.4  75.6   4:53pm  58.1   5:46am    2    3  0.04   4  19   5:58pm  SW 29.83   87
7    71.6  84.2   3:32pm  57.6   4:58am    2    8  0.00   4  22   3:33pm SSW 29.86   81
8    68.5  73.6   7:04am  62.6   8:44am    0    4  1.42   4  26   8:13am NNE 29.75   99
9    63.7  70.5   4:46pm  57.4  11:21pm    2    1  0.00   5  18   5:04pm NNE 30.05   58
10   58.8  65.5   4:10pm  52.5   3:24am    6    0  0.00   6  20   9:22pm  NE 30.13   75
11   58.9  69.3   5:27pm  48.0   4:49am    7    1  0.00   5  19   3:13pm  NE 30.16   68
12   62.6  71.1  11:57am  56.3   6:35am    3    1  0.55   6  23   5:01pm ESE 30.00   82
13   73.9  83.7   4:10pm  61.2  11:59pm    0    9  0.83  11  33  11:41pm SSW 29.79   74
14   67.8  77.2   4:50pm  60.4  12:10am    1    4  0.04   3  16  12:00am  SE 30.06   81
15   73.5  83.3   4:38pm  62.4  11:58pm    0    8  0.12   8  31   3:12pm SSW 29.98   74
16   61.2  66.2   3:06pm  48.9  11:49pm    4    0  0.28   7  24   3:13pm NNE 30.16   73
17   55.7  69.8   4:40pm  41.4   6:21am   10    1  0.00   4  18   9:47am NNE 30.29   53
18   60.4  74.7   5:19pm  44.4   2:53am    7    2  0.00   3  14  12:39pm ESE 30.26   52
19   65.2  80.2   5:31pm  48.4   6:35am    5    5  0.00   3  13   3:49pm   S 30.24   55
20   66.2  78.4   4:32pm  49.3   6:21am    3    4  0.00   4  20  10:38am   S 30.16   52
21   69.3  81.5   4:23pm  50.5   6:07am    3    7  0.00   3  15   2:49pm   E 30.11   59
22   72.1  84.4   3:46pm  56.8   5:43am    2    9  0.00   4  21   4:43pm  NE 30.09   64
23   69.2  82.4   3:09pm  59.7   5:37am    1    5  0.31   3  27   5:02pm  NE 30.03   82
24   67.0  75.7  12:02pm  60.6   5:15am    1    3  0.30   4  19   1:01pm NNE 29.92   93
25   68.6  74.7   6:01pm  64.8  11:56pm    0    4  0.20   4  17   4:06pm   N 29.73   95
26   71.8  81.3   4:29pm  62.8   2:04am    0    7  0.00   4  25  12:58pm WSW 29.75   82
27   64.2  69.3  11:55am  58.3  11:51pm    2    1  0.00   7  24   5:44pm   W 29.81   93
28   60.2  66.7   7:02pm  54.9  11:41pm    5    0  0.04   4  17   8:13am WNW 29.92   94
29   65.8  81.7   3:50pm  48.4   5:09am    5    6  0.00   2  15  10:25am WNW 30.03   71
30   71.9  85.8   3:50pm  57.9   3:00am    2    9  0.00   6  21  11:08am  SW 29.99   61
31   73.8  87.4   4:05pm  57.4   6:12am    1   10  0.00   4  19   2:10pm  SW 29.97   60
---------------------------------------------------------------------------------------
TOT  64.9  87.4  5/31/09  41.4  5/17/09  116  111  7.06   5  33  5/13/09 NNE 30.00   78

HEAT BASE: 65.0
COOL BASE: 65.0