NOAA style reports

NOAA-Style Climate Reports for Bentonville Arkansas (nwarwx.com)


Report for 2009 Jun
                  MONTHLY CLIMATOLOGICAL SUMMARY FOR 6/2009
                                        HEAT  COOL        
     MEAN                               DEG   DEG       WIND SPEED       DOM MEAN  MEAN
DAY  TEMP  HIGH   TIME     LOW   TIME   DAYS  DAYS RAIN AVG  HI  TIME    DIR BAROM HUM
---------------------------------------------------------------------------------------
1    74.0  85.3   3:33pm  60.1   4:31am    1   10  0.00   5  23  11:50am SSW 29.96   59
2    72.9  81.9   4:36pm  64.9   1:25am    0    8  0.00   4  22  10:27am  SW 29.97   69
3    65.6  70.7  11:18am  61.7   8:40pm    1    1  0.39   6  21   8:39pm NNE 29.98   95
4    65.3  75.2   3:26pm  55.6  11:53pm    3    3  0.00   7  23  11:23am NNE 30.02   66
5    66.9  81.1   4:21pm  50.4   5:57am    4    6  0.00   2  11   2:33pm ESE 30.01   66
6    70.6  81.3   3:35pm  60.6   1:36am    1    6  0.00   6  23   4:33pm SSE 29.90   65
7    75.5  84.9  12:32pm  67.8   3:50am    0   11  0.00   8  24   3:31pm   S 29.82   64
8    76.2  82.8   1:18pm  69.1   6:01am    0   11  0.00   6  27  12:39pm  SW 29.87   74
9    78.2  87.8   5:05pm  65.3  11:40pm    0   13  0.91   6  34  10:31pm SSW 29.90   73
10   73.9  85.6   1:45pm  65.3  12:24am    0    9  0.16   6  25   1:02pm  SW 29.84   87
11   71.3  81.3   5:00pm  62.1   5:17am    0    7  0.04   4  20  12:45pm   W 29.83   82
12   69.8  77.7   5:47pm  63.9  12:31pm    0    5  0.71   4  37  12:04pm  NE 29.89   93
13   76.6  88.9   4:45pm  63.9   4:58am    0   12  0.00   3  16   1:15pm NNE 29.97   74
14   73.3  81.9   3:31pm  68.5   6:38am    0    8  0.47   4  19   2:56am  SW 29.98   87
15   79.5  88.9   4:35pm  70.9   2:24am    0   14  0.00   5  20   5:22pm  SW 29.90   76
16   77.6  87.4   5:12pm  64.9   8:31am    0   13  1.46   7  29   8:04am  SW 29.88   79
17   81.3  90.0   3:11pm  73.0   3:54am    0   16  0.00   6  23   1:39pm SSW 29.94   67
18   81.4  89.2   2:51pm  73.6   2:33am    0   16  0.00   8  26   9:52am  SW 29.90   69
19   81.6  88.3   3:56pm  75.4   2:55am    0   17  0.00   9  31   9:34am  SW 29.87   70
20   82.7  90.7   4:13pm  75.6   6:22am    0   18  0.00   6  21   1:58pm  SW 29.90   66
21   82.4  90.9   4:40pm  74.1   3:14am    0   17  0.00   6  25  11:10am SSW 29.88   62
22   83.9  94.6   4:11pm  73.0   5:34am    0   19  0.00   5  20   9:19am  SW 29.87   64
23   84.0  97.3   5:08pm  72.0   6:15am    0   19  0.00   2  17   7:44pm NNE 29.92   70
24   83.2  97.3   4:45pm  70.7   6:03am    0   18  0.00   3  22   8:14pm NNE 29.96   67
25   82.7  95.7   4:03pm  69.4   5:51am    0   18  0.00   2  16  10:32am  SW 29.95   71
26   84.1  96.3   4:39pm  71.8   5:49am    0   19  0.00   2  16   2:02pm   W 29.90   69
27   84.5  95.7   5:43pm  72.3   6:04am    0   19  0.00   3  17  11:28am WSW 29.90   70
28   78.9  88.5   4:32pm  65.5  11:51pm    0   14  0.01   5  23   1:14pm NNE 29.97   69
29   76.5  91.0   4:02pm  61.0   6:10am    1   12  0.00   2  17   2:38pm WNW 29.90   65
30   80.2  93.0   3:40pm  68.9   3:04am    0   15  0.00   5  27   2:59pm  SW 29.82   62
---------------------------------------------------------------------------------------
TOT  77.2  97.3  6/23/09  50.4   6/5/09   10  375  4.14   5  37  6/12/09  SW 29.91   72

HEAT BASE: 65.0
COOL BASE: 65.0