NOAA-Style Climate Reports for Bentonville Arkansas (nwarwx.com)
Select data to display
Select a Year or Month report
Select a Year or Month report
Report for 2009 Jul
MONTHLY CLIMATOLOGICAL SUMMARY FOR 7/2009 HEAT COOL MEAN DEG DEG WIND SPEED DOM MEAN MEAN DAY TEMP HIGH TIME LOW TIME DAYS DAYS RAIN AVG HI TIME DIR BAROM HUM --------------------------------------------------------------------------------------- 1 74.3 86.5 4:49pm 60.3 6:22am 1 10 0.00 2 14 3:49pm NNE 29.90 62 2 73.4 88.0 5:32pm 61.7 6:07am 0 9 0.00 1 11 3:20pm WNW 30.03 74 3 76.1 86.7 5:07pm 67.6 12:00am 0 11 0.31 4 16 5:18pm ESE 30.08 78 4 78.3 84.2 5:47pm 70.5 12:34pm 0 13 0.63 6 23 11:17am SW 29.94 77 5 73.9 80.4 3:37pm 65.8 11:56pm 0 9 0.01 4 18 5:13pm N 29.94 87 6 72.0 83.7 3:45pm 62.1 5:05am 0 8 0.00 3 14 11:53am NNE 29.96 77 7 73.5 86.9 3:44pm 60.8 5:09am 1 9 0.00 1 11 3:05pm SW 29.91 72 8 76.6 87.1 5:22pm 64.8 6:08am 0 12 0.00 3 16 2:27pm SW 29.91 74 9 81.0 91.8 4:15pm 70.3 5:45am 0 16 0.00 4 14 10:43am SSE 29.98 69 10 85.3 94.1 4:47pm 75.7 6:40am 0 19 0.00 7 25 3:56pm SSE 30.03 66 11 85.6 96.1 3:34pm 79.7 6:10am 0 21 0.00 6 24 12:35pm SW 30.06 65 12 84.9 97.0 5:27pm 74.8 6:15am 0 20 0.00 5 25 11:46am SW 30.04 61 13 80.6 92.7 2:03pm 71.1 7:38am 0 16 0.05 4 18 4:17am NE 29.98 79 14 82.3 91.6 4:45pm 75.2 5:58am 0 17 0.00 7 20 6:23pm ESE 29.96 75 15 85.7 96.8 4:19pm 76.8 5:56am 0 21 0.02 6 23 9:31am SW 30.02 66 16 79.2 90.3 3:51pm 73.4 11:51pm 0 14 0.00 3 18 4:23pm NNE 30.02 78 17 72.0 81.0 5:20pm 61.3 11:47pm 0 7 0.00 5 23 3:20pm NNE 30.09 61 18 68.9 81.9 4:46pm 53.4 5:56am 3 7 0.00 2 16 3:55pm NNE 30.14 66 19 73.1 86.0 4:53pm 58.3 5:05am 1 9 0.00 3 16 1:27pm NNE 30.12 58 20 73.4 87.8 3:04pm 66.4 3:31am 0 8 0.45 4 30 3:00pm ESE 29.97 77 21 22 73.5 82.9 5:11pm 62.6 11:57pm 0 7 0.00 4 20 5:05pm N 30.03 67 23 72.8 86.2 4:15pm 59.2 4:56am 1 9 0.00 3 19 3:20pm WSW 30.05 68 24 77.2 90.3 4:40pm 62.1 6:32am 0 12 0.00 6 24 12:50pm SW 29.98 61 25 79.0 89.1 6:33pm 70.7 10:48am 0 21 0.00 2 11 12:49pm SW 29.96 86 26 78.6 89.6 4:54pm 68.4 6:25am 0 14 0.00 2 13 12:50pm NNE 30.00 68 27 74.2 85.1 12:43pm 66.9 11:01pm 0 9 0.01 3 15 4:40pm SW 29.98 82 28 75.2 86.9 5:22pm 65.7 5:24am 0 10 0.00 3 18 8:37pm NNE 29.89 79 29 74.6 83.5 4:57pm 66.4 6:34am 0 10 0.00 2 11 3:26pm NNE 29.88 85 30 71.2 77.2 7:06pm 65.5 9:51pm 0 6 0.09 2 17 9:50am NNE 29.91 96 31 71.4 82.8 4:36pm 57.9 6:35am 1 8 0.00 1 13 12:44pm NNE 30.06 67 --------------------------------------------------------------------------------------- TOT 76.4 97.0 7/12/09 53.4 7/18/09 9 361 2.77 4 30 7/20/09 NNE 29.99 73 HEAT BASE: 65.0 COOL BASE: 65.0